000
CXUS53 KGID 010930
CF6GRI
PRELIMINARY LOCAL CLIMATOLOGICAL DATA (WS FORM: F-6)
STATION: GRAND ISLAND NE
MONTH: FEBRUARY
YEAR: 2023
LATITUDE: 40 58 N
LONGITUDE: 98 19 W
TEMPERATURE IN F: :PCPN: SNOW: WIND :SUNSHINE: SKY :PK WND
================================================================================
1 2 3 4 5 6A 6B 7 8 9 10 11 12 13 14 15 16 17 18
12Z AVG MX 2MIN
DY MAX MIN AVG DEP HDD CDD WTR SNW DPTH SPD SPD DIR MIN PSBL S-S WX SPD DR
================================================================================
1 34 9 22 -5 43 0 0.00 0.0 4 9.8 18 250 M M 0 23 250
2 30 5 18 -9 47 0 0.00 0.0 4 11.2 30 10 M M 0 39 10
3 30 4 17 -10 48 0 0.00 0.0 4 10.9 20 210 M M 2 29 210
4 49 21 35 8 30 0 0.00 0.0 4 9.4 15 310 M M 0 19 320
5 50 25 38 11 27 0 0.00 0.0 3 6.7 12 150 M M 0 17 150
6 46 29 38 10 27 0 0.00 0.0 3 11.0 24 330 M M 3 33 330
7 49 26 38 10 27 0 0.00 0.0 1 9.2 16 320 M M 0 21 320
8 50 24 37 9 28 0 0.00 0.0 0 6.1 14 220 M M 0 19 220
9 37 25 31 3 34 0 0.00 0.0 0 21.1 36 350 M M 5 48 330
10 43 16 30 2 35 0 0.00 0.0 0 9.7 16 210 M M 0 22 230
11 51 28 40 12 25 0 0.00 0.0 0 13.8 22 240 M M 0 28 210
12 47 23 35 6 30 0 0.00 0.0 0 8.8 18 360 M M 0 23 360
13 59 25 42 13 23 0 0.00 0.0 0 12.6 26 220 M M 0 34 220
14 48 34 41 12 24 0 0.15 0.2 0 16.4 39 330 M M 8 12 52 330
15 34 19 27 -3 38 0 T T 0 20.6 32 320 M M 10 8 41 330
16 32 16 24 -6 41 0 0.12 1.7 1 13.7 25 350 M M 5 1 34 340
17 43 13 28 -2 37 0 0.00 0.0 1 12.5 25 220 M M 0 32 210
18 49 23 36 6 29 0 0.00 0.0 0 10.3 30 210 M M 0 40 220
19 50 25 38 7 27 0 0.00 0.0 0 7.0 15 250 M M 0 20 240
20 53 30 42 11 23 0 0.00 0.0 0 10.5 18 300 M M 1 29 290
21 58 27 43 12 22 0 0.00 0.0 0 10.7 23 150 M M 3 30 140
22 35 6 21 -11 44 0 0.05 0.9 0 22.4 33 20 M M 9 1 44 20
23 13 -2 6 -26 59 0 T T 1 17.0 30 320 M M 2 8 37 330
24 14 -1 7 -25 58 0 0.11 2.2 2 6.2 16 20 M M 6 18 22 10
25 47 7 27 -6 38 0 0.00 0.0 2 10.3 30 220 M M 0 18 39 230
26 57 25 41 8 24 0 0.43 0.0 0 9.3 23 160 M M 2 13 31 160
27 57 30 44 10 21 0 0.01 0.0 0 15.8 30 320 M M 2 1 41 320
28 45 28 37 3 28 0 0.01 T 0 6.3 15 130 M M 4 8 20 130
================================================================================
SM 1210 540 937 0 0.88 5.0 329.3 M 62
================================================================================
AV 43.2 19.3 11.8 FASTST M M 2 MAX(MPH)
MISC ----> 39 330 52 330
================================================================================
NOTES:
# LAST OF SEVERAL OCCURRENCES
COLUMN 17 PEAK WIND IN M.P.H.
PRELIMINARY LOCAL CLIMATOLOGICAL DATA (WS FORM: F-6) , PAGE 2
STATION: GRAND ISLAND NE
MONTH: FEBRUARY
YEAR: 2023
LATITUDE: 40 58 N
LONGITUDE: 98 19 W
[TEMPERATURE DATA] [PRECIPITATION DATA] SYMBOLS USED IN COLUMN 16
AVERAGE MONTHLY: 31.3 TOTAL FOR MONTH: 0.88 1 = FOG OR MIST
DPTR FM NORMAL: 1.5 DPTR FM NORMAL: 0.14 2 = FOG REDUCING VISIBILITY
HIGHEST: 59 ON 13 GRTST 24HR 0.44 ON 26-27 TO 1/4 MILE OR LESS
LOWEST: -2 ON 23 3 = THUNDER
SNOW, ICE PELLETS, HAIL 4 = ICE PELLETS
TOTAL MONTH: 5.0 INCHES 5 = HAIL
GRTST 24HR 2.2 ON 24-24 6 = FREEZING RAIN OR DRIZZLE
GRTST DEPTH: 4 ON 4, 3 7 = DUSTSTORM OR SANDSTORM:
VSBY 1/2 MILE OR LESS
8 = SMOKE OR HAZE
[NO. OF DAYS WITH] [WEATHER - DAYS WITH] 9 = BLOWING SNOW
X = TORNADO
MAX 32 OR BELOW: 5 0.01 INCH OR MORE: 7
MAX 90 OR ABOVE: 0 0.10 INCH OR MORE: 4
MIN 32 OR BELOW: 27 0.50 INCH OR MORE: 0
MIN 0 OR BELOW: 2 1.00 INCH OR MORE: 0
[HDD (BASE 65) ]
TOTAL THIS MO. 937 CLEAR (SCALE 0-3) 21
DPTR FM NORMAL -50 PTCLDY (SCALE 4-7) 5
TOTAL FM JUL 1 4473 CLOUDY (SCALE 8-10) 2
DPTR FM NORMAL -81
[CDD (BASE 65) ]
TOTAL THIS MO. 0
DPTR FM NORMAL 0 [PRESSURE DATA]
TOTAL FM JAN 1 0 HIGHEST SLP 30.77 ON 24
DPTR FM NORMAL 0 LOWEST SLP 29.15 ON 14
[REMARKS]
#FINAL-02-23#