000
CXUS53 KGID 020343 AAA
CF6GRI
PRELIMINARY LOCAL CLIMATOLOGICAL DATA (WS FORM: F-6)
STATION: GRAND ISLAND NE
MONTH: DECEMBER
YEAR: 2021
LATITUDE: 40 58 N
LONGITUDE: 98 19 W
TEMPERATURE IN F: :PCPN: SNOW: WIND :SUNSHINE: SKY :PK WND
================================================================================
1 2 3 4 5 6A 6B 7 8 9 10 11 12 13 14 15 16 17 18
12Z AVG MX 2MIN
DY MAX MIN AVG DEP HDD CDD WTR SNW DPTH SPD SPD DIR MIN PSBL S-S WX SPD DR
================================================================================
1 69 35 52 19 13 0 0.00 0.0 0 12.2 25 260 M M 0 33 250
2 73 38 56 23 9 0 0.00 0.0 0 8.1 16 240 M M 0 24 230
3 59 33 46 14 19 0 0.00 0.0 0 11.9 21 10 M M 0 27 10
4 39 28 34 2 31 0 0.00 0.0 0 9.5 18 160 M M 5 18 26 160
5 56 29 43 11 22 0 0.00 0.0 0 17.9 37 330 M M 1 52 340
6 29 16 23 -8 42 0 0.00 0.0 0 12.2 28 320 M M 3 36 330
7 43 24 34 3 31 0 0.00 0.0 0 10.4 29 180 M M 3 40 190
8 55 21 38 7 27 0 0.00 0.0 0 9.4 21 170 M M 1 33 170
9 57 37 47 17 18 0 0.00 0.0 0 11.1 24 340 M M 0 32 340
10 40 28 34 4 31 0 0.19 2.2 0 18.3 30 330 M M 8 18 43 340
11 39 18 29 -1 36 0 0.00 0.0 2 13.8 22 250 M M 1 29 210
12 53 29 41 11 24 0 0.00 0.0 T 11.4 20 220 M M 0 28 210
13 58 25 42 13 23 0 0.00 0.0 0 5.5 12 360 M M 0 15 290
14 58 24 41 12 24 0 0.00 0.0 0 6.1 14 170 M M 0 18 170
15 69 28 49 20 16 0 0.15 T 0 21.6 54 230 M M 3 138 85 230
16 45 24 35 7 30 0 0.00 0.0 0 8.7 17 310 M M 0 25 320
17 42 25 34 6 31 0 0.00 0.0 0 9.3 25 340 M M 1 33 350
18 27 13 20 -8 45 0 0.00 0.0 0 11.5 29 330 M M 4 39 330
19 44 13 29 1 36 0 0.00 0.0 0 14.5 25 190 M M 0 37 190
20 35 16 26 -2 39 0 0.00 0.0 0 11.7 29 360 M M 0 36 360
21 49 16 33 6 32 0 0.00 0.0 0 11.9 25 350 M M 0 33 330
22 59 25 42 15 23 0 0.00 0.0 0 12.5 23 230 M M 0 31 230
23 61 28 45 18 20 0 0.00 0.0 0 8.5 21 230 M M 0 27 230
24 64 28 46 19 19 0 0.00 0.0 0 9.9 18 360 M M 2 24 200
25 58 20 39 12 26 0 0.00 0.0 0 7.3 18 250 M M 1 23 250
26 54 21 38 11 27 0 0.00 0.0 0 9.5 21 130 M M 2 1 27 130
27 37 21 29 3 36 0 0.00 0.0 0 9.0 17 150 M M 0 25 160
28 34 9 22 -4 43 0 0.00 0.0 0 11.3 29 330 M M 0 36 340
29 27 10 19 -7 46 0 0.00 0.0 0 5.1 10 80 M M 1 13 80
30 43 13 28 2 37 0 0.00 0.0 0 9.4 22 190 M M 0 31 220
31 26 6 16 -10 49 0 T T 0 16.1 29 10 M M 6 18 39 10
================================================================================
SM 1502 701 905 0 0.34 2.2 345.6 M 42
================================================================================
AV 48.5 22.6 11.1 FASTST M M 1 MAX(MPH)
MISC ----> 54 230 85 230
================================================================================
NOTES:
# LAST OF SEVERAL OCCURRENCES
COLUMN 17 PEAK WIND IN M.P.H.
PRELIMINARY LOCAL CLIMATOLOGICAL DATA (WS FORM: F-6) , PAGE 2
STATION: GRAND ISLAND NE
MONTH: DECEMBER
YEAR: 2021
LATITUDE: 40 58 N
LONGITUDE: 98 19 W
[TEMPERATURE DATA] [PRECIPITATION DATA] SYMBOLS USED IN COLUMN 16
AVERAGE MONTHLY: 35.5 TOTAL FOR MONTH: 0.34 1 = FOG OR MIST
DPTR FM NORMAL: 6.6 DPTR FM NORMAL: -0.50 2 = FOG REDUCING VISIBILITY
HIGHEST: 73 ON 2 GRTST 24HR 0.19 ON 10-10 TO 1/4 MILE OR LESS
LOWEST: 6 ON 31 3 = THUNDER
SNOW, ICE PELLETS, HAIL 4 = ICE PELLETS
TOTAL MONTH: 2.2 INCHES 5 = HAIL
GRTST 24HR 2.2 ON 10-10 6 = FREEZING RAIN OR DRIZZLE
GRTST DEPTH: 2 ON 11 7 = DUSTSTORM OR SANDSTORM:
VSBY 1/2 MILE OR LESS
8 = SMOKE OR HAZE
[NO. OF DAYS WITH] [WEATHER - DAYS WITH] 9 = BLOWING SNOW
X = TORNADO
MAX 32 OR BELOW: 4 0.01 INCH OR MORE: 2
MAX 90 OR ABOVE: 0 0.10 INCH OR MORE: 2
MIN 32 OR BELOW: 27 0.50 INCH OR MORE: 0
MIN 0 OR BELOW: 0 1.00 INCH OR MORE: 0
[HDD (BASE 65) ]
TOTAL THIS MO. 905 CLEAR (SCALE 0-3) 26
DPTR FM NORMAL -214 PTCLDY (SCALE 4-7) 5
TOTAL FM JUL 1 1811 CLOUDY (SCALE 8-10) 0
DPTR FM NORMAL -542
[CDD (BASE 65) ]
TOTAL THIS MO. 0
DPTR FM NORMAL 0 [PRESSURE DATA]
TOTAL FM JAN 1 1349 HIGHEST SLP 30.51 ON 06
DPTR FM NORMAL 195 LOWEST SLP 29.13 ON 15
[REMARKS]
#FINAL-12-21#