000
CXUS53 KGRR 010910
CF6GRR
PRELIMINARY LOCAL CLIMATOLOGICAL DATA (WS FORM: F-6)
STATION: GRAND RAPIDS
MONTH: JUNE
YEAR: 2022
LATITUDE: 42 52 N
LONGITUDE: 85 31 W
TEMPERATURE IN F: :PCPN: SNOW: WIND :SUNSHINE: SKY :PK WND
================================================================================
1 2 3 4 5 6A 6B 7 8 9 10 11 12 13 14 15 16 17 18
12Z AVG MX 2MIN
DY MAX MIN AVG DEP HDD CDD WTR SNW DPTH SPD SPD DIR MIN PSBL S-S WX SPD DR
================================================================================
1 77 58 68 3 0 3 T 0.0 0 9.3 17 250 M M 8 3 25 230
2 74 55 65 0 0 0 T 0.0 0 7.3 18 310 M M 3 26 290
3 76 50 63 -2 2 0 0.00 0.0 0 10.1 28 260 M M 2 45 300
4 71 45 58 -8 7 0 0.00 0.0 0 5.2 16 240 M M 6 22 240
5 71 55 63 -3 2 0 0.03 0.0 0 6.9 16 100 M M 9 24 100
6 75 59 67 1 0 2 0.01 0.0 0 7.2 15 230 M M 9 8 20 200
7 73 55 64 -3 1 0 0.09 0.0 0 9.1 17 330 M M 6 18 27 310
8 65 49 57 -10 8 0 0.32 0.0 0 6.1 22 110 M M 7 1 26 100
9 72 51 62 -5 3 0 0.01 0.0 0 8.5 20 240 M M 5 12 32 260
10 77 50 64 -4 1 0 0.00 0.0 0 9.1 21 270 M M 5 29 240
11 75 55 65 -3 0 0 T 0.0 0 8.2 16 250 M M 6 1 24 210
12 80 59 70 2 0 5 0.00 0.0 0 6.2 15 310 M M 4 1 19 340
13 85 60 73 5 0 8 0.17 0.0 0 9.2 28 350 M M 6 13 36 350
14 90 66 78 9 0 13 0.00 0.0 0 9.8 17 130 M M 6 18 22 130
15 94 77 86 17 0 21 0.00 0.0 0 12.1 22 220 M M 5 29 200
16 89 70 80 11 0 15 0.22 0.0 0 14.0 33 250 M M 4 13 45 260
17 80 59 70 0 0 5 0.00 0.0 0 12.9 24 310 M M 1 36 290
18 76 52 64 -6 1 0 0.00 0.0 0 7.0 15 50 M M 3 23 30
19 80 51 66 -4 0 1 0.00 0.0 0 5.9 13 220 M M 4 18 190
20 87 63 75 5 0 10 0.00 0.0 0 9.2 21 240 M M 5 28 260
21 95 68 82 12 0 17 0.00 0.0 0 13.0 26 250 M M 2 35 260
22 86 67 77 6 0 12 0.00 0.0 0 11.3 22 300 M M 2 30 290
23 82 58 70 -1 0 5 0.00 0.0 0 5.4 12 300 M M 1 17 340
24 89 56 73 2 0 8 0.00 0.0 0 4.1 10 210 M M 2 15 190
25 86 63 75 4 0 10 0.04 0.0 0 7.3 17 230 M M 6 22 230
26 80 65 73 1 0 8 0.00 0.0 0 12.3 25 280 M M 6 35 300
27 73 52 63 -9 2 0 0.00 0.0 0 10.9 24 290 M M 2 32 280
28 83 48 66 -6 0 1 0.00 0.0 0 9.6 20 240 M M 3 25 230
29 83 61 72 0 0 7 0.53 0.0 M 5.7 17 10 M M 7 13 22 30
30 89 62 76 4 0 11 0.00 0.0 0 12.3 22 210 M M 5 30 200
================================================================================
SM 2413 1739 27 162 1.42 0.0 265.2 M 140
================================================================================
AV 80.4 58.0 8.8 FASTST M M 5 MAX(MPH)
MISC ----> 33 250 # 45 300
================================================================================
NOTES:
# LAST OF SEVERAL OCCURRENCES
COLUMN 17 PEAK WIND IN M.P.H.
PRELIMINARY LOCAL CLIMATOLOGICAL DATA (WS FORM: F-6) , PAGE 2
STATION: GRAND RAPIDS
MONTH: JUNE
YEAR: 2022
LATITUDE: 42 52 N
LONGITUDE: 85 31 W
[TEMPERATURE DATA] [PRECIPITATION DATA] SYMBOLS USED IN COLUMN 16
AVERAGE MONTHLY: 69.2 TOTAL FOR MONTH: 1.42 1 = FOG OR MIST
DPTR FM NORMAL: 0.3 DPTR FM NORMAL: -2.52 2 = FOG REDUCING VISIBILITY
HIGHEST: 95 ON 21 GRTST 24HR 0.53 ON 29-29 TO 1/4 MILE OR LESS
LOWEST: 45 ON 4 3 = THUNDER
SNOW, ICE PELLETS, HAIL 4 = ICE PELLETS
TOTAL MONTH: 0.0 INCH 5 = HAIL
GRTST 24HR 0.0 6 = FREEZING RAIN OR DRIZZLE
GRTST DEPTH: 0 7 = DUSTSTORM OR SANDSTORM:
VSBY 1/2 MILE OR LESS
8 = SMOKE OR HAZE
[NO. OF DAYS WITH] [WEATHER - DAYS WITH] 9 = BLOWING SNOW
X = TORNADO
MAX 32 OR BELOW: 0 0.01 INCH OR MORE: 9
MAX 90 OR ABOVE: 3 0.10 INCH OR MORE: 4
MIN 32 OR BELOW: 0 0.50 INCH OR MORE: 1
MIN 0 OR BELOW: 0 1.00 INCH OR MORE: 0
[HDD (BASE 65) ]
TOTAL THIS MO. 27 CLEAR (SCALE 0-3) 9
DPTR FM NORMAL -11 PTCLDY (SCALE 4-7) 19
TOTAL FM JUL 1 6282 CLOUDY (SCALE 8-10) 2
DPTR FM NORMAL -124
[CDD (BASE 65) ]
TOTAL THIS MO. 162
DPTR FM NORMAL 8 [PRESSURE DATA]
TOTAL FM JAN 1 250 HIGHEST SLP 30.29 ON 19
DPTR FM NORMAL 45 LOWEST SLP 29.67 ON 6
[REMARKS]
#FINAL-06-22#