000
CXUS53 KIWX 010810
CF6GSH
PRELIMINARY LOCAL CLIMATOLOGICAL DATA (WS FORM: F-6)
STATION: GOSHEN
MONTH: SEPTEMBER
YEAR: 2021
LATITUDE: 41 31 N
LONGITUDE: 85 47 W
TEMPERATURE IN F: :PCPN: SNOW: WIND :SUNSHINE: SKY :PK WND
================================================================================
1 2 3 4 5 6A 6B 7 8 9 10 11 12 13 14 15 16 17 18
12Z AVG MX 2MIN
DY MAX MIN AVG DEP HDD CDD WTR SNW DPTH SPD SPD DIR MIN PSBL S-S WX SPD DR
================================================================================
1 79 62 71 3 0 6 0.00 M M 9.3 20 40 M M 1 28 50
2 79 50 65 -3 0 0 T M M 2.6 12 80 M M 0 1 19 70
3 78 51 65 -3 0 0 T M M 4.6 14 150 M M 2 18 150
4 77 63 70 2 0 5 T M M 8.4 21 200 M M 9 1 26 210
5 80 57 69 1 0 4 0.01 M M 8.5 21 290 M M 3 1 28 300
6 80 57 69 2 0 4 T M M 5.2 16 310 M M 2 22 320
7 89 56 73 6 0 8 0.02 M M 11.0 32 220 M M 2 3 42 230
8 80 55 68 1 0 3 0.00 M M 8.4 23 280 M M 2 12 31 330
9 76 51 64 -2 1 0 T 0.0 0 5.0 18 300 M M 3 12 25 330
10 80 48 64 -2 1 0 0.00 0.0 0 5.1 14 210 M M 1 1 21 200
11 85 60 73 7 0 8 0.00 0.0 0 11.0 21 190 M M 1 28 190
12 89 69 79 14 0 14 0.00 0.0 0 12.6 23 250 M M 0 32 250
13 87 67 77 12 0 12 0.00 0.0 0 8.1 17 200 M M 0 30 220
14 91 66 79 14 0 14 0.24 0.0 0 13.5 29 260 M M 3 3 44 260
15 78 53 66 2 0 1 0.00 0.0 0 4.6 15 340 M M 2 21 320
16 82 49 66 2 0 1 0.00 M M 4.1 13 110 M M 0 1 19 140
17 88 58 73 9 0 8 0.00 M M 5.8 15 260 M M 2 21 240
18 85 63 74 11 0 9 0.00 M M 5.8 13 10 M M 2 8 22 10
19 90 61 76 13 0 11 0.00 M M 7.0 13 120 M M 0 17 160
20 81 67 74 11 0 9 0.15 M M 12.5 23 170 M M 7 1 30 160
21 73 59 66 4 0 1 0.02 M M 10.8 22 190 M M 10 1 31 160
22 59 52 56 -6 9 0 M M M 12.3 21 20 M M 10 1 34 20
23 58 47 53 -9 12 0 0.76 M M 12.8 29 340 M M 9 1 40 300
24 76 48 62 1 3 0 0.00 M M 11.9 18 210 M M 1 26 190
25 67 51 59 -2 6 0 M M M 9.9 23 270 M M 6 18 32 260
26 80 49 65 5 0 0 M M M 11.9 25 240 M M 2 37 250
27 84 59 72 12 0 7 M M M 10.9 22 250 M M 0 28 250
28 75 53 64 4 1 0 0.00 M M 4.6 12 40 M M 0 1 16 50
29 80 48 64 5 1 0 0.00 M M 3.5 13 140 M M 0 16 140
30 77 49 63 4 2 0 0.00 M M 4.2 10 140 M M 0 16 120
================================================================================
SM 2383 1678 36 125 1.20 0.0 245.9 M 80
================================================================================
AV 79.4 55.9 8.2 FASTST M M 3 MAX(MPH)
MISC ----> 32 220 44 260
================================================================================
NOTES:
# LAST OF SEVERAL OCCURRENCES
COLUMN 17 PEAK WIND IN M.P.H.
PRELIMINARY LOCAL CLIMATOLOGICAL DATA (WS FORM: F-6) , PAGE 2
STATION: GOSHEN
MONTH: SEPTEMBER
YEAR: 2021
LATITUDE: 41 31 N
LONGITUDE: 85 47 W
[TEMPERATURE DATA] [PRECIPITATION DATA] SYMBOLS USED IN COLUMN 16
AVERAGE MONTHLY: 67.7 TOTAL FOR MONTH: 1.20 1 = FOG OR MIST
DPTR FM NORMAL: 3.7 DPTR FM NORMAL: -1.67 2 = FOG REDUCING VISIBILITY
HIGHEST: 91 ON 14 GRTST 24HR 0.95 ON 21-22 TO 1/4 MILE OR LESS
LOWEST: 47 ON 23 3 = THUNDER
SNOW, ICE PELLETS, HAIL 4 = ICE PELLETS
TOTAL MONTH: 0.0 INCH 5 = HAIL
GRTST 24HR 0.0 6 = FREEZING RAIN OR DRIZZLE
GRTST DEPTH: 0 7 = DUSTSTORM OR SANDSTORM:
VSBY 1/2 MILE OR LESS
8 = SMOKE OR HAZE
[NO. OF DAYS WITH] [WEATHER - DAYS WITH] 9 = BLOWING SNOW
X = TORNADO
MAX 32 OR BELOW: 0 0.01 INCH OR MORE: 6
MAX 90 OR ABOVE: 2 0.10 INCH OR MORE: 3
MIN 32 OR BELOW: 0 0.50 INCH OR MORE: 1
MIN 0 OR BELOW: 0 1.00 INCH OR MORE: 0
[HDD (BASE 65) ]
TOTAL THIS MO. 36 CLEAR (SCALE 0-3) 24
DPTR FM NORMAL -72 PTCLDY (SCALE 4-7) 2
TOTAL FM JUL 1 37 CLOUDY (SCALE 8-10) 4
DPTR FM NORMAL -87
[CDD (BASE 65) ]
TOTAL THIS MO. 125
DPTR FM NORMAL 47 [PRESSURE DATA]
TOTAL FM JAN 1 956 HIGHEST SLP 30.21 ON 30
DPTR FM NORMAL 203 LOWEST SLP 29.58 ON 7
[REMARKS]
#FINAL-09-21#