000
CXUS53 KIWX 010810
CF6GSH
PRELIMINARY LOCAL CLIMATOLOGICAL DATA (WS FORM: F-6)
STATION: GOSHEN
MONTH: AUGUST
YEAR: 2021
LATITUDE: 41 31 N
LONGITUDE: 85 47 W
TEMPERATURE IN F: :PCPN: SNOW: WIND :SUNSHINE: SKY :PK WND
================================================================================
1 2 3 4 5 6A 6B 7 8 9 10 11 12 13 14 15 16 17 18
12Z AVG MX 2MIN
DY MAX MIN AVG DEP HDD CDD WTR SNW DPTH SPD SPD DIR MIN PSBL S-S WX SPD DR
================================================================================
1 75 58 67 -5 0 2 0.00 M M 10.5 23 330 M M 2 18 31 350
2 78 49 64 -8 1 0 0.00 M M 1.9 9 70 M M 2 12 13 70
3 80 54 67 -5 0 2 0.00 M M 1.3 7 90 M M 3 1 11 160
4 84 57 71 -1 0 6 0.00 M M 0.9 8 10 M M 3 18 14 130
5 84 57 71 -1 0 6 0.00 M M 3.2 12 230 M M 1 1 15 220
6 84 60 72 0 0 7 0.18 M M 7.1 18 190 M M 4 13 25 210
7 84 64 74 2 0 9 1.44 M M 5.7 15 360 M M 4 1238 20 230
8 86 70 78 6 0 13 0.00 M M 9.7 18 180 M M 1 18 24 200
9 81 71 76 4 0 11 T 0.0 0 10.4 20 190 M M 5 18 27 180
10 90 71 81 9 0 16 0.43 M M 9.0 31 300 M M 4 138 43 290
11 84 70 77 5 0 12 0.19 M M 11.4 38 280 M M 4 13 52 270
12 81 71 76 5 0 11 0.47 M M 9.8 29 280 M M 2 13 42 280
13 81 59 70 -1 0 5 0.00 M M 5.9 16 330 M M 5 19 330
14 78 56 67 -4 0 2 0.00 0.0 0 5.4 15 70 M M 0 1 19 50
15 79 52 66 -5 0 1 0.00 0.0 0 5.0 15 120 M M 1 12 21 90
16 80 55 68 -3 0 3 0.00 0.0 0 4.3 12 50 M M 4 18 17 60
17 82 62 72 1 0 7 0.00 0.0 0 4.5 10 90 M M 6 128 15 120
18 87 66 77 6 0 12 T 0.0 0 2.7 8 110 M M 4 128 11 70
19 89 66 78 7 0 13 T M M 2.8 13 330 M M 4 138 18 330
20 88 69 79 8 0 14 0.00 M M 4.0 10 170 M M 3 18 15 170
21 87 66 77 7 0 12 T M M 3.7 12 190 M M 1 18 15 170
22 87 65 76 6 0 11 T M M 5.3 16 290 M M 2 128 21 290
23 86 62 74 4 0 9 0.00 M M 3.8 14 290 M M 1 12 18 280
24 92 69 81 11 0 16 0.13 M M 7.2 30 330 M M 2 13 40 330
25 89 69 79 9 0 14 0.15 M M 6.2 25 260 M M 3 13 34 260
26 85 69 77 7 0 12 0.49 0.0 0 4.8 20 140 M M 4 13 26 150
27 88 69 79 9 0 14 T 0.0 0 4.1 12 170 M M 3 1 15 190
28 89 70 80 11 0 15 0.00 M M 7.0 15 210 M M 0 1 20 210
29 90 71 81 12 0 16 0.03 M M 8.6 22 230 M M 2 38 32 230
30 84 61 73 4 0 8 0.00 M M 4.1 12 350 M M 1 12 17 320
31 83 56 70 1 0 5 0.00 M M 5.9 15 80 M M 0 1 21 80
================================================================================
SM 2615 1964 1 284 3.51 0.0 176.2 M 81
================================================================================
AV 84.4 63.4 5.7 FASTST M M 3 MAX(MPH)
MISC ----> 38 280 52 270
================================================================================
NOTES:
# LAST OF SEVERAL OCCURRENCES
COLUMN 17 PEAK WIND IN M.P.H.
PRELIMINARY LOCAL CLIMATOLOGICAL DATA (WS FORM: F-6) , PAGE 2
STATION: GOSHEN
MONTH: AUGUST
YEAR: 2021
LATITUDE: 41 31 N
LONGITUDE: 85 47 W
[TEMPERATURE DATA] [PRECIPITATION DATA] SYMBOLS USED IN COLUMN 16
AVERAGE MONTHLY: 73.9 TOTAL FOR MONTH: 3.51 1 = FOG OR MIST
DPTR FM NORMAL: 3.1 DPTR FM NORMAL: -0.46 2 = FOG REDUCING VISIBILITY
HIGHEST: 92 ON 24 GRTST 24HR 1.62 ON 6- 7 TO 1/4 MILE OR LESS
LOWEST: 49 ON 2 3 = THUNDER
SNOW, ICE PELLETS, HAIL 4 = ICE PELLETS
TOTAL MONTH: 0.0 INCH 5 = HAIL
GRTST 24HR 0.0 6 = FREEZING RAIN OR DRIZZLE
GRTST DEPTH: 0 7 = DUSTSTORM OR SANDSTORM:
VSBY 1/2 MILE OR LESS
8 = SMOKE OR HAZE
[NO. OF DAYS WITH] [WEATHER - DAYS WITH] 9 = BLOWING SNOW
X = TORNADO
MAX 32 OR BELOW: 0 0.01 INCH OR MORE: 9
MAX 90 OR ABOVE: 3 0.10 INCH OR MORE: 8
MIN 32 OR BELOW: 0 0.50 INCH OR MORE: 1
MIN 0 OR BELOW: 0 1.00 INCH OR MORE: 1
[HDD (BASE 65) ]
TOTAL THIS MO. 1 CLEAR (SCALE 0-3) 17
DPTR FM NORMAL -11 PTCLDY (SCALE 4-7) 14
TOTAL FM JUL 1 1 CLOUDY (SCALE 8-10) 0
DPTR FM NORMAL -10
[CDD (BASE 65) ]
TOTAL THIS MO. 284
DPTR FM NORMAL 93 [PRESSURE DATA]
TOTAL FM JAN 1 831 HIGHEST SLP 30.29 ON 14
DPTR FM NORMAL 156 LOWEST SLP 29.78 ON 31
[REMARKS]
#FINAL-08-21#