000
CXUS53 KIWX 010810
CF6GSH
PRELIMINARY LOCAL CLIMATOLOGICAL DATA (WS FORM: F-6)
STATION: GOSHEN
MONTH: SEPTEMBER
YEAR: 2023
LATITUDE: 41 31 N
LONGITUDE: 85 47 W
TEMPERATURE IN F: :PCPN: SNOW: WIND :SUNSHINE: SKY :PK WND
================================================================================
1 2 3 4 5 6A 6B 7 8 9 10 11 12 13 14 15 16 17 18
12Z AVG MX 2MIN
DY MAX MIN AVG DEP HDD CDD WTR SNW DPTH SPD SPD DIR MIN PSBL S-S WX SPD DR
================================================================================
1 82 47 65 -3 0 0 0.00 M M 3.7 10 140 M M 0 18 16 170
2 86 52 69 1 0 4 0.00 M M 6.7 17 240 M M 0 12 22 240
3 90 65 78 10 0 13 0.00 M M 9.9 21 210 M M 0 1 27 200
4 90 65 78 10 0 13 0.00 M M 7.1 17 210 M M 1 1 23 210
5 92 73 83 15 0 18 0.00 M M 8.4 18 220 M M 1 23 230
6 86 68 77 10 0 12 0.04 M M 12.2 23 280 M M 6 13 30 270
7 76 61 69 2 0 4 T 0.0 0 10.7 17 320 M M 10 18 23 310
8 69 56 63 -4 2 0 T 0.0 0 6.3 13 10 M M 9 1 17 30
9 75 56 66 0 0 1 0.00 M M 5.2 12 340 M M 7 15 340
10 78 48 63 -3 2 0 0.00 M M 2.0 9 60 M M 2 12 13 360
11 72 53 63 -3 2 0 0.15 M M 3.4 14 320 M M 7 1 18 320
12 72 52 62 -3 3 0 0.22 M M 6.6 18 330 M M 7 1 25 350
13 69 45 57 -8 8 0 T M M 4.5 13 360 M M 2 1 18 320
14 74 44 59 -6 6 0 0.00 0.0 0 2.1 13 70 M M 1 12 18 70
15 76 43 60 -4 5 0 0.00 0.0 0 2.9 12 180 M M 1 12 16 160
16 75 46 61 -3 4 0 0.00 0.0 0 2.8 9 230 M M 0 1 12 230
17 71 50 61 -3 4 0 0.00 0.0 0 4.3 17 350 M M 5 1 23 10
18 71 45 58 -5 7 0 0.00 0.0 0 6.3 16 340 M M 2 1 22 360
19 70 45 58 -5 7 0 T 0.0 0 3.8 15 230 M M 8 20 220
20 83 57 70 7 0 5 T 0.0 0 6.0 16 190 M M 1 22 170
21 81 57 69 7 0 4 0.00 M M 4.6 12 180 M M 0 14 180
22 85 56 71 9 0 6 0.00 M M 7.4 15 150 M M 0 22 150
23 78 52 65 3 0 0 0.00 M M 7.8 18 100 M M 0 1 26 120
24 81 47 64 3 1 0 0.00 M M 4.8 12 40 M M 0 1 18 80
25 76 51 64 3 1 0 0.00 0.0 0 6.2 16 80 M M 3 12 21 80
26 78 62 70 10 0 5 M M M 8.7 20 140 M M 8 13 26 250
27 65 61 63 3 2 0 0.07 M M 8.2 14 100 M M 10 1 19 120
28 68 62 65 5 0 0 0.05 M M 5.9 10 70 M M 10 1 14 50
29 68 53 61 2 4 0 0.00 M M 3.0 10 70 M M 8 128 13 70
30 80 50 65 6 0 0 0.00 M M 2.6 9 90 M M 3 12 12 160
================================================================================
SM 2317 1622 58 85 0.53 0.0 174.1 M 112
================================================================================
AV 77.2 54.1 5.8 FASTST M M 4 MAX(MPH)
MISC ----> 23 280 30 270
================================================================================
NOTES:
# LAST OF SEVERAL OCCURRENCES
COLUMN 17 PEAK WIND IN M.P.H.
PRELIMINARY LOCAL CLIMATOLOGICAL DATA (WS FORM: F-6) , PAGE 2
STATION: GOSHEN
MONTH: SEPTEMBER
YEAR: 2023
LATITUDE: 41 31 N
LONGITUDE: 85 47 W
[TEMPERATURE DATA] [PRECIPITATION DATA] SYMBOLS USED IN COLUMN 16
AVERAGE MONTHLY: 65.6 TOTAL FOR MONTH: 0.53 1 = FOG OR MIST
DPTR FM NORMAL: 1.6 DPTR FM NORMAL: -2.34 2 = FOG REDUCING VISIBILITY
HIGHEST: 92 ON 5 GRTST 24HR 0.36 ON 11-12 TO 1/4 MILE OR LESS
LOWEST: 43 ON 15 3 = THUNDER
SNOW, ICE PELLETS, HAIL 4 = ICE PELLETS
TOTAL MONTH: 0.0 INCH 5 = HAIL
GRTST 24HR 0.0 6 = FREEZING RAIN OR DRIZZLE
GRTST DEPTH: 0 7 = DUSTSTORM OR SANDSTORM:
VSBY 1/2 MILE OR LESS
8 = SMOKE OR HAZE
[NO. OF DAYS WITH] [WEATHER - DAYS WITH] 9 = BLOWING SNOW
X = TORNADO
MAX 32 OR BELOW: 0 0.01 INCH OR MORE: 5
MAX 90 OR ABOVE: 3 0.10 INCH OR MORE: 2
MIN 32 OR BELOW: 0 0.50 INCH OR MORE: 0
MIN 0 OR BELOW: 0 1.00 INCH OR MORE: 0
[HDD (BASE 65) ]
TOTAL THIS MO. 58 CLEAR (SCALE 0-3) 17
DPTR FM NORMAL -50 PTCLDY (SCALE 4-7) 8
TOTAL FM JUL 1 65 CLOUDY (SCALE 8-10) 5
DPTR FM NORMAL -59
[CDD (BASE 65) ]
TOTAL THIS MO. 85
DPTR FM NORMAL 7 [PRESSURE DATA]
TOTAL FM JAN 1 674 HIGHEST SLP 30.29 ON 30
DPTR FM NORMAL -79 LOWEST SLP 29.74 ON 6
[REMARKS]
#FINAL-09-23#