000
CXGM50 PGUM 010030
CF6GSN
PRELIMINARY LOCAL CLIMATOLOGICAL DATA (WS FORM: F-6)
STATION: SAIPAN/ISLEY_(CGS) MP
MONTH: OCTOBER
YEAR: 2022
LATITUDE: 15 7 N
LONGITUDE: 145-44 E
TEMPERATURE IN F: :PCPN: SNOW: WIND :SUNSHINE: SKY :PK WND
================================================================================
1 2 3 4 5 6A 6B 7 8 9 10 11 12 13 14 15 16 17 18
12Z AVG MX 2MIN
DY MAX MIN AVG DEP HDD CDD WTR SNW DPTH SPD SPD DIR MIN PSBL S-S WX SPD DR
================================================================================
1 90 78 84 2 0 19 0.42 0.0 0 9.9 22 110 M M 3 27 100
2 87 77 82 0 0 17 0.45 0.0 0 9.1 32 110 M M 5 41 110
3 89 78 84 2 0 19 0.77 0.0 0 9.2 18 70 M M 4 3 22 60
4 90 78 84 2 0 19 0.09 0.0 0 8.8 20 60 M M 5 24 40
5 90 80 85 3 0 20 0.01 0.0 0 3.4 8 310 M M 2 M M
6 90 80 85 3 0 20 0.62 0.0 0 3.2 10 260 M M 3 16 250
7 88 78 83 1 0 18 3.34 0.0 0 4.4 20 120 M M 5 23 130
8 81 75 78 -4 0 13 1.40 0.0 0 5.4 16 100 M M 7 20 190
9 87 76 82 0 0 17 0.04 0.0 0 5.3 16 160 M M 4 20 170
10 87 77 82 0 0 17 0.56 0.0 0 5.8 17 70 M M 5 23 150
11 83 78 81 -1 0 16 0.74 0.0 0 10.1 18 160 M M 7 3 29 210
12 89 78 84 2 0 19 0.59 0.0 0 10.8 21 140 M M 4 3 27 140
13 86 77 82 0 0 17 1.37 0.0 0 4.9 15 80 M M 6 21 160
14 85 77 81 -1 0 16 0.95 0.0 0 7.7 18 200 M M 7 24 200
15 83 76 80 -2 0 15 1.24 0.0 0 9.7 24 190 M M 7 32 190
16 88 79 84 2 0 19 T 0.0 0 5.6 17 200 M M 4 22 200
17 89 80 85 3 0 20 0.23 0.0 0 8.3 16 70 M M 3 21 160
18 89 79 84 2 0 19 0.10 0.0 0 10.1 17 130 M M 3 23 120
19 89 79 84 2 0 19 0.22 0.0 0 11.8 23 80 M M 4 27 80
20 91 81 86 4 0 21 0.23 0.0 0 13.4 25 80 M M 3 33 100
21 91 79 85 3 0 20 0.36 0.0 0 15.4 29 100 M M 5 38 100
22 90 79 85 3 0 20 0.61 0.0 0 11.9 24 120 M M 6 31 120
23 90 79 85 3 0 20 0.34 0.0 0 10.5 25 120 M M 3 32 130
24 90 78 84 2 0 19 0.14 0.0 0 10.6 20 90 M M 4 26 90
25 91 79 85 3 0 20 0.18 0.0 0 10.3 18 50 M M 4 27 70
26 91 78 85 3 0 20 0.28 M M 13.6 24 80 M M 4 1 32 80
27 90 79 85 3 0 20 0.55 M M 11.1 20 80 M M 3 18 26 80
28 90 78 84 2 0 19 0.88 M M 14.1 29 110 M M 3 1 36 110
29 91 81 86 4 0 21 0.08 M M 10.6 18 90 M M 4 23 100
30 91 82 87 5 0 22 0.00 M M 11.4 18 70 M M 2 23 70
31 90 81 86 4 0 21 0.08 0.0 0 9.5 15 90 M M 4 1 22 70
================================================================================
SM 2746 2434 0 582 16.87 0.0 285.9 M 133
================================================================================
AV 88.6 78.5 9.2 FASTST M M 4 MAX(MPH)
MISC ----> 32 110 41 110
================================================================================
NOTES:
# LAST OF SEVERAL OCCURRENCES
COLUMN 17 PEAK WIND IN M.P.H.
PRELIMINARY LOCAL CLIMATOLOGICAL DATA (WS FORM: F-6) , PAGE 2
STATION: SAIPAN/ISLEY_(CGS) MP
MONTH: OCTOBER
YEAR: 2022
LATITUDE: 15 7 N
LONGITUDE: 145-44 E
[TEMPERATURE DATA] [PRECIPITATION DATA] SYMBOLS USED IN COLUMN 16
AVERAGE MONTHLY: 83.5 TOTAL FOR MONTH: 16.87 1 = FOG OR MIST
DPTR FM NORMAL: 1.7 DPTR FM NORMAL: 6.15 2 = FOG REDUCING VISIBILITY
HIGHEST: 91 ON 30,29 GRTST 24HR 4.34 ON 7- 8 TO 1/4 MILE OR LESS
LOWEST: 75 ON 8 3 = THUNDER
SNOW, ICE PELLETS, HAIL 4 = ICE PELLETS
TOTAL MONTH: 0.0 INCH 5 = HAIL
GRTST 24HR 0.0 6 = FREEZING RAIN OR DRIZZLE
GRTST DEPTH: 0 7 = DUSTSTORM OR SANDSTORM:
VSBY 1/2 MILE OR LESS
8 = SMOKE OR HAZE
[NO. OF DAYS WITH] [WEATHER - DAYS WITH] 9 = BLOWING SNOW
X = TORNADO
MAX 32 OR BELOW: 0 0.01 INCH OR MORE: 29
MAX 90 OR ABOVE: 16 0.10 INCH OR MORE: 24
MIN 32 OR BELOW: 0 0.50 INCH OR MORE: 13
MIN 0 OR BELOW: 0 1.00 INCH OR MORE: 4
[HDD (BASE 65) ]
TOTAL THIS MO. 0 CLEAR (SCALE 0-3) 8
DPTR FM NORMAL 0 PTCLDY (SCALE 4-7) 23
TOTAL FM JUL 1 0 CLOUDY (SCALE 8-10) 0
DPTR FM NORMAL 0
[CDD (BASE 65) ]
TOTAL THIS MO. 582
DPTR FM NORMAL 60 [PRESSURE DATA]
TOTAL FM JAN 1 5398 HIGHEST SLP M ON M
DPTR FM NORMAL 333 LOWEST SLP 29.73 ON 11
[REMARKS]
#FINAL-10-22#