000
CXUS52 KGSP 010817
CF6GSP
PRELIMINARY LOCAL CLIMATOLOGICAL DATA (WS FORM: F-6)
STATION: GREENVILLE-SPARTANBURG SC
MONTH: APRIL
YEAR: 2021
LATITUDE: 34 54 N
LONGITUDE: 82 13 W
TEMPERATURE IN F: :PCPN: SNOW: WIND :SUNSHINE: SKY :PK WND
================================================================================
1 2 3 4 5 6A 6B 7 8 9 10 11 12 13 14 15 16 17 18
12Z AVG MX 2MIN
DY MAX MIN AVG DEP HDD CDD WTR SNW DPTH SPD SPD DIR MIN PSBL S-S WX SPD DR
================================================================================
1 50 37 44 -13 21 0 0.00 0.0 0 11.0 23 360 M M 1 32 10
2 53 28 41 -16 24 0 0.00 0.0 0 6.5 17 360 M M 0 22 360
3 61 27 44 -13 21 0 0.00 0.0 0 4.1 14 220 M M 0 20 220
4 75 36 56 -2 9 0 0.00 0.0 0 5.0 14 220 M M 0 19 190
5 78 41 60 2 5 0 0.00 0.0 0 3.1 14 190 M M 0 17 200
6 82 45 64 6 1 0 0.00 0.0 0 3.8 13 210 M M 0 17 240
7 85 52 69 11 0 4 0.00 0.0 0 4.7 16 210 M M 0 21 210
8 77 55 66 7 0 1 0.01 0.0 0 6.8 20 220 M M 4 25 220
9 82 56 69 10 0 4 0.02 0.0 0 7.8 18 170 M M 3 138 24 190
10 70 57 64 5 1 0 0.48 0.0 0 8.0 37 200 M M 9 1 48 200
11 75 58 67 8 0 2 0.00 0.0 0 12.1 23 220 M M 4 28 210
12 84 47 66 6 0 1 0.00 0.0 0 6.0 16 200 M M 0 23 220
13 81 54 68 8 0 3 0.00 0.0 0 3.2 10 30 M M 1 14 360
14 84 49 67 7 0 2 T 0.0 0 7.7 23 260 M M 3 33 250
15 74 53 64 4 1 0 T 0.0 0 6.8 15 360 M M 2 22 320
16 69 42 56 -5 9 0 0.00 0.0 0 5.0 14 200 M M 0 20 170
17 71 48 60 -1 5 0 0.00 0.0 0 5.1 14 210 M M 4 17 210
18 73 45 59 -2 6 0 0.00 0.0 0 3.5 13 200 M M 3 18 200
19 75 44 60 -1 5 0 0.00 0.0 0 4.3 10 230 M M 2 15 350
20 76 44 60 -2 5 0 0.00 0.0 0 9.2 22 210 M M 2 29 180
21 73 39 56 -6 9 0 0.00 0.0 0 9.6 22 240 M M 0 37 240
22 63 32 48 -14 17 0 0.00 0.0 0 5.0 15 190 M M 0 20 230
23 65 34 50 -12 15 0 0.00 0.0 0 2.6 14 60 M M 5 8 18 60
24 53 45 49 -14 16 0 1.40 0.0 0 5.1 13 40 M M 8 13 16 40
25 71 50 61 -2 4 0 0.00 0.0 0 7.0 16 360 M M 3 23 310
26 76 43 60 -3 5 0 0.00 0.0 0 4.0 14 190 M M 0 16 180
27 81 50 66 2 0 1 0.00 0.0 0 8.4 18 200 M M 1 24 200
28 83 59 71 7 0 6 0.00 0.0 0 9.5 20 210 M M 0 25 220
29 84 62 73 9 0 8 0.00 0.0 0 14.0 28 220 M M 1 40 220
30 79 61 70 6 0 5 0.00 0.0 0 7.7 18 240 M M 1 26 10
================================================================================
SM 2203 1393 179 37 1.91 0.0 196.6 M 57
================================================================================
AV 73.4 46.4 6.6 FASTST M M 2 MAX(MPH)
MISC ----> 37 200 48 200
================================================================================
NOTES:
# LAST OF SEVERAL OCCURRENCES
COLUMN 17 PEAK WIND IN M.P.H.
PRELIMINARY LOCAL CLIMATOLOGICAL DATA (WS FORM: F-6) , PAGE 2
STATION: GREENVILLE-SPARTANBURG SC
MONTH: APRIL
YEAR: 2021
LATITUDE: 34 54 N
LONGITUDE: 82 13 W
[TEMPERATURE DATA] [PRECIPITATION DATA] SYMBOLS USED IN COLUMN 16
AVERAGE MONTHLY: 59.9 TOTAL FOR MONTH: 1.91 1 = FOG OR MIST
DPTR FM NORMAL: -0.6 DPTR FM NORMAL: -1.45 2 = FOG REDUCING VISIBILITY
HIGHEST: 85 ON 7 GRTST 24HR 1.40 ON 24-24 TO 1/4 MILE OR LESS
LOWEST: 27 ON 3 3 = THUNDER
SNOW, ICE PELLETS, HAIL 4 = ICE PELLETS
TOTAL MONTH: 0.0 INCH 5 = HAIL
GRTST 24HR 0.0 6 = FREEZING RAIN OR DRIZZLE
GRTST DEPTH: 0 7 = DUSTSTORM OR SANDSTORM:
VSBY 1/2 MILE OR LESS
8 = SMOKE OR HAZE
[NO. OF DAYS WITH] [WEATHER - DAYS WITH] 9 = BLOWING SNOW
X = TORNADO
MAX 32 OR BELOW: 0 0.01 INCH OR MORE: 4
MAX 90 OR ABOVE: 0 0.10 INCH OR MORE: 2
MIN 32 OR BELOW: 3 0.50 INCH OR MORE: 1
MIN 0 OR BELOW: 0 1.00 INCH OR MORE: 1
[HDD (BASE 65) ]
TOTAL THIS MO. 179 CLEAR (SCALE 0-3) 22
DPTR FM NORMAL 6 PTCLDY (SCALE 4-7) 7
TOTAL FM JUL 1 2867 CLOUDY (SCALE 8-10) 1
DPTR FM NORMAL -139
[CDD (BASE 65) ]
TOTAL THIS MO. 37
DPTR FM NORMAL -3 [PRESSURE DATA]
TOTAL FM JAN 1 46 HIGHEST SLP 30.51 ON 3
DPTR FM NORMAL -2 LOWEST SLP 29.55 ON 11
[REMARKS]
#FINAL-04-21#