000
CXUS52 KGSP 011314
CLMGSP
CLIMATE REPORT
NATIONAL WEATHER SERVICE GREENVILLE-SPARTANBURG SC
914 AM EDT WED NOV 01 2023
...................................
...THE GREENVILLE-SPARTANBURG SC CLIMATE SUMMARY FOR THE MONTH OF OCTOBER 2023...
CLIMATE NORMAL PERIOD 1991 TO 2020
CLIMATE RECORD PERIOD 1884 TO 2023
WEATHER OBSERVED NORMAL DEPART LAST YEAR`S
VALUE DATE(S) VALUE FROM VALUE DATE(S)
NORMAL
................................................................
TEMPERATURE (F)
RECORD
HIGH 98 10/03/2019
LOW 25 10/29/1976
10/30/1910
10/31/1893
HIGHEST 85 10/06 MM MM 83 10/16
10/30
LOWEST 38 10/24 MM MM 30 10/19
AVG. MAXIMUM 75.3 73.1 2.2 70.9
AVG. MINIMUM 49.6 50.4 -0.8 45.9
MEAN 62.5 61.7 0.8 58.4
DAYS MAX >= 90 0 0.2 -0.2 0
DAYS MAX <= 32 0 0.0 0.0 0
DAYS MIN <= 32 0 0.5 -0.5 3
DAYS MIN <= 0 0 0.0 0.0 0
PRECIPITATION (INCHES)
RECORD
MAXIMUM 12.68 1932
MINIMUM 0.00 2000
TOTALS 0.80 3.59 -2.79 1.84
DAILY AVG. 0.03 0.12 -0.09 0.06
DAYS >= .01 4 7.1 -3.1 4
DAYS >= .10 2 4.6 -2.6 4
DAYS >= .50 0 1.9 -1.9 1
DAYS >= 1.00 0 1.2 -1.2 1
GREATEST
24 HR. TOTAL 0.46 10/12 TO 10/12 1.38 10/30 TO 10/31
STORM TOTAL 0.46 1.23
(MM/DD(HH)) MM
SNOWFALL (INCHES)
RECORDS
TOTAL T 1926
24 HR TOTAL T 10/23/1937 TO 10/23/1937
10/26/1926 TO 10/26/1926
SNOW DEPTH MM MM
TOTALS 0.0 0.0 0.0 0.0
LIQUID EQUIV 0.00 0.00 0.00 0.00
SINCE 7/1 T 0.0 0.0 MM
LIQUID 7/1 -0.10 0.00 -0.10 MM
SNOWDEPTH AVG. 0 0
DAYS >= TRACE 0 0.0 0.0 0
DAYS >= 1.0 0 0.0 0.0 0
GREATEST
SNOW DEPTH 0 0 MM
24 HR TOTAL MM MM
STORM TOTAL 0.0 0.0
(MM/DD(HH)) MM
DEGREE DAYS
HEATING TOTAL 128 150 -22 206
SINCE 7/1 128 162 -34 MM
COOLING TOTAL 55 49 6 8
SINCE 1/1 1596 1715 -119 MM
FREEZE DATES
RECORD
EARLIEST MM
LATEST MM
EARLIEST MM
LATEST 03/21
................................................................
WIND (MPH)
AVERAGE WIND SPEED 4.8
HIGHEST WIND SPEED/DIRECTION 22/210 DATE 10/10
HIGHEST GUST SPEED/DIRECTION 32/230 DATE 10/10
SKY COVER
POSSIBLE SUNSHINE (PERCENT) MM
AVERAGE SKY COVER 0.23
NUMBER OF DAYS FAIR 22
NUMBER OF DAYS PC 9
NUMBER OF DAYS CLOUDY 0
AVERAGE RH (PERCENT) 63
WEATHER CONDITIONS. NUMBER OF DAYS WITH
THUNDERSTORM 1 MIXED PRECIP 0
HEAVY RAIN 0 RAIN 2
LIGHT RAIN 7 FREEZING RAIN 0
LT FREEZING RAIN 0 HAIL 0
HEAVY SNOW 0 SNOW 0
LIGHT SNOW 0 SLEET 0
FOG 10 FOG W/VIS <= 1/4 MILE 0
HAZE 2
- INDICATES NEGATIVE NUMBERS.
R INDICATES RECORD WAS SET OR TIED.
MM INDICATES DATA IS MISSING.
T INDICATES TRACE AMOUNT.
$$