000
CXUS54 KAMA 010810
CF6GUY
PRELIMINARY LOCAL CLIMATOLOGICAL DATA (WS FORM: F-6)
STATION: GUYMON
MONTH: DECEMBER
YEAR: 2022
LATITUDE: 36 41 N
LONGITUDE: 101 30 W
TEMPERATURE IN F: :PCPN: SNOW: WIND :SUNSHINE: SKY :PK WND
================================================================================
1 2 3 4 5 6A 6B 7 8 9 10 11 12 13 14 15 16 17 18
12Z AVG MX 2MIN
DY MAX MIN AVG DEP HDD CDD WTR SNW DPTH SPD SPD DIR MIN PSBL S-S WX SPD DR
================================================================================
1 62 30 46 6 19 0 0.00 M M 23.4 35 220 M M 1 8 45 210
2 75 30 53 14 12 0 0.00 M M 19.7 40 270 M M 4 8 58 270
3 43 21 32 -7 33 0 0.00 M M 8.0 20 190 M M 0 28 190
4 58 36 47 8 18 0 0.00 M M 8.0 23 230 M M 0 29 230
5 72 31 52 14 13 0 0.00 M M 8.1 21 50 M M 0 29 50
6 53 26 40 2 25 0 0.00 M M 4.1 12 20 M M 2 14 360
7 52 25 39 1 26 0 0.00 M M 5.9 13 140 M M 1 16 120
8 65 24 45 7 20 0 0.00 M M 8.4 22 280 M M 1 12 31 280
9 51 21 36 -1 29 0 0.00 M M 6.7 18 170 M M 0 24 160
10 53 25 39 2 26 0 0.00 M M 9.0 21 50 M M 0 28 40
11 68 22 45 8 20 0 0.00 M M 13.3 28 220 M M 0 35 220
12 61 34 48 11 17 0 0.02 M M 14.9 28 170 M M 4 13 40 170
13 48 22 35 -1 30 0 0.00 M M 14.7 36 240 M M 0 46 230
14 43 16 30 -6 35 0 0.00 M M 12.0 24 340 M M 3 39 320
15 44 20 32 -4 33 0 0.00 M M 11.9 24 330 M M 6 31 350
16 41 12 27 -9 38 0 0.00 M M 11.3 31 340 M M 3 43 340
17 45 6 26 -10 39 0 0.00 M M 4.1 13 220 M M 0 17 200
18 51 10 31 -5 34 0 0.00 M M 9.8 28 200 M M 0 36 190
19 48 21 35 -1 30 0 0.00 M M 11.1 22 360 M M 1 31 350
20 42 8 25 -10 40 0 0.00 M M 7.3 14 140 M M 0 20 140
21 60 7 34 -1 31 0 T M M 12.7 46 10 M M 3 89 59 10
22 9 -4 3 -32 62 0 T M M 23.6 43 360 M M 6 189 59 360
23 22 -1 11 -24 54 0 0.00 M M 7.1 15 330 M M 0 22 340
24 40 3 22 -13 43 0 0.00 M M 5.9 20 200 M M 0 23 200
25 59 13 36 1 29 0 0.00 M M 11.0 31 230 M M 0 41 230
26 50 30 40 5 25 0 T M M 10.4 29 360 M M 4 37 360
27 73 32 53 18 12 0 0.00 M M 16.3 28 220 M M 0 38 220
28 66 47 57 22 8 0 0.00 M M 12.0 29 230 M M 0 38 230
29 53 25 39 4 26 0 0.00 M M 13.5 36 240 M M 0 8 48 240
30 58 17 38 3 27 0 0.00 M M 6.9 22 210 M M 2 12 29 190
31 67 23 45 10 20 0 0.00 M M 4.7 10 190 M M 0 15 280
================================================================================
SM 1632 632 874 0 0.02 M 335.8 M 41
================================================================================
AV 52.6 20.4 10.8 FASTST M M 1 MAX(MPH)
MISC ----> 46 10 # 59 10
================================================================================
NOTES:
# LAST OF SEVERAL OCCURRENCES
COLUMN 17 PEAK WIND IN M.P.H.
PRELIMINARY LOCAL CLIMATOLOGICAL DATA (WS FORM: F-6) , PAGE 2
STATION: GUYMON
MONTH: DECEMBER
YEAR: 2022
LATITUDE: 36 41 N
LONGITUDE: 101 30 W
[TEMPERATURE DATA] [PRECIPITATION DATA] SYMBOLS USED IN COLUMN 16
AVERAGE MONTHLY: 36.5 TOTAL FOR MONTH: 0.02 1 = FOG OR MIST
DPTR FM NORMAL: 0.1 DPTR FM NORMAL: -0.67 2 = FOG REDUCING VISIBILITY
HIGHEST: 75 ON 2 GRTST 24HR 0.02 ON 12-12 TO 1/4 MILE OR LESS
LOWEST: -4 ON 22 3 = THUNDER
SNOW, ICE PELLETS, HAIL 4 = ICE PELLETS
TOTAL MONTH: M 5 = HAIL
GRTST 24HR M ON M 6 = FREEZING RAIN OR DRIZZLE
GRTST DEPTH: M ON M 7 = DUSTSTORM OR SANDSTORM:
VSBY 1/2 MILE OR LESS
8 = SMOKE OR HAZE
[NO. OF DAYS WITH] [WEATHER - DAYS WITH] 9 = BLOWING SNOW
X = TORNADO
MAX 32 OR BELOW: 2 0.01 INCH OR MORE: 1
MAX 90 OR ABOVE: 0 0.10 INCH OR MORE: 0
MIN 32 OR BELOW: 28 0.50 INCH OR MORE: 0
MIN 0 OR BELOW: 2 1.00 INCH OR MORE: 0
[HDD (BASE 65) ]
TOTAL THIS MO. 874 CLEAR (SCALE 0-3) 26
DPTR FM NORMAL -11 PTCLDY (SCALE 4-7) 5
TOTAL FM JUL 1 1784 CLOUDY (SCALE 8-10) 0
DPTR FM NORMAL 26
[CDD (BASE 65) ]
TOTAL THIS MO. 0
DPTR FM NORMAL 0 [PRESSURE DATA]
TOTAL FM JAN 1 2080 HIGHEST SLP M ON M
DPTR FM NORMAL 441 LOWEST SLP 29.28 ON 28
[REMARKS]
#FINAL-12-22#