000
CXUS52 KFFC 011010
CF6GVL
PRELIMINARY LOCAL CLIMATOLOGICAL DATA (WS FORM: F-6)
STATION: GAINESVILLE
MONTH: JULY
YEAR: 2020
LATITUDE: 34 16 N
LONGITUDE: 83 50 W
TEMPERATURE IN F: :PCPN: SNOW: WIND :SUNSHINE: SKY :PK WND
================================================================================
1 2 3 4 5 6A 6B 7 8 9 10 11 12 13 14 15 16 17 18
12Z AVG MX 2MIN
DY MAX MIN AVG DEP HDD CDD WTR SNW DPTH SPD SPD DIR MIN PSBL S-S WX SPD DR
================================================================================
1 80 69 75 -3 0 10 0.00 0.0 M 7.8 15 260 M M 3 19 250
2 91 69 80 2 0 15 0.00 0.0 M 3.8 10 90 M M 2 13 100
3 90 74 82 4 0 17 0.00 0.0 M 3.4 10 100 M M 4 13 120
4 90 71 81 3 0 16 0.00 M M 2.7 10 130 M M 2 38 13 130
5 90 71 81 2 0 16 0.00 M M 4.4 13 100 M M 1 18 17 100
6 80 71 76 -3 0 11 0.57 M M 7.0 16 120 M M 7 138 21 100
7 84 70 77 -2 0 12 0.06 M M 8.2 15 60 M M 9 1 22 50
8 87 70 79 0 0 14 0.90 M M 4.0 22 280 M M 5 1238 28 280
9 88 70 79 0 0 14 T M M 4.0 12 360 M M 3 3 13 310
10 90 70 80 1 0 15 T 0.0 M 5.1 23 30 M M 0 3 29 20
11 90 70 80 1 0 15 0.00 0.0 M 7.9 16 340 M M 0 23 310
12 86 66 76 -3 0 11 0.00 M M 5.3 13 270 M M 0 17 270
13 89 67 78 -1 0 13 0.00 M M 6.6 15 300 M M 1 20 310
14 92 68 80 1 0 15 0.00 M M 2.9 9 60 M M 1 16 60
15 92 72 82 3 0 17 0.00 M M 4.6 10 50 M M 3 3 14 90
16 91 74 83 4 0 18 0.00 M M 2.9 9 150 M M 1 18 13 110
17 95 74 85 6 0 20 0.00 M M 2.1 8 160 M M 2 11 150
18 95 73 84 5 0 19 0.00 M M 3.1 14 190 M M 1 13 20 200
19 93 72 83 4 0 18 0.00 M M 2.1 14 240 M M 1 17 270
20 95 75 85 6 0 20 0.00 M M 3.7 12 330 M M 1 3 15 330
21 92 72 82 3 0 17 T M M 4.7 17 280 M M 2 3 24 280
22 91 70 81 2 0 16 0.01 M M 3.8 21 260 M M 2 3 37 210
23 92 70 81 2 0 16 0.00 M M 3.4 13 160 M M 1 18 160
24 86 71 79 0 0 14 0.01 M M 4.0 12 60 M M 3 14 70
25 92 70 81 2 0 16 0.00 M M 3.6 18 150 M M 1 3 25 150
26 91 69 80 1 0 15 T M M 2.9 8 330 M M 2 11 210
27 93 71 82 3 0 17 0.39 M M 4.6 21 260 M M 1 38 27 250
28 91 72 82 3 0 17 T M M 5.9 13 260 M M 1 3 15 250
29 89 74 82 3 0 17 0.00 M M 6.7 14 260 M M 5 16 290
30 86 74 80 1 0 15 0.48 M M 8.6 20 240 M M 6 18 26 240
31 90 73 82 3 0 17 1.71 M M 7.9 16 110 M M 4 1238 30 110
================================================================================
SM 2781 2202 0 483 4.13 0.0 147.7 M 75
================================================================================
AV 89.7 71.0 4.8 FASTST M M 2 MAX(MPH)
MISC ----> 23 30 37 210
================================================================================
NOTES:
# LAST OF SEVERAL OCCURRENCES
COLUMN 17 PEAK WIND IN M.P.H.
PRELIMINARY LOCAL CLIMATOLOGICAL DATA (WS FORM: F-6) , PAGE 2
STATION: GAINESVILLE
MONTH: JULY
YEAR: 2020
LATITUDE: 34 16 N
LONGITUDE: 83 50 W
[TEMPERATURE DATA] [PRECIPITATION DATA] SYMBOLS USED IN COLUMN 16
AVERAGE MONTHLY: 80.4 TOTAL FOR MONTH: 4.13 1 = FOG OR MIST
DPTR FM NORMAL: 1.5 DPTR FM NORMAL: -0.38 2 = FOG REDUCING VISIBILITY
HIGHEST: 95 ON 20,18 GRTST 24HR 1.72 ON 30-31 TO 1/4 MILE OR LESS
LOWEST: 66 ON 12 3 = THUNDER
SNOW, ICE PELLETS, HAIL 4 = ICE PELLETS
TOTAL MONTH: 0.0 INCH 5 = HAIL
GRTST 24HR 0.0 6 = FREEZING RAIN OR DRIZZLE
GRTST DEPTH: M ON M 7 = DUSTSTORM OR SANDSTORM:
VSBY 1/2 MILE OR LESS
8 = SMOKE OR HAZE
[NO. OF DAYS WITH] [WEATHER - DAYS WITH] 9 = BLOWING SNOW
X = TORNADO
MAX 32 OR BELOW: 0 0.01 INCH OR MORE: 8
MAX 90 OR ABOVE: 21 0.10 INCH OR MORE: 5
MIN 32 OR BELOW: 0 0.50 INCH OR MORE: 3
MIN 0 OR BELOW: 0 1.00 INCH OR MORE: 1
[HDD (BASE 65) ]
TOTAL THIS MO. 0 CLEAR (SCALE 0-3) 24
DPTR FM NORMAL 0 PTCLDY (SCALE 4-7) 6
TOTAL FM JUL 1 0 CLOUDY (SCALE 8-10) 1
DPTR FM NORMAL 0
[CDD (BASE 65) ]
TOTAL THIS MO. 483
DPTR FM NORMAL 57 [PRESSURE DATA]
TOTAL FM JAN 1 950 HIGHEST SLP 30.22 ON 24
DPTR FM NORMAL 28 LOWEST SLP 29.78 ON 12
[REMARKS]
#FINAL-07-20#