000
CXUS54 KFWD 010830
CF6GVT
PRELIMINARY LOCAL CLIMATOLOGICAL DATA (WS FORM: F-6)
STATION: GREENVILLE
MONTH: JANUARY
YEAR: 2023
LATITUDE: 33 4 N
LONGITUDE: 96 4 W
TEMPERATURE IN F: :PCPN: SNOW: WIND :SUNSHINE: SKY :PK WND
================================================================================
1 2 3 4 5 6A 6B 7 8 9 10 11 12 13 14 15 16 17 18
12Z AVG MX 2MIN
DY MAX MIN AVG DEP HDD CDD WTR SNW DPTH SPD SPD DIR MIN PSBL S-S WX SPD DR
================================================================================
1 75 53 64 19 1 0 0.00 M M 11.6 18 190 M M 0 1 24 190
2 76 60 68 23 0 3 0.17 M M 11.9 20 170 M M 7 1 29 170
3 68 47 58 13 7 0 0.00 M M 8.2 15 270 M M 3 22 250
4 58 35 47 2 18 0 0.00 M M 4.3 12 340 M M 0 M M
5 62 33 48 3 17 0 0.00 M M 3.7 9 270 M M 0 M M
6 72 33 53 8 12 0 0.00 M M 8.6 20 170 M M 1 24 200
7 65 49 57 12 8 0 0.00 M M 10.5 20 210 M M 2 26 200
8 61 35 48 3 17 0 0.00 M M 5.3 10 360 M M 0 M M
9 67 28 48 3 17 0 0.00 M M 6.9 14 170 M M 0 24 180
10 78 51 65 20 0 0 0.00 M M 12.6 18 180 M M 0 1 23 190
11 81 55 68 23 0 3 0.00 M M 13.9 24 180 M M 0 31 180
12 67 38 53 8 12 0 0.00 M M 14.2 22 350 M M 2 30 290
13 58 30 44 -1 21 0 0.00 M M 7.0 12 340 M M 0 16 330
14 60 26 43 -2 22 0 0.00 M M 7.5 16 140 M M 0 M M
15 69 42 56 11 9 0 0.00 M M 14.6 26 180 M M 5 36 190
16 76 51 64 19 1 0 0.00 M M 14.2 22 200 M M 3 29 200
17 79 44 62 17 3 0 0.00 M M 7.5 13 190 M M 0 22 180
18 70 53 62 17 3 0 0.00 M M 9.5 17 310 M M 5 1 26 310
19 58 39 49 4 16 0 0.00 M M 9.4 16 310 M M 0 24 290
20 63 31 47 2 18 0 0.00 M M 4.7 10 70 M M 4 M M
21 53 42 48 3 17 0 0.00 M M 8.1 15 120 M M 10 1 20 120
22 51 29 40 -6 25 0 0.00 M M 9.1 16 320 M M 3 1 25 310
23 53 23 38 -8 27 0 0.00 M M 4.2 13 60 M M 2 17 90
24 45 34 40 -6 25 0 1.02 M M 9.9 16 310 M M 9 1 22 40
25 46 31 39 -7 26 0 0.00 M M 10.2 14 280 M M 8 1 22 310
26 52 28 40 -6 25 0 0.00 M M 6.3 12 250 M M 0 18 280
27 61 30 46 0 19 0 0.00 M M 10.7 20 200 M M 0 24 210
28 63 42 53 7 12 0 0.00 M M 12.1 16 170 M M 10 1 21 200
29 63 29 46 0 19 0 0.11 M M 12.2 20 350 M M 10 1 26 350
30 29 26 28 -18 37 0 T M M 12.8 18 350 M M 10 16 24 350
31 30 25 28 -18 37 0 M M M 10.0 14 360 M M 10 146 17 360
================================================================================
SM 1909 1172 471 6 1.30 M 291.8 M 104
================================================================================
AV 61.6 37.8 9.4 FASTST M M 3 MAX(MPH)
MISC ----> 26 180 36 190
================================================================================
NOTES:
# LAST OF SEVERAL OCCURRENCES
COLUMN 17 PEAK WIND IN M.P.H.
PRELIMINARY LOCAL CLIMATOLOGICAL DATA (WS FORM: F-6) , PAGE 2
STATION: GREENVILLE
MONTH: JANUARY
YEAR: 2023
LATITUDE: 33 4 N
LONGITUDE: 96 4 W
[TEMPERATURE DATA] [PRECIPITATION DATA] SYMBOLS USED IN COLUMN 16
AVERAGE MONTHLY: 49.7 TOTAL FOR MONTH: 1.30 1 = FOG OR MIST
DPTR FM NORMAL: 4.4 DPTR FM NORMAL: -1.45 2 = FOG REDUCING VISIBILITY
HIGHEST: 81 ON 11 GRTST 24HR 1.51 ON 24-24 TO 1/4 MILE OR LESS
LOWEST: 23 ON 23 3 = THUNDER
SNOW, ICE PELLETS, HAIL 4 = ICE PELLETS
TOTAL MONTH: M 5 = HAIL
GRTST 24HR M ON M 6 = FREEZING RAIN OR DRIZZLE
GRTST DEPTH: M ON M 7 = DUSTSTORM OR SANDSTORM:
VSBY 1/2 MILE OR LESS
8 = SMOKE OR HAZE
[NO. OF DAYS WITH] [WEATHER - DAYS WITH] 9 = BLOWING SNOW
X = TORNADO
MAX 32 OR BELOW: 2 0.01 INCH OR MORE: 3
MAX 90 OR ABOVE: 0 0.10 INCH OR MORE: 3
MIN 32 OR BELOW: 12 0.50 INCH OR MORE: 1
MIN 0 OR BELOW: 0 1.00 INCH OR MORE: 1
[HDD (BASE 65) ]
TOTAL THIS MO. 471 CLEAR (SCALE 0-3) 18
DPTR FM NORMAL -144 PTCLDY (SCALE 4-7) 6
TOTAL FM JUL 1 1462 CLOUDY (SCALE 8-10) 7
DPTR FM NORMAL -94
[CDD (BASE 65) ]
TOTAL THIS MO. 6
DPTR FM NORMAL 3 [PRESSURE DATA]
TOTAL FM JAN 1 6 HIGHEST SLP M ON M
DPTR FM NORMAL 3 LOWEST SLP M ON M
[REMARKS]
#FINAL-01-23#