000
CXUS55 KBOU 011000
CF6GXY
PRELIMINARY LOCAL CLIMATOLOGICAL DATA (WS FORM: F-6)
STATION: GREELEY CO
MONTH: NOVEMBER
YEAR: 2022
LATITUDE: 40 25 N
LONGITUDE: 104 38 W
TEMPERATURE IN F: :PCPN: SNOW: WIND :SUNSHINE: SKY :PK WND
================================================================================
1 2 3 4 5 6A 6B 7 8 9 10 11 12 13 14 15 16 17 18
12Z AVG MX 2MIN
DY MAX MIN AVG DEP HDD CDD WTR SNW DPTH SPD SPD DIR MIN PSBL S-S WX SPD DR
================================================================================
1 73 25 49 M 16 0 0.00 M M 4.9 10 290 M M 0 M M
2 72 33 53 M 12 0 0.00 M M 5.7 15 130 M M 0 M M
3 42 28 35 M 30 0 T M M 9.9 28 10 M M 5 18 36 10
4 45 20 33 M 32 0 T M M 3.5 7 100 M M 2 1 M M
5 64 19 42 M 23 0 0.00 M M 8.6 22 340 M M 0 39 330
6 51 36 44 M 21 0 0.00 M M 14.8 30 330 M M 8 41 320
7 57 33 45 M 20 0 0.00 M M 7.9 20 120 M M 0 27 120
8 69 26 48 M 17 0 0.00 M M 4.9 13 50 M M 0 M M
9 42 24 33 M 32 0 0.00 M M 6.2 23 20 M M 5 1 30 20
10 51 16 34 M 31 0 T M M 8.1 22 50 M M 2 35 30
11 39 9 24 M 41 0 0.00 M M 2.6 7 40 M M 2 M M
12 47 7 27 M 38 0 0.00 M M 4.7 9 350 M M 0 M M
13 51 10 31 M 34 0 0.00 M M 6.8 18 40 M M 1 8 21 60
14 40 10 25 M 40 0 T M M 5.5 15 340 M M 3 M M
15 41 15 28 M 37 0 0.00 M M 9.9 25 320 M M 4 36 320
16 44 10 27 M 38 0 0.00 M M 10.4 26 310 M M 4 35 320
17 30 13 22 M 43 0 0.01 M M 9.0 21 30 M M 9 1 30 30
18 23 1 12 M 53 0 0.01 M M 3.9 10 60 M M 2 1 M M
19 39 0 20 M 45 0 0.00 M M 4.9 9 310 M M 1 M M
20 48 5 27 M 38 0 0.00 M M 3.6 8 310 M M 0 M M
21 52 9 31 M 34 0 0.00 M M 3.4 9 290 M M 0 M M
22 54 13 34 M 31 0 0.00 M M 4.3 10 170 M M 0 18 190
23 50 12 31 M 34 0 0.00 M M 10.1 27 330 M M 1 37 330
24 47 16 32 M 33 0 0.00 M M 9.9 20 340 M M 5 23 330
25 60 13 37 M 28 0 0.00 M M 4.6 8 300 M M 0 M M
26 61 16 39 M 26 0 0.00 M M 10.0 28 360 M M 2 35 20
27 49 21 35 M 30 0 T M M 3.6 8 240 M M 4 1 M M
28 55 18 37 M 28 0 T T M 11.0 25 40 M M 1 1 30 40
29 30 -6 12 M 53 0 0.04 M M 5.1 16 360 M M 5 12 M M
30 26 -6 10 M 55 0 T M M 4.9 9 280 M M 2 128 M M
================================================================================
SM 1452 446 993 0 0.06 T 202.8 M 68
================================================================================
AV 48.4 14.9 6.8 FASTST M M 2 MAX(MPH)
MISC ----> 30 330 41 320
================================================================================
NOTES:
# LAST OF SEVERAL OCCURRENCES
COLUMN 17 PEAK WIND IN M.P.H.
PRELIMINARY LOCAL CLIMATOLOGICAL DATA (WS FORM: F-6) , PAGE 2
STATION: GREELEY CO
MONTH: NOVEMBER
YEAR: 2022
LATITUDE: 40 25 N
LONGITUDE: 104 38 W
[TEMPERATURE DATA] [PRECIPITATION DATA] SYMBOLS USED IN COLUMN 16
AVERAGE MONTHLY: 31.6 TOTAL FOR MONTH: 0.06 1 = FOG OR MIST
DPTR FM NORMAL: 0.0 DPTR FM NORMAL: M 2 = FOG REDUCING VISIBILITY
HIGHEST: 73 ON 1 GRTST 24HR 0.04 ON 28-29 TO 1/4 MILE OR LESS
LOWEST: -6 ON 30,29 3 = THUNDER
SNOW, ICE PELLETS, HAIL 4 = ICE PELLETS
TOTAL MONTH: T 5 = HAIL
GRTST 24HR T ON 28-28 6 = FREEZING RAIN OR DRIZZLE
GRTST DEPTH: M ON M 7 = DUSTSTORM OR SANDSTORM:
VSBY 1/2 MILE OR LESS
8 = SMOKE OR HAZE
[NO. OF DAYS WITH] [WEATHER - DAYS WITH] 9 = BLOWING SNOW
X = TORNADO
MAX 32 OR BELOW: 4 0.01 INCH OR MORE: 3
MAX 90 OR ABOVE: 0 0.10 INCH OR MORE: 0
MIN 32 OR BELOW: 27 0.50 INCH OR MORE: 0
MIN 0 OR BELOW: 3 1.00 INCH OR MORE: 0
[HDD (BASE 65) ]
TOTAL THIS MO. 993 CLEAR (SCALE 0-3) 21
DPTR FM NORMAL M PTCLDY (SCALE 4-7) 8
TOTAL FM JUL 1 1478 CLOUDY (SCALE 8-10) 1
DPTR FM NORMAL M
[CDD (BASE 65) ]
TOTAL THIS MO. 0
DPTR FM NORMAL M [PRESSURE DATA]
TOTAL FM JAN 1 1009 HIGHEST SLP 30.64 ON 19
DPTR FM NORMAL M LOWEST SLP 29.49 ON 5
[REMARKS]
#FINAL-11-22#