000
CXUS54 KJAN 011410
CF6HBG
PRELIMINARY LOCAL CLIMATOLOGICAL DATA (WS FORM: F-6)
STATION: HATTIESBURG
MONTH: JUNE
YEAR: 2023
LATITUDE: 31 16 N
LONGITUDE: 89 15 W
TEMPERATURE IN F: :PCPN: SNOW: WIND :SUNSHINE: SKY :PK WND
================================================================================
1 2 3 4 5 6A 6B 7 8 9 10 11 12 13 14 15 16 17 18
12Z AVG MX 2MIN
DY MAX MIN AVG DEP HDD CDD WTR SNW DPTH SPD SPD DIR MIN PSBL S-S WX SPD DR
================================================================================
1 86 65 76 -1 0 11 0.00 0.0 0 4.5 15 90 M M 2 1 24 90
2 91 65 78 0 0 13 0.00 0.0 0 3.3 12 50 M M 1 18 17 70
3 93 67 80 2 0 15 0.48 0.0 0 3.0 30 330 M M 1 3 40 340
4 93 65 79 1 0 14 0.17 0.0 0 3.0 17 100 M M 1 13 26 120
5 91 66 79 1 0 14 0.04 0.0 0 4.7 32 140 M M 2 13 41 140
6 88 65 77 -1 0 12 0.01 0.0 0 2.8 16 180 M M 1 13 22 150
7 91 67 79 1 0 14 0.04 0.0 0 3.1 16 40 M M 3 3 25 40
8 93 67 80 1 0 15 0.00 0.0 0 2.3 14 230 M M 1 19 220
9 93 71 82 3 0 17 0.00 0.0 0 2.1 16 190 M M 1 38 23 180
10 93 69 81 2 0 16 0.00 0.0 0 4.1 20 220 M M 3 138 27 220
11 90 69 80 1 0 15 0.00 0.0 0 4.5 14 250 M M 2 21 250
12 92 70 81 2 0 16 0.31 0.0 0 4.6 20 120 M M 3 13 26 60
13 89 70 80 0 0 15 0.11 0.0 0 3.4 13 350 M M 5 123 22 260
14 94 70 82 2 0 17 0.64 0.0 0 5.9 41 310 M M 4 138 63 300
15 91 71 81 1 0 16 T 0.0 0 4.9 16 220 M M 2 1 25 210
16 92 69 81 1 0 16 1.87 0.0 0 7.5 28 70 M M 5 138 38 70
17 93 70 82 2 0 17 0.12 0.0 0 4.6 20 50 M M 3 13 29 70
18 86 73 80 0 0 15 0.00 0.0 0 8.6 20 170 M M 5 13 28 190
19 95 74 85 5 0 20 0.01 0.0 0 7.3 21 280 M M 3 3 31 300
20 87 72 80 0 0 15 0.00 0.0 0 4.7 13 230 M M 3 8 22 230
21 91 73 82 2 0 17 0.00 0.0 0 4.3 13 310 M M 2 1 18 260
22 88 70 79 -2 0 14 0.01 0.0 0 2.6 10 340 M M 2 3 15 350
23 90 70 80 -1 0 15 0.00 0.0 0 3.2 12 340 M M 0 17 10
24 95 66 81 0 0 16 0.00 0.0 0 3.8 12 180 M M 1 16 200
25 95 74 85 4 0 20 0.22 0.0 0 5.8 29 330 M M 2 3 44 340
26 93 72 83 2 0 18 0.11 0.0 0 6.6 17 340 M M 1 13 30 330
27 96 75 86 5 0 21 0.02 0.0 0 5.9 18 320 M M 3 3 28 340
28 97 73 85 4 0 20 0.00 0.0 0 2.5 12 350 M M 0 16 360
29 98 77 88 7 0 23 0.00 0.0 0 2.5 9 100 M M 1 14 20
30 98 77 88 7 0 23 0.00 0.0 0 2.4 10 240 M M 0 18 13 240
================================================================================
SM 2762 2102 0 490 4.16 0.0 128.5 M 63
================================================================================
AV 92.1 70.1 4.3 FASTST M M 2 MAX(MPH)
MISC ----> 41 310 63 300
================================================================================
NOTES:
# LAST OF SEVERAL OCCURRENCES
COLUMN 17 PEAK WIND IN M.P.H.
PRELIMINARY LOCAL CLIMATOLOGICAL DATA (WS FORM: F-6) , PAGE 2
STATION: HATTIESBURG
MONTH: JUNE
YEAR: 2023
LATITUDE: 31 16 N
LONGITUDE: 89 15 W
[TEMPERATURE DATA] [PRECIPITATION DATA] SYMBOLS USED IN COLUMN 16
AVERAGE MONTHLY: 81.1 TOTAL FOR MONTH: 4.16 1 = FOG OR MIST
DPTR FM NORMAL: 1.4 DPTR FM NORMAL: -1.69 2 = FOG REDUCING VISIBILITY
HIGHEST: 98 ON 30,29 GRTST 24HR 1.87 ON 16-16 TO 1/4 MILE OR LESS
LOWEST: 65 ON 2, 6 3 = THUNDER
SNOW, ICE PELLETS, HAIL 4 = ICE PELLETS
TOTAL MONTH: 0.0 INCH 5 = HAIL
GRTST 24HR 0.0 6 = FREEZING RAIN OR DRIZZLE
GRTST DEPTH: 0 7 = DUSTSTORM OR SANDSTORM:
VSBY 1/2 MILE OR LESS
8 = SMOKE OR HAZE
[NO. OF DAYS WITH] [WEATHER - DAYS WITH] 9 = BLOWING SNOW
X = TORNADO
MAX 32 OR BELOW: 0 0.01 INCH OR MORE: 15
MAX 90 OR ABOVE: 24 0.10 INCH OR MORE: 9
MIN 32 OR BELOW: 0 0.50 INCH OR MORE: 2
MIN 0 OR BELOW: 0 1.00 INCH OR MORE: 1
[HDD (BASE 65) ]
TOTAL THIS MO. 0 CLEAR (SCALE 0-3) 25
DPTR FM NORMAL 0 PTCLDY (SCALE 4-7) 5
TOTAL FM JUL 1 1394 CLOUDY (SCALE 8-10) 0
DPTR FM NORMAL -525
[CDD (BASE 65) ]
TOTAL THIS MO. 490
DPTR FM NORMAL 51 [PRESSURE DATA]
TOTAL FM JAN 1 1152 HIGHEST SLP 30.05 ON 25
DPTR FM NORMAL 275 LOWEST SLP 29.71 ON 14
[REMARKS]
#FINAL-06-23#