000
CXUS54 KOUN 010810
CF6HBR
PRELIMINARY LOCAL CLIMATOLOGICAL DATA (WS FORM: F-6)
STATION: HOBART
MONTH: JUNE
YEAR: 2023
LATITUDE: 35 0 N
LONGITUDE: 99 3 W
TEMPERATURE IN F: :PCPN: SNOW: WIND :SUNSHINE: SKY :PK WND
================================================================================
1 2 3 4 5 6A 6B 7 8 9 10 11 12 13 14 15 16 17 18
12Z AVG MX 2MIN
DY MAX MIN AVG DEP HDD CDD WTR SNW DPTH SPD SPD DIR MIN PSBL S-S WX SPD DR
================================================================================
1 87 65 76 0 0 11 0.49 M M 10.0 25 300 M M 3 13 38 260
2 88 62 75 -2 0 10 1.38 M M 14.4 30 150 M M 5 138 38 330
3 83 63 73 -4 0 8 0.01 M M 7.7 25 70 M M 7 33 70
4 82 61 72 -5 0 7 0.72 M M 8.0 22 90 M M 4 13 30 90
5 87 60 74 -4 0 9 0.58 0.0 M 7.8 38 140 M M 1 38 48 140
6 89 61 75 -3 0 10 0.00 0.0 M 9.0 21 130 M M 1 138 27 140
7 88 62 75 -3 0 10 0.00 0.0 M 8.6 26 220 M M 1 13 31 220
8 87 63 75 -4 0 10 0.00 M M 8.9 22 220 M M 2 29 230
9 94 63 79 0 0 14 0.00 M M 7.9 15 150 M M 0 1 22 220
10 91 65 78 -1 0 13 T M M 9.2 24 20 M M 1 3 33 40
11 91 68 80 1 0 15 0.00 M M 9.9 22 50 M M 0 31 40
12 70 61 66 -14 0 1 0.77 M M 12.4 31 350 M M 8 13 37 20
13 79 62 71 -9 0 6 0.01 M M 8.6 16 130 M M 8 138 20 140
14 88 64 76 -4 0 11 0.00 M M 8.1 15 230 M M 4 12 19 350
15 92 64 78 -2 0 13 0.29 M M 15.0 41 340 M M 1 3 64 350
16 89 64 77 -3 0 12 0.00 M M 8.7 15 100 M M 3 20 40
17 89 60 75 -6 0 10 1.82 M M 11.6 33 340 M M 2 13 43 20
18 88 59 74 -7 0 9 0.49 M M 8.7 16 150 M M 1 13 18 240
19 95 65 80 -1 0 15 0.00 M M 14.3 24 150 M M 0 30 140
20 98 75 87 6 0 22 0.00 M M 13.8 21 140 M M 1 18 25 150
21 87 73 80 -2 0 15 0.01 M M 14.4 25 110 M M 6 18 33 90
22 88 68 78 -4 0 13 0.00 M M 10.2 22 20 M M 2 18 28 30
23 90 65 78 -4 0 13 0.23 M M 12.4 39 350 M M 2 13 53 340
24 100 67 84 2 0 19 0.00 M M 10.8 24 130 M M 0 29 130
25 94 72 83 1 0 18 0.00 M M 10.4 29 40 M M 0 1 34 30
26 93 72 83 1 0 18 0.00 M M 14.5 25 100 M M 0 8 31 90
27 98 72 85 3 0 20 0.00 M M 15.3 29 140 M M 0 34 290
28 110 71 91 8 0 26 0.00 M M 16.3 32 220 M M 0 1 41 210
29 106 72 89 6 0 24 0.00 M M 15.1 26 220 M M 0 32 230
30 100 71 86 3 0 21 0.01 M M 14.7 31 350 M M 3 3 41 330
================================================================================
SM 2721 1970 0 403 6.81 0.0 336.7 M 66
================================================================================
AV 90.7 65.7 11.2 FASTST M M 2 MAX(MPH)
MISC ----> 41 340 64 350
================================================================================
NOTES:
# LAST OF SEVERAL OCCURRENCES
COLUMN 17 PEAK WIND IN M.P.H.
PRELIMINARY LOCAL CLIMATOLOGICAL DATA (WS FORM: F-6) , PAGE 2
STATION: HOBART
MONTH: JUNE
YEAR: 2023
LATITUDE: 35 0 N
LONGITUDE: 99 3 W
[TEMPERATURE DATA] [PRECIPITATION DATA] SYMBOLS USED IN COLUMN 16
AVERAGE MONTHLY: 78.2 TOTAL FOR MONTH: 6.81 1 = FOG OR MIST
DPTR FM NORMAL: -2.0 DPTR FM NORMAL: 3.46 2 = FOG REDUCING VISIBILITY
HIGHEST: 110 ON 28 GRTST 24HR 2.31 ON 17-18 TO 1/4 MILE OR LESS
LOWEST: 59 ON 18 3 = THUNDER
SNOW, ICE PELLETS, HAIL 4 = ICE PELLETS
TOTAL MONTH: 0.0 INCH 5 = HAIL
GRTST 24HR 0.0 6 = FREEZING RAIN OR DRIZZLE
GRTST DEPTH: M ON M 7 = DUSTSTORM OR SANDSTORM:
VSBY 1/2 MILE OR LESS
8 = SMOKE OR HAZE
[NO. OF DAYS WITH] [WEATHER - DAYS WITH] 9 = BLOWING SNOW
X = TORNADO
MAX 32 OR BELOW: 0 0.01 INCH OR MORE: 13
MAX 90 OR ABOVE: 14 0.10 INCH OR MORE: 9
MIN 32 OR BELOW: 0 0.50 INCH OR MORE: 5
MIN 0 OR BELOW: 0 1.00 INCH OR MORE: 2
[HDD (BASE 65) ]
TOTAL THIS MO. 0 CLEAR (SCALE 0-3) 22
DPTR FM NORMAL -1 PTCLDY (SCALE 4-7) 7
TOTAL FM JUL 1 3366 CLOUDY (SCALE 8-10) 1
DPTR FM NORMAL -39
[CDD (BASE 65) ]
TOTAL THIS MO. 403
DPTR FM NORMAL -52 [PRESSURE DATA]
TOTAL FM JAN 1 619 HIGHEST SLP M ON M
DPTR FM NORMAL -101 LOWEST SLP 29.57 ON 15
[REMARKS]
#FINAL-06-23#