000
CXUS54 KOUN 010810
CF6HBR
PRELIMINARY LOCAL CLIMATOLOGICAL DATA (WS FORM: F-6)
STATION: HOBART
MONTH: MARCH
YEAR: 2023
LATITUDE: 35 0 N
LONGITUDE: 99 3 W
TEMPERATURE IN F: :PCPN: SNOW: WIND :SUNSHINE: SKY :PK WND
================================================================================
1 2 3 4 5 6A 6B 7 8 9 10 11 12 13 14 15 16 17 18
12Z AVG MX 2MIN
DY MAX MIN AVG DEP HDD CDD WTR SNW DPTH SPD SPD DIR MIN PSBL S-S WX SPD DR
================================================================================
1 61 35 48 1 17 0 0.00 M M 11.9 29 50 M M 0 34 50
2 56 34 45 -2 20 0 0.00 M M 11.5 25 40 M M 5 29 40
3 66 35 51 3 14 0 0.00 M M 10.7 20 350 M M 2 25 330
4 64 38 51 3 14 0 0.00 M M 11.9 23 360 M M 0 27 10
5 79 34 57 9 8 0 0.00 M M 17.5 26 180 M M 0 32 210
6 70 39 55 6 10 0 0.00 M M 10.5 18 190 M M 0 21 190
7 52 42 47 -2 18 0 T M M 13.7 21 60 M M 7 25 60
8 58 35 47 -2 18 0 0.08 M M 11.1 21 10 M M 6 13 25 360
9 61 36 49 -1 16 0 0.02 M M 9.4 21 40 M M 7 18 26 30
10 58 29 44 -6 21 0 0.00 M M 10.6 22 160 M M 0 1 26 220
11 88 46 67 17 0 2 0.00 M M 18.6 31 360 M M 0 1 38 360
12 56 34 45 -6 20 0 0.00 M M 9.9 20 40 M M 3 27 40
13 39 27 33 -18 32 0 T M M 9.4 18 60 M M 4 8 22 60
14 54 25 40 -11 25 0 0.11 M M 8.2 20 180 M M 3 16 27 190
15 69 37 53 1 12 0 0.00 M M 22.2 37 180 M M 2 47 180
16 63 37 50 -2 15 0 0.19 M M 22.2 36 360 M M 6 13 45 360
17 53 27 40 -12 25 0 0.00 M M 10.0 24 10 M M 0 29 10
18 52 25 39 -14 26 0 0.00 M M 10.7 22 20 M M 0 27 20
19 52 18 35 -18 30 0 0.00 M M 11.8 24 170 M M 0 30 170
20 60 35 48 -5 17 0 0.00 0.0 0 22.5 36 200 M M 1 45 190
21 77 46 62 8 3 0 0.05 0.0 0 20.7 32 210 M M 3 1 42 210
22 80 56 68 14 0 3 0.00 0.0 0 17.0 25 220 M M 0 30 210
23 66 50 58 4 7 0 0.00 M M 13.2 22 80 M M 3 1 26 80
24 74 40 57 3 8 0 T M M 10.6 26 260 M M 4 1 35 300
25 72 33 53 -2 12 0 0.00 M M 11.1 26 260 M M 0 18 33 240
26 63 29 46 -9 19 0 0.00 M M 10.5 21 50 M M 0 26 40
27 57 32 45 -10 20 0 0.00 0.0 M 11.5 29 20 M M 0 1 36 20
28 57 32 45 -11 20 0 0.00 0.0 M 12.4 24 20 M M 0 30 350
29 67 33 50 -6 15 0 0.00 0.0 M 13.4 24 200 M M 2 33 200
30 66 51 59 3 6 0 T M M 21.9 32 180 M M 7 18 43 190
31 76 48 62 6 3 0 T M M 21.5 47 250 M M 1 8 59 260
================================================================================
SM 1966 1118 471 5 0.45 0.0 428.1 M 66
================================================================================
AV 63.4 36.1 13.8 FASTST M M 2 MAX(MPH)
MISC ----> 47 250 59 260
================================================================================
NOTES:
# LAST OF SEVERAL OCCURRENCES
COLUMN 17 PEAK WIND IN M.P.H.
PRELIMINARY LOCAL CLIMATOLOGICAL DATA (WS FORM: F-6) , PAGE 2
STATION: HOBART
MONTH: MARCH
YEAR: 2023
LATITUDE: 35 0 N
LONGITUDE: 99 3 W
[TEMPERATURE DATA] [PRECIPITATION DATA] SYMBOLS USED IN COLUMN 16
AVERAGE MONTHLY: 49.7 TOTAL FOR MONTH: 0.45 1 = FOG OR MIST
DPTR FM NORMAL: -2.2 DPTR FM NORMAL: -1.40 2 = FOG REDUCING VISIBILITY
HIGHEST: 88 ON 11 GRTST 24HR 0.19 ON 16-16 TO 1/4 MILE OR LESS
LOWEST: 18 ON 19 3 = THUNDER
SNOW, ICE PELLETS, HAIL 4 = ICE PELLETS
TOTAL MONTH: 0.0 INCH 5 = HAIL
GRTST 24HR 0.0 6 = FREEZING RAIN OR DRIZZLE
GRTST DEPTH: 0 7 = DUSTSTORM OR SANDSTORM:
VSBY 1/2 MILE OR LESS
8 = SMOKE OR HAZE
[NO. OF DAYS WITH] [WEATHER - DAYS WITH] 9 = BLOWING SNOW
X = TORNADO
MAX 32 OR BELOW: 0 0.01 INCH OR MORE: 5
MAX 90 OR ABOVE: 0 0.10 INCH OR MORE: 2
MIN 32 OR BELOW: 9 0.50 INCH OR MORE: 0
MIN 0 OR BELOW: 0 1.00 INCH OR MORE: 0
[HDD (BASE 65) ]
TOTAL THIS MO. 471 CLEAR (SCALE 0-3) 22
DPTR FM NORMAL 56 PTCLDY (SCALE 4-7) 9
TOTAL FM JUL 1 3143 CLOUDY (SCALE 8-10) 0
DPTR FM NORMAL -29
[CDD (BASE 65) ]
TOTAL THIS MO. 5
DPTR FM NORMAL -5 [PRESSURE DATA]
TOTAL FM JAN 1 5 HIGHEST SLP M ON M
DPTR FM NORMAL -6 LOWEST SLP 29.49 ON 11
[REMARKS]
#FINAL-03-23#