000
CXUS54 KOUN 010810
CF6HBR
PRELIMINARY LOCAL CLIMATOLOGICAL DATA (WS FORM: F-6)
STATION: HOBART
MONTH: JUNE
YEAR: 2022
LATITUDE: 35 0 N
LONGITUDE: 99 3 W
TEMPERATURE IN F: :PCPN: SNOW: WIND :SUNSHINE: SKY :PK WND
================================================================================
1 2 3 4 5 6A 6B 7 8 9 10 11 12 13 14 15 16 17 18
12Z AVG MX 2MIN
DY MAX MIN AVG DEP HDD CDD WTR SNW DPTH SPD SPD DIR MIN PSBL S-S WX SPD DR
================================================================================
1 74 59 67 -9 0 2 1.63 M M 13.0 31 250 M M 8 13 38 250
2 76 57 67 -10 0 2 0.16 M M 8.4 18 80 M M 9 13 25 30
3 76 63 70 -7 0 5 0.01 M M 7.0 15 130 M M 5 1 22 150
4 84 63 74 -3 0 9 0.00 M M 11.5 23 210 M M 3 1 32 210
5 93 70 82 4 0 17 0.00 M M 18.3 29 170 M M 1 1 45 170
6 91 71 81 3 0 16 0.00 M M 15.4 24 130 M M 0 1 30 190
7 85 70 78 0 0 13 T M M 13.4 24 90 M M 6 1 30 100
8 82 66 74 -5 0 9 0.90 M M 11.9 36 10 M M 2 1 48 10
9 86 65 76 -3 0 11 0.25 M M 11.7 37 280 M M 3 13 47 280
10 91 64 78 -1 0 13 0.07 M M 13.3 29 280 M M 1 13 38 200
11 101 71 86 7 0 21 0.00 M M 12.7 24 220 M M 0 1 28 210
12 104 73 89 9 0 24 0.00 M M 18.8 32 210 M M 0 8 42 200
13 100 72 86 6 0 21 0.00 M M 20.9 32 180 M M 0 41 210
14 96 76 86 6 0 21 0.00 M M 23.7 33 200 M M 0 43 210
15 99 77 88 8 0 23 0.00 M M 22.3 35 210 M M 0 44 210
16 97 74 86 6 0 21 0.00 M M 15.2 24 210 M M 0 31 210
17 97 71 84 3 0 19 0.00 M M 13.8 24 140 M M 0 29 140
18 96 73 85 4 0 20 0.00 M M 14.0 26 130 M M 0 31 130
19 97 75 86 5 0 21 0.00 M M 15.4 24 140 M M 1 29 190
20 100 75 88 7 0 23 0.00 0.0 M 19.3 26 220 M M 1 38 190
21 101 77 89 7 0 24 0.00 0.0 M 15.9 25 220 M M 0 39 220
22 100 72 86 4 0 21 0.00 0.0 M 11.8 25 140 M M 0 8 30 140
23 103 74 89 7 0 24 0.00 M M 13.8 25 200 M M 0 32 220
24 105 78 92 10 0 27 0.00 M M 17.9 28 210 M M 0 39 230
25 106 77 92 10 0 27 0.00 M M 13.8 28 210 M M 0 32 210
26 88 69 79 -3 0 14 0.00 M M 19.0 29 60 M M 1 39 70
27 89 60 75 -7 0 10 0.00 M M 11.8 21 50 M M 0 24 80
28 91 66 79 -4 0 14 T M M 9.6 17 130 M M 5 21 130
29 92 63 78 -5 0 13 M M M 8.6 17 150 M M 0 21 160
30 101 66 84 1 0 19 0.00 0.0 0 12.6 26 220 M M 0 31 220
================================================================================
SM 2801 2087 0 504 3.02 0.0 434.8 M 46
================================================================================
AV 93.4 69.6 14.5 FASTST M M 2 MAX(MPH)
MISC ----> 37 280 48 10
================================================================================
NOTES:
# LAST OF SEVERAL OCCURRENCES
COLUMN 17 PEAK WIND IN M.P.H.
PRELIMINARY LOCAL CLIMATOLOGICAL DATA (WS FORM: F-6) , PAGE 2
STATION: HOBART
MONTH: JUNE
YEAR: 2022
LATITUDE: 35 0 N
LONGITUDE: 99 3 W
[TEMPERATURE DATA] [PRECIPITATION DATA] SYMBOLS USED IN COLUMN 16
AVERAGE MONTHLY: 81.5 TOTAL FOR MONTH: 3.02 1 = FOG OR MIST
DPTR FM NORMAL: 1.3 DPTR FM NORMAL: -0.33 2 = FOG REDUCING VISIBILITY
HIGHEST: 106 ON 25 GRTST 24HR 1.75 ON 1- 2 TO 1/4 MILE OR LESS
LOWEST: 57 ON 2 3 = THUNDER
SNOW, ICE PELLETS, HAIL 4 = ICE PELLETS
TOTAL MONTH: 0.0 INCH 5 = HAIL
GRTST 24HR 0.0 6 = FREEZING RAIN OR DRIZZLE
GRTST DEPTH: 0 7 = DUSTSTORM OR SANDSTORM:
VSBY 1/2 MILE OR LESS
8 = SMOKE OR HAZE
[NO. OF DAYS WITH] [WEATHER - DAYS WITH] 9 = BLOWING SNOW
X = TORNADO
MAX 32 OR BELOW: 0 0.01 INCH OR MORE: 6
MAX 90 OR ABOVE: 21 0.10 INCH OR MORE: 4
MIN 32 OR BELOW: 0 0.50 INCH OR MORE: 2
MIN 0 OR BELOW: 0 1.00 INCH OR MORE: 1
[HDD (BASE 65) ]
TOTAL THIS MO. 0 CLEAR (SCALE 0-3) 24
DPTR FM NORMAL -1 PTCLDY (SCALE 4-7) 5
TOTAL FM JUL 1 3115 CLOUDY (SCALE 8-10) 1
DPTR FM NORMAL -290
[CDD (BASE 65) ]
TOTAL THIS MO. 504
DPTR FM NORMAL 49 [PRESSURE DATA]
TOTAL FM JAN 1 929 HIGHEST SLP M ON M
DPTR FM NORMAL 209 LOWEST SLP 29.47 ON 6
[REMARKS]
#FINAL-06-22#