000
CXUS53 KBIS 010930
CF6HEI
PRELIMINARY LOCAL CLIMATOLOGICAL DATA (WS FORM: F-6)
STATION: HETTINGER ND
MONTH: FEBRUARY
YEAR: 2023
LATITUDE: 46 0 N
LONGITUDE: 102 39 W
TEMPERATURE IN F: :PCPN: SNOW: WIND :SUNSHINE: SKY :PK WND
================================================================================
1 2 3 4 5 6A 6B 7 8 9 10 11 12 13 14 15 16 17 18
12Z AVG MX 2MIN
DY MAX MIN AVG DEP HDD CDD WTR SNW DPTH SPD SPD DIR MIN PSBL S-S WX SPD DR
================================================================================
1 35 13 24 7 41 0 0.00 M M 8.5 23 350 M M 3 32 360
2 22 1 12 -5 53 0 T M M 11.5 23 350 M M 8 1 32 350
3 45 7 26 9 39 0 0.00 M M 8.4 17 160 M M 3 18 23 170
4 44 22 33 16 32 0 0.00 M M 13.4 23 270 M M 1 29 270
5 44 19 32 15 33 0 0.00 M M 8.3 16 140 M M 1 22 160
6 39 25 32 14 33 0 0.00 M M 15.9 31 300 M M 4 43 310
7 45 23 34 16 31 0 0.00 M M 9.5 21 270 M M 0 26 270
8 45 22 34 16 31 0 0.00 M M 10.4 22 300 M M 2 27 310
9 34 17 26 8 39 0 T M M 12.5 30 350 M M 4 16 41 350
10 50 16 33 15 32 0 0.00 M M 6.8 17 270 M M 0 23 270
11 51 21 36 18 29 0 0.00 M M 3.5 13 360 M M 0 15 360
12 45 20 33 14 32 0 0.00 M M 6.4 24 280 M M 0 32 280
13 58 27 43 24 22 0 0.00 M M 4.0 17 250 M M 0 24 250
14 39 10 25 6 40 0 M M M 24.4 37 320 M M 6 189 47 330
15 25 4 15 -4 50 0 M M M 12.1 30 320 M M 1 39 320
16 32 4 18 -2 47 0 0.00 M M 4.7 9 250 M M 1 12 250
17 43 18 31 11 34 0 0.00 M M 10.7 29 290 M M 1 44 300
18 48 19 34 14 31 0 0.00 M M 9.5 30 280 M M 2 39 300
19 41 21 31 11 34 0 M M M 9.5 24 250 M M 6 8 32 230
20 33 10 22 1 43 0 0.00 M M 16.1 31 310 M M 3 42 300
21 16 -4 6 -15 59 0 M M M 17.7 26 70 M M 10 128 34 40
22 -3 -9 -6 -27 71 0 M M M 15.5 24 20 M M 10 18 31 30
23 -4 -29 -16 -38 81 0 M M M 8.2 18 360 M M 5 8 24 10
24 -1 -32 -16 -38 81 0 M M M 6.8 15 160 M M 3 19 150
25 35 -3 16 -6 49 0 0.00 M M 6.8 17 260 M M 0 22 250
26 40 5 23 0 42 0 0.00 M M 2.9 9 300 M M 0 12 170
27 39 10 25 2 40 0 0.00 M M 11.3 25 320 M M 2 34 330
28 32 11 22 -2 43 0 M M M 13.3 22 100 M M 9 12 31 90
================================================================================
SM 972 268 1192 0 T M 288.6 M 85
================================================================================
AV 34.7 9.6 10.3 FASTST M M 3 MAX(MPH)
MISC ----> 37 320 47 330
================================================================================
NOTES:
# LAST OF SEVERAL OCCURRENCES
COLUMN 17 PEAK WIND IN M.P.H.
PRELIMINARY LOCAL CLIMATOLOGICAL DATA (WS FORM: F-6) , PAGE 2
STATION: HETTINGER ND
MONTH: FEBRUARY
YEAR: 2023
LATITUDE: 46 0 N
LONGITUDE: 102 39 W
[TEMPERATURE DATA] [PRECIPITATION DATA] SYMBOLS USED IN COLUMN 16
AVERAGE MONTHLY: 22.1 TOTAL FOR MONTH: T 1 = FOG OR MIST
DPTR FM NORMAL: 2.6 DPTR FM NORMAL: -0.29 2 = FOG REDUCING VISIBILITY
HIGHEST: 58 ON 13 GRTST 24HR 0.03 ON 21-21 TO 1/4 MILE OR LESS
LOWEST: -32 ON 24 3 = THUNDER
SNOW, ICE PELLETS, HAIL 4 = ICE PELLETS
TOTAL MONTH: M 5 = HAIL
GRTST 24HR M ON M 6 = FREEZING RAIN OR DRIZZLE
GRTST DEPTH: M ON M 7 = DUSTSTORM OR SANDSTORM:
VSBY 1/2 MILE OR LESS
8 = SMOKE OR HAZE
[NO. OF DAYS WITH] [WEATHER - DAYS WITH] 9 = BLOWING SNOW
X = TORNADO
MAX 32 OR BELOW: 8 0.01 INCH OR MORE: 0
MAX 90 OR ABOVE: 0 0.10 INCH OR MORE: 0
MIN 32 OR BELOW: 28 0.50 INCH OR MORE: 0
MIN 0 OR BELOW: 5 1.00 INCH OR MORE: 0
[HDD (BASE 65) ]
TOTAL THIS MO. 1192 CLEAR (SCALE 0-3) 19
DPTR FM NORMAL -80 PTCLDY (SCALE 4-7) 5
TOTAL FM JUL 1 6215 CLOUDY (SCALE 8-10) 4
DPTR FM NORMAL -53
[CDD (BASE 65) ]
TOTAL THIS MO. 0
DPTR FM NORMAL 0 [PRESSURE DATA]
TOTAL FM JAN 1 0 HIGHEST SLP 30.75 ON 23
DPTR FM NORMAL 0 LOWEST SLP 29.20 ON 14
[REMARKS]
#FINAL-02-23#