000
CXUS56 KLOX 011655
CF6HHR
PRELIMINARY LOCAL CLIMATOLOGICAL DATA (WS FORM: F-6)
STATION: HAWTHORNE AIRPORT CA
MONTH: MARCH
YEAR: 2020
LATITUDE: 33 55 N
LONGITUDE: 118 20 W
TEMPERATURE IN F: :PCPN: SNOW: WIND :SUNSHINE: SKY :PK WND
================================================================================
1 2 3 4 5 6A 6B 7 8 9 10 11 12 13 14 15 16 17 18
12Z AVG MX 2MIN
DY MAX MIN AVG DEP HDD CDD WTR SNW DPTH SPD SPD DIR MIN PSBL S-S WX SPD DR
================================================================================
1 61 52 57 -3 8 0 T 0.0 0 7.0 22 260 M M 8 26 260
2 74 49 62 2 3 0 0.00 0.0 0 3.0 14 250 M M 1 8 17 40
3 79 55 67 7 0 2 0.00 0.0 0 5.3 17 260 M M 0 8 23 260
4 70 56 63 3 2 0 0.00 0.0 0 4.6 15 260 M M 2 18 20 250
5 69 56 63 3 2 0 0.00 0.0 0 4.6 15 250 M M 4 8 17 270
6 67 53 60 0 5 0 0.00 0.0 0 4.7 16 260 M M 4 128 19 250
7 63 56 60 0 5 0 0.00 0.0 0 7.2 18 250 M M 8 8 24 270
8 64 51 58 -2 7 0 T 0.0 0 3.5 14 260 M M 2 20 250
9 73 52 63 3 2 0 0.08 0.0 0 3.5 22 140 M M 1 29 130
10 65 57 61 1 4 0 0.16 0.0 0 7.0 15 100 M M 10 18 20 80
11 69 59 64 4 1 0 0.00 0.0 0 6.0 14 250 M M 4 8 18 270
12 60 54 57 -3 8 0 1.02 0.0 0 1.3 9 360 M M 7 1 16 340
13 59 53 56 -4 9 0 0.48 0.0 0 2.2 8 250 M M 10 18 12 250
14 60 56 58 -2 7 0 0.02 M 0 2.9 14 250 M M 10 1 17 250
15 64 53 59 -1 6 0 0.01 0.0 M 4.5 14 260 M M 10 1 19 260
16 62 50 56 -4 9 0 0.33 0.0 0 6.0 20 160 M M 8 1 26 140
17 60 46 53 -7 12 0 0.03 0.0 M 0.9 4 290 M M 2 M M
18 63 47 55 -5 10 0 0.00 0.0 0 5.5 23 260 M M 0 31 260
19 61 49 55 -5 10 0 0.01 M 0 5.4 15 260 M M 7 21 260
20 65 51 58 -2 7 0 0.02 0.0 0 5.1 12 260 M M 4 1 14 260
21 65 54 60 0 5 0 0.00 0.0 0 4.6 15 260 M M 5 8 20 250
22 69 52 61 1 4 0 1.37 0.0 0 4.4 16 260 M M 6 18 22 260
23 65 56 61 1 4 0 0.01 0.0 0 7.4 18 260 M M 4 8 21 240
24 64 52 58 -3 7 0 0.00 0.0 M 6.1 21 260 M M 3 24 270
25 63 53 58 -3 7 0 T 0.0 0 8.6 18 260 M M 6 24 270
26 62 48 55 -6 10 0 0.00 0.0 0 8.4 25 260 M M 1 35 260
27 64 50 57 -4 8 0 0.00 0.0 0 7.5 20 260 M M 0 8 25 260
28 64 51 58 -3 7 0 0.00 0.0 0 4.6 14 270 M M 1 18 260
29 65 50 58 -3 7 0 0.00 0.0 0 6.0 21 270 M M 2 8 27 250
30 70 52 61 0 4 0 0.00 0.0 0 4.1 17 260 M M 0 8 21 260
31 72 54 63 2 2 0 0.00 0.0 0 3.3 14 260 M M 0 16 270
================================================================================
SM 2031 1627 182 2 3.54 0.0 155.2 M 130
================================================================================
AV 65.5 52.5 5.0 FASTST M M 4 MAX(MPH)
MISC ----> # 25 260 # 35 260
================================================================================
NOTES:
# LAST OF SEVERAL OCCURRENCES
COLUMN 17 PEAK WIND IN M.P.H.
PRELIMINARY LOCAL CLIMATOLOGICAL DATA (WS FORM: F-6) , PAGE 2
STATION: HAWTHORNE AIRPORT CA
MONTH: MARCH
YEAR: 2020
LATITUDE: 33 55 N
LONGITUDE: 118 20 W
[TEMPERATURE DATA] [PRECIPITATION DATA] SYMBOLS USED IN COLUMN 16
AVERAGE MONTHLY: 59.0 TOTAL FOR MONTH: 3.54 1 = FOG OR MIST
DPTR FM NORMAL: -1.2 DPTR FM NORMAL: 1.29 2 = FOG REDUCING VISIBILITY
HIGHEST: 79 ON 3 GRTST 24HR 1.37 ON 22-22 TO 1/4 MILE OR LESS
LOWEST: 46 ON 17 3 = THUNDER
SNOW, ICE PELLETS, HAIL 4 = ICE PELLETS
TOTAL MONTH: 0.0 INCH 5 = HAIL
GRTST 24HR 0.0 6 = FREEZING RAIN OR DRIZZLE
GRTST DEPTH: 0 7 = DUSTSTORM OR SANDSTORM:
VSBY 1/2 MILE OR LESS
8 = SMOKE OR HAZE
[NO. OF DAYS WITH] [WEATHER - DAYS WITH] 9 = BLOWING SNOW
X = TORNADO
MAX 32 OR BELOW: 0 0.01 INCH OR MORE: 12
MAX 90 OR ABOVE: 0 0.10 INCH OR MORE: 5
MIN 32 OR BELOW: 0 0.50 INCH OR MORE: 2
MIN 0 OR BELOW: 0 1.00 INCH OR MORE: 2
[HDD (BASE 65) ]
TOTAL THIS MO. 182 CLEAR (SCALE 0-3) 14
DPTR FM NORMAL 21 PTCLDY (SCALE 4-7) 13
TOTAL FM JUL 1 797 CLOUDY (SCALE 8-10) 4
DPTR FM NORMAL -162
[CDD (BASE 65) ]
TOTAL THIS MO. 2
DPTR FM NORMAL -12 [PRESSURE DATA]
TOTAL FM JAN 1 29 HIGHEST SLP 30.26 ON 30
DPTR FM NORMAL 1 LOWEST SLP 29.75 ON 18
[REMARKS]
#FINAL-03-20#