000
CXUS53 KGID 030214 CCA
CF6HJH
PRELIMINARY LOCAL CLIMATOLOGICAL DATA (WS FORM: F-6)
STATION: HEBRON NE
MONTH: JUNE
YEAR: 2022
LATITUDE: 40 9 N
LONGITUDE: 97 35 W
TEMPERATURE IN F: :PCPN: SNOW: WIND :SUNSHINE: SKY :PK WND
================================================================================
1 2 3 4 5 6A 6B 7 8 9 10 11 12 13 14 15 16 17 18
12Z AVG MX 2MIN
DY MAX MIN AVG DEP HDD CDD WTR SNW DPTH SPD SPD DIR MIN PSBL S-S WX SPD DR
================================================================================
1 72 50 61 M 4 0 0.00 M M 6.0 12 350 M M 2 21 30
2 80 43 62 M 3 0 0.00 M M 2.5 7 210 M M 1 M M
3 84 51 68 M 0 3 0.00 M M 5.8 13 190 M M 2 20 180
4 82 63 73 M 0 8 0.01 M M 9.3 16 140 M M 3 21 140
5 82 63 73 M 0 8 0.89 M M 7.0 17 200 M M 5 3 24 140
6 85 61 73 M 0 8 T M M 4.1 12 40 M M 2 8 17 40
7 84 56 70 M 0 5 1.41 M M M M M M M M M M
8 78 59 69 M 0 4 0.00 M M 7.7 15 20 M M 3 22 20
9 80 55 68 M 0 3 T M M 5.8 15 190 M M 2 3 20 140
10 86 61 74 M 0 9 0.00 M M 2.9 7 350 M M 2 M M
11 98 62 80 M 0 15 0.00 M M 7.3 17 90 M M 1 25 210
12 93 66 80 M 0 15 0.34 M M 7.2 16 360 M M 1 3 43 140
13 103 72 88 M 0 23 0.04 M M 13.6 24 200 M M 0 33 200
14 93 77 85 M 0 20 T M M 12.5 22 200 M M 2 33 220
15 83 63 73 M 0 8 0.00 M M 7.5 18 10 M M 4 29 20
16 92 58 75 M 0 10 0.00 M M 5.9 14 70 M M 0 18 70
17 98 70 84 M 0 19 0.00 M M 7.9 10 170 M M 0 17 80
18 97 71 84 M 0 19 0.00 M M 9.4 17 180 M M 0 25 160
19 96 73 85 M 0 20 0.00 M M 14.2 23 200 M M 1 29 200
20 98 77 88 M 0 23 0.00 M M 16.7 23 180 M M 1 32 180
21 91 66 79 M 0 14 0.00 M M 8.3 17 190 M M 0 8 23 190
22 87 65 76 M 0 11 T M M 4.6 10 140 M M 2 16 120
23 86 70 78 M 0 13 T M M 9.6 17 160 M M 5 3 25 170
24 89 68 79 M 0 14 0.27 M M 11.8 17 160 M M 3 3 23 160
25 83 64 74 M 0 9 0.01 M M 9.0 18 340 M M 4 28 360
26 80 53 67 M 0 2 0.00 M M 6.5 14 360 M M 0 20 360
27 82 53 68 M 0 3 0.00 M M 4.2 9 150 M M 4 16 170
28 90 56 73 M 0 8 0.00 M M 8.4 16 210 M M 0 21 220
29 94 63 79 M 0 14 0.00 M M 11.8 21 180 M M 0 32 180
30 98 70 84 M 0 19 0.00 M M 9.8 17 200 M M 1 25 200
================================================================================
SM 2644 1879 7 327 2.97 M 237.3 M 51
================================================================================
AV 88.1 62.6 8.2 FASTST M M 2 MAX(MPH)
MISC ----> 24 200 M M
================================================================================
NOTES:
# LAST OF SEVERAL OCCURRENCES
COLUMN 17 PEAK WIND IN M.P.H.
PRELIMINARY LOCAL CLIMATOLOGICAL DATA (WS FORM: F-6) , PAGE 2
STATION: HEBRON NE
MONTH: JUNE
YEAR: 2022
LATITUDE: 40 9 N
LONGITUDE: 97 35 W
[TEMPERATURE DATA] [PRECIPITATION DATA] SYMBOLS USED IN COLUMN 16
AVERAGE MONTHLY: 75.4 TOTAL FOR MONTH: 2.97 1 = FOG OR MIST
DPTR FM NORMAL: M DPTR FM NORMAL: M 2 = FOG REDUCING VISIBILITY
HIGHEST: 103 ON 13 GRTST 24HR 1.41 ON 7- 7 TO 1/4 MILE OR LESS
LOWEST: 43 ON 2 3 = THUNDER
SNOW, ICE PELLETS, HAIL 4 = ICE PELLETS
TOTAL MONTH: M 5 = HAIL
GRTST 24HR M ON M 6 = FREEZING RAIN OR DRIZZLE
GRTST DEPTH: M ON M 7 = DUSTSTORM OR SANDSTORM:
VSBY 1/2 MILE OR LESS
8 = SMOKE OR HAZE
[NO. OF DAYS WITH] [WEATHER - DAYS WITH] 9 = BLOWING SNOW
X = TORNADO
MAX 32 OR BELOW: 0 0.01 INCH OR MORE: 7
MAX 90 OR ABOVE: 13 0.10 INCH OR MORE: 4
MIN 32 OR BELOW: 0 0.50 INCH OR MORE: 2
MIN 0 OR BELOW: 0 1.00 INCH OR MORE: 1
[HDD (BASE 65) ]
TOTAL THIS MO. 7 CLEAR (SCALE 0-3) 24
DPTR FM NORMAL M PTCLDY (SCALE 4-7) 5
TOTAL FM JUL 1 5085 CLOUDY (SCALE 8-10) 1
DPTR FM NORMAL M
[CDD (BASE 65) ]
TOTAL THIS MO. 327
DPTR FM NORMAL M [PRESSURE DATA]
TOTAL FM JAN 1 493 HIGHEST SLP M ON M
DPTR FM NORMAL M LOWEST SLP M ON M
[REMARKS]
#FINAL-06-22#