000
CXUS54 KJAN 011642
CF6HKS
PRELIMINARY LOCAL CLIMATOLOGICAL DATA (WS FORM: F-6)
STATION: JACKSON HAWKINS
MONTH: OCTOBER
YEAR: 2022
LATITUDE: 32 20 N
LONGITUDE: 90 14 W
TEMPERATURE IN F: :PCPN: SNOW: WIND :SUNSHINE: SKY :PK WND
================================================================================
1 2 3 4 5 6A 6B 7 8 9 10 11 12 13 14 15 16 17 18
12Z AVG MX 2MIN
DY MAX MIN AVG DEP HDD CDD WTR SNW DPTH SPD SPD DIR MIN PSBL S-S WX SPD DR
================================================================================
1 81 50 66 -7 0 1 0.00 0.0 0 3.6 13 10 M M 0 18 19 20
2 84 49 67 -6 0 2 0.00 0.0 0 3.5 13 40 M M 0 21 340
3 82 54 68 -4 0 3 0.00 0.0 0 3.8 13 40 M M 0 21 340
4 84 55 70 -2 0 5 0.00 0.0 0 0.9 8 360 M M 2 14 330
5 84 55 70 -2 0 5 0.00 0.0 0 1.5 9 360 M M 2 15 350
6 87 54 71 0 0 6 0.00 0.0 0 1.8 10 300 M M 0 1 15 310
7 89 58 74 3 0 9 0.00 0.0 0 2.5 12 310 M M 0 17 320
8 80 55 68 -2 0 3 0.00 0.0 0 5.6 13 10 M M 0 21 10
9 80 50 65 -5 0 0 0.00 0.0 0 2.3 10 80 M M 0 14 20
10 83 53 68 -2 0 3 0.00 0.0 0 2.1 10 120 M M 0 16 80
11 83 52 68 -1 0 3 0.00 0.0 0 2.4 10 150 M M 0 18 140
12 89 63 76 7 0 11 T 0.0 0 4.4 14 200 M M 5 13 20 260
13 81 55 68 0 0 3 0.25 0.0 0 4.4 16 320 M M 1 138 26 320
14 84 51 68 0 0 3 0.00 0.0 0 2.4 12 270 M M 0 1 18 250
15 87 52 70 2 0 5 0.00 0.0 0 4.1 12 170 M M 0 17 180
16 82 56 69 2 0 4 0.00 0.0 0 1.3 8 320 M M 1 13 310
17 73 47 60 -7 5 0 T 0.0 0 6.2 14 360 M M 4 23 340
18 58 38 48 -18 17 0 0.00 0.0 0 6.9 18 320 M M 0 29 340
19 63 33 48 -18 17 0 0.00 0.0 0 3.4 10 310 M M 0 18 310
20 72 34 53 -12 12 0 0.00 0.0 0 2.7 10 190 M M 0 15 30
21 84 48 66 1 0 1 0.00 0.0 0 7.7 18 230 M M 0 24 240
22 82 54 68 3 0 3 0.00 0.0 0 9.1 18 160 M M 0 28 190
23 84 56 70 6 0 5 0.00 0.0 0 7.4 16 180 M M 0 23 190
24 86 57 72 8 0 7 0.00 0.0 0 9.3 22 150 M M 1 1 31 180
25 75 52 64 1 1 0 0.27 0.0 0 11.6 25 280 M M 5 1 38 280
26 71 44 58 -5 7 0 0.00 0.0 0 4.6 13 340 M M 0 20 10
27 74 43 59 -3 6 0 0.00 0.0 0 3.2 14 90 M M 0 20 100
28 76 49 63 1 2 0 0.00 0.0 0 5.2 12 140 M M 1 17 110
29 77 62 70 8 0 5 1.16 0.0 0 9.5 22 130 M M 8 1238 33 130
30 68 60 64 3 1 0 0.00 0.0 0 4.3 13 240 M M 10 12 18 240
31 76 54 65 4 0 0 0.00 0.0 0 2.0 10 260 M M 4 12 14 250
================================================================================
SM 2459 1593 68 87 1.68 0.0 139.7 M 44
================================================================================
AV 79.3 51.4 4.5 FASTST M M 1 MAX(MPH)
MISC ----> 25 280 38 280
================================================================================
NOTES:
# LAST OF SEVERAL OCCURRENCES
COLUMN 17 PEAK WIND IN M.P.H.
PRELIMINARY LOCAL CLIMATOLOGICAL DATA (WS FORM: F-6) , PAGE 2
STATION: JACKSON HAWKINS
MONTH: OCTOBER
YEAR: 2022
LATITUDE: 32 20 N
LONGITUDE: 90 14 W
[TEMPERATURE DATA] [PRECIPITATION DATA] SYMBOLS USED IN COLUMN 16
AVERAGE MONTHLY: 65.4 TOTAL FOR MONTH: 1.68 1 = FOG OR MIST
DPTR FM NORMAL: -1.6 DPTR FM NORMAL: -1.89 2 = FOG REDUCING VISIBILITY
HIGHEST: 89 ON 12, 7 GRTST 24HR 1.16 ON 29-29 TO 1/4 MILE OR LESS
LOWEST: 33 ON 19 3 = THUNDER
SNOW, ICE PELLETS, HAIL 4 = ICE PELLETS
TOTAL MONTH: 0.0 INCH 5 = HAIL
GRTST 24HR 0.0 6 = FREEZING RAIN OR DRIZZLE
GRTST DEPTH: 0 7 = DUSTSTORM OR SANDSTORM:
VSBY 1/2 MILE OR LESS
8 = SMOKE OR HAZE
[NO. OF DAYS WITH] [WEATHER - DAYS WITH] 9 = BLOWING SNOW
X = TORNADO
MAX 32 OR BELOW: 0 0.01 INCH OR MORE: 3
MAX 90 OR ABOVE: 0 0.10 INCH OR MORE: 3
MIN 32 OR BELOW: 0 0.50 INCH OR MORE: 1
MIN 0 OR BELOW: 0 1.00 INCH OR MORE: 1
[HDD (BASE 65) ]
TOTAL THIS MO. 68 CLEAR (SCALE 0-3) 25
DPTR FM NORMAL -7 PTCLDY (SCALE 4-7) 5
TOTAL FM JUL 1 69 CLOUDY (SCALE 8-10) 1
DPTR FM NORMAL -9
[CDD (BASE 65) ]
TOTAL THIS MO. 87
DPTR FM NORMAL -52 [PRESSURE DATA]
TOTAL FM JAN 1 2696 HIGHEST SLP 30.32 ON 8
DPTR FM NORMAL 202 LOWEST SLP 29.74 ON 25
[REMARKS]
#FINAL-10-22#