000
CXUS54 KJAN 020352
CF6HKS
PRELIMINARY LOCAL CLIMATOLOGICAL DATA (WS FORM: F-6)
STATION: JACKSON HAWKINS
MONTH: JULY
YEAR: 2022
LATITUDE: 32 20 N
LONGITUDE: 90 14 W
TEMPERATURE IN F: :PCPN: SNOW: WIND :SUNSHINE: SKY :PK WND
================================================================================
1 2 3 4 5 6A 6B 7 8 9 10 11 12 13 14 15 16 17 18
12Z AVG MX 2MIN
DY MAX MIN AVG DEP HDD CDD WTR SNW DPTH SPD SPD DIR MIN PSBL S-S WX SPD DR
================================================================================
1 91 74 83 1 0 18 0.99 0.0 0 2.9 18 100 M M 3 13 28 100
2 90 73 82 0 0 17 0.06 0.0 0 5.0 20 250 M M 3 13 27 260
3 92 74 83 1 0 18 0.23 0.0 0 4.6 14 290 M M 3 138 21 290
4 95 76 86 4 0 21 1.76 0.0 0 4.4 22 130 M M 3 123 30 120
5 95 74 85 3 0 20 0.64 0.0 0 5.2 20 160 M M 2 123 24 160
6 94 73 84 2 0 19 T 0.0 0 3.6 15 210 M M 5 13 22 220
7 95 75 85 3 0 20 T 0.0 0 3.0 10 280 M M 3 14 300
8 96 77 87 5 0 22 T 0.0 0 3.6 12 250 M M 1 17 290
9 98 73 86 4 0 21 0.87 0.0 0 7.4 25 320 M M 1 13 41 340
10 91 74 83 1 0 18 T 0.0 0 4.2 12 20 M M 3 3 18 20
11 95 76 86 4 0 21 0.00 0.0 0 3.4 12 20 M M 2 16 40
12 96 75 86 4 0 21 0.00 0.0 0 2.7 10 40 M M 1 16 10
13 97 75 86 4 0 21 T 0.0 0 4.0 18 120 M M 2 13 27 110
14 91 73 82 0 0 17 0.02 0.0 0 2.5 14 170 M M 4 3 18 160
15 95 73 84 1 0 19 0.00 0.0 0 3.5 9 160 M M 1 17 180
16 96 74 85 2 0 20 T 0.0 0 4.2 20 160 M M 1 3 25 160
17 93 75 84 1 0 19 0.04 0.0 0 6.1 16 300 M M 1 3 21 290
18 93 74 84 1 0 19 0.26 0.0 0 7.4 16 230 M M 1 1 24 340
19 96 78 87 4 0 22 0.00 0.0 0 8.8 16 220 M M 2 25 200
20 95 79 87 4 0 22 0.00 0.0 0 10.1 17 250 M M 1 26 240
21 96 78 87 4 0 22 T 0.0 0 9.8 17 130 M M 3 3 30 320
22 94 72 83 0 0 18 0.68 0.0 0 6.0 17 220 M M 4 13 22 140
23 91 75 83 0 0 18 0.07 0.0 0 5.4 21 180 M M 5 1 29 190
24 94 75 85 2 0 20 0.44 0.0 0 4.5 22 110 M M 2 13 29 100
25 94 75 85 2 0 20 0.01 0.0 0 5.1 14 180 M M 2 3 18 170
26 92 75 84 1 0 19 0.17 0.0 0 5.5 14 220 M M 3 20 210
27 93 74 84 1 0 19 T 0.0 0 4.3 15 190 M M 2 23 180
28 95 74 85 2 0 20 0.02 0.0 0 4.2 17 270 M M 2 3 23 260
29 94 74 84 1 0 19 0.40 0.0 0 5.1 17 280 M M 2 13 22 190
30 87 75 81 -2 0 16 0.01 0.0 0 3.2 13 190 M M 4 3 16 210
31 95 72 84 1 0 19 T 0.0 0 4.7 14 260 M M 2 17 250
================================================================================
SM 2909 2314 0 605 6.67 0.0 154.4 M 74
================================================================================
AV 93.8 74.6 5.0 FASTST M M 2 MAX(MPH)
MISC ----> 25 320 41 340
================================================================================
NOTES:
# LAST OF SEVERAL OCCURRENCES
COLUMN 17 PEAK WIND IN M.P.H.
PRELIMINARY LOCAL CLIMATOLOGICAL DATA (WS FORM: F-6) , PAGE 2
STATION: JACKSON HAWKINS
MONTH: JULY
YEAR: 2022
LATITUDE: 32 20 N
LONGITUDE: 90 14 W
[TEMPERATURE DATA] [PRECIPITATION DATA] SYMBOLS USED IN COLUMN 16
AVERAGE MONTHLY: 84.2 TOTAL FOR MONTH: 6.67 1 = FOG OR MIST
DPTR FM NORMAL: 1.6 DPTR FM NORMAL: 2.02 2 = FOG REDUCING VISIBILITY
HIGHEST: 98 ON 9 GRTST 24HR 2.40 ON 4- 5 TO 1/4 MILE OR LESS
LOWEST: 72 ON 31,22 3 = THUNDER
SNOW, ICE PELLETS, HAIL 4 = ICE PELLETS
TOTAL MONTH: 0.0 INCH 5 = HAIL
GRTST 24HR 0.0 6 = FREEZING RAIN OR DRIZZLE
GRTST DEPTH: 0 7 = DUSTSTORM OR SANDSTORM:
VSBY 1/2 MILE OR LESS
8 = SMOKE OR HAZE
[NO. OF DAYS WITH] [WEATHER - DAYS WITH] 9 = BLOWING SNOW
X = TORNADO
MAX 32 OR BELOW: 0 0.01 INCH OR MORE: 17
MAX 90 OR ABOVE: 30 0.10 INCH OR MORE: 10
MIN 32 OR BELOW: 0 0.50 INCH OR MORE: 5
MIN 0 OR BELOW: 0 1.00 INCH OR MORE: 1
[HDD (BASE 65) ]
TOTAL THIS MO. 0 CLEAR (SCALE 0-3) 23
DPTR FM NORMAL 0 PTCLDY (SCALE 4-7) 8
TOTAL FM JUL 1 0 CLOUDY (SCALE 8-10) 0
DPTR FM NORMAL 0
[CDD (BASE 65) ]
TOTAL THIS MO. 605
DPTR FM NORMAL 61 [PRESSURE DATA]
TOTAL FM JAN 1 1712 HIGHEST SLP 30.18 ON 31
DPTR FM NORMAL 281 LOWEST SLP 29.80 ON 11
[REMARKS]
#FINAL-07-22#