000
CXUS54 KJAN 011510
CF6HKS
PRELIMINARY LOCAL CLIMATOLOGICAL DATA (WS FORM: F-6)
STATION: JACKSON HAWKINS
MONTH: DECEMBER
YEAR: 2021
LATITUDE: 32 20 N
LONGITUDE: 90 14 W
TEMPERATURE IN F: :PCPN: SNOW: WIND :SUNSHINE: SKY :PK WND
================================================================================
1 2 3 4 5 6A 6B 7 8 9 10 11 12 13 14 15 16 17 18
12Z AVG MX 2MIN
DY MAX MIN AVG DEP HDD CDD WTR SNW DPTH SPD SPD DIR MIN PSBL S-S WX SPD DR
================================================================================
1 74 42 58 6 7 0 0.00 0.0 0 4.3 16 240 M M 0 1 21 250
2 77 49 63 11 2 0 0.00 0.0 0 2.8 14 280 M M 1 1 21 260
3 77 49 63 12 2 0 0.00 0.0 0 3.3 14 210 M M 1 1 18 220
4 78 54 66 15 0 1 0.00 0.0 0 2.9 10 240 M M 4 12 14 250
5 78 56 67 16 0 2 0.00 0.0 0 6.8 18 180 M M 5 12 25 170
6 72 46 59 8 6 0 1.50 0.0 0 7.8 37 270 M M 9 13 55 290
7 48 42 45 -6 20 0 0.01 0.0 0 4.6 12 80 M M 9 1 18 60
8 60 44 52 1 13 0 0.01 0.0 0 3.5 9 350 M M 5 1 13 330
9 69 43 56 6 9 0 T 0.0 0 7.6 15 170 M M 8 12 20 150
10 83 69 76 26 0 11 T 0.0 0 10.7 20 180 M M 10 1 31 190
11 74 44 59 9 6 0 0.95 0.0 0 8.6 23 280 M M 6 1 33 290
12 59 36 48 -2 17 0 0.00 0.0 0 2.6 10 70 M M 0 18 16 50
13 70 35 53 3 12 0 0.00 0.0 0 2.5 8 120 M M 1 10 110
14 78 50 64 14 1 0 0.00 0.0 0 5.5 12 140 M M 4 15 140
15 72 59 66 16 0 1 0.00 0.0 0 8.8 15 160 M M 6 12 20 160
16 79 64 72 23 0 7 0.00 0.0 0 9.5 16 170 M M 7 22 160
17 77 66 72 23 0 7 0.02 0.0 0 8.4 16 180 M M 8 1 23 140
18 80 49 65 16 0 0 0.28 0.0 0 6.9 17 330 M M 8 1 29 320
19 50 37 44 -5 21 0 T 0.0 0 6.6 15 350 M M 6 23 320
20 47 37 42 -7 23 0 0.39 M 0 4.2 13 310 M M 5 1 17 310
21 54 37 46 -3 19 0 0.00 0.0 0 4.4 10 320 M M 5 15 350
22 62 34 48 -1 17 0 0.00 0.0 0 1.8 10 20 M M 0 13 40
23 68 34 51 3 14 0 0.00 0.0 0 6.1 14 170 M M 0 21 170
24 77 51 64 16 1 0 0.00 0.0 0 12.0 26 200 M M 2 39 200
25 78 62 70 22 0 5 0.00 0.0 0 9.2 20 230 M M 7 27 220
26 77 64 71 23 0 6 0.00 0.0 0 7.0 15 190 M M 7 20 200
27 81 63 72 24 0 7 0.00 0.0 0 9.8 20 220 M M 8 26 210
28 81 64 73 25 0 8 0.04 0.0 0 9.3 18 200 M M 9 13 26 170
29 83 69 76 28 0 11 0.01 0.0 0 9.1 21 200 M M 7 1 28 210
30 81 63 72 24 0 7 0.00 0.0 0 3.4 10 160 M M 4 1 14 160
31 84 64 74 26 0 9 T 0.0 0 8.6 20 230 M M 5 18 27 210
================================================================================
SM 2228 1576 190 82 3.21 0.0 198.6 M 157
================================================================================
AV 71.9 50.8 6.4 FASTST M M 5 MAX(MPH)
MISC ----> 37 270 55 290
================================================================================
NOTES:
# LAST OF SEVERAL OCCURRENCES
COLUMN 17 PEAK WIND IN M.P.H.
PRELIMINARY LOCAL CLIMATOLOGICAL DATA (WS FORM: F-6) , PAGE 2
STATION: JACKSON HAWKINS
MONTH: DECEMBER
YEAR: 2021
LATITUDE: 32 20 N
LONGITUDE: 90 14 W
[TEMPERATURE DATA] [PRECIPITATION DATA] SYMBOLS USED IN COLUMN 16
AVERAGE MONTHLY: 61.4 TOTAL FOR MONTH: 3.21 1 = FOG OR MIST
DPTR FM NORMAL: 11.9 DPTR FM NORMAL: -1.50 2 = FOG REDUCING VISIBILITY
HIGHEST: 84 ON 31 GRTST 24HR 1.50 ON 6- 6 TO 1/4 MILE OR LESS
LOWEST: 34 ON 23,22 3 = THUNDER
SNOW, ICE PELLETS, HAIL 4 = ICE PELLETS
TOTAL MONTH: 0.0 INCH 5 = HAIL
GRTST 24HR 0.0 6 = FREEZING RAIN OR DRIZZLE
GRTST DEPTH: 0 7 = DUSTSTORM OR SANDSTORM:
VSBY 1/2 MILE OR LESS
8 = SMOKE OR HAZE
[NO. OF DAYS WITH] [WEATHER - DAYS WITH] 9 = BLOWING SNOW
X = TORNADO
MAX 32 OR BELOW: 0 0.01 INCH OR MORE: 9
MAX 90 OR ABOVE: 0 0.10 INCH OR MORE: 4
MIN 32 OR BELOW: 0 0.50 INCH OR MORE: 2
MIN 0 OR BELOW: 0 1.00 INCH OR MORE: 1
[HDD (BASE 65) ]
TOTAL THIS MO. 190 CLEAR (SCALE 0-3) 8
DPTR FM NORMAL -301 PTCLDY (SCALE 4-7) 19
TOTAL FM JUL 1 534 CLOUDY (SCALE 8-10) 4
DPTR FM NORMAL -328
[CDD (BASE 65) ]
TOTAL THIS MO. 82
DPTR FM NORMAL 72 [PRESSURE DATA]
TOTAL FM JAN 1 2639 HIGHEST SLP 30.37 ON 14
DPTR FM NORMAL 116 LOWEST SLP 29.71 ON 28
[REMARKS]
#FINAL-12-21#