000
CXHW50 PHFO 011250
CF6HNL
PRELIMINARY LOCAL CLIMATOLOGICAL DATA (WS FORM: F-6)
STATION: HONOLULU HI
MONTH: FEBRUARY
YEAR: 2021
LATITUDE: 21 21 N
LONGITUDE: 157 56 W
TEMPERATURE IN F: :PCPN: SNOW: WIND :SUNSHINE: SKY :PK WND
================================================================================
1 2 3 4 5 6A 6B 7 8 9 10 11 12 13 14 15 16 17 18
12Z AVG MX 2MIN
DY MAX MIN AVG DEP HDD CDD WTR SNW DPTH SPD SPD DIR MIN PSBL S-S WX SPD DR
================================================================================
1 79 66 73 0 0 8 0.09 M M 5.6 21 90 M M 4 1 25 80
2 86 61 74 1 0 9 0.09 M M 7.4 16 160 M M 4 1 23 160
3 75 67 71 -2 0 6 0.55 M M 13.7 36 260 M M 6 18 43 250
4 75 61 68 -5 0 3 T M M 9.5 21 320 M M 4 27 350
5 77 60 69 -4 0 4 0.00 M M 5.6 14 290 M M 4 19 340
6 80 61 71 -2 0 6 0.00 M M 6.3 18 240 M M 4 23 220
7 79 60 70 -3 0 5 0.00 M M 5.1 10 190 M M 3 16 190
8 81 62 72 -1 0 7 0.06 M M 7.0 25 320 M M 4 1 32 320
9 78 65 72 -1 0 7 0.00 M M 9.3 21 20 M M 3 30 10
10 80 60 70 -3 0 5 0.00 M M 7.9 17 70 M M 2 23 80
11 82 62 72 -1 0 7 0.00 M M 6.0 14 70 M M 3 19 80
12 81 67 74 1 0 9 0.01 M M 7.0 16 100 M M 5 20 100
13 83 69 76 3 0 11 T M M 7.6 21 50 M M 5 25 120
14 82 71 77 4 0 12 0.00 M M 4.5 12 340 M M 5 16 200
15 82 70 76 3 0 11 0.04 M M 5.1 14 210 M M 5 18 23 100
16 82 69 76 3 0 11 0.00 M M 5.9 14 220 M M 5 16 210
17 82 70 76 3 0 11 0.00 M M 8.1 20 70 M M 7 24 60
18 83 70 77 4 0 12 0.09 M M 9.2 22 80 M M 7 13 28 60
19 81 71 76 3 0 11 0.30 M M 9.0 21 60 M M 6 8 24 70
20 83 72 78 5 0 13 T M M 11.4 21 60 M M 5 28 80
21 84 71 78 5 0 13 T M M 9.7 21 60 M M 5 1 26 80
22 85 71 78 5 0 13 0.00 M M 12.2 23 60 M M 3 29 70
23 82 71 77 4 0 12 0.00 M M 12.5 22 70 M M 4 29 80
24 84 73 79 6 0 14 T M M 15.3 26 60 M M 5 35 60
25 84 72 78 5 0 13 T M M 17.0 30 70 M M 5 38 60
26 84 73 79 6 0 14 T M M 17.7 26 80 M M 3 36 70
27 80 70 75 2 0 10 0.30 M M 14.1 25 60 M M 5 1 32 60
28 82 71 77 4 0 12 0.01 M M 16.5 30 60 M M 5 37 70
================================================================================
SM 2276 1886 0 269 1.54 M 266.2 M 126
================================================================================
AV 81.3 67.4 9.5 FASTST M M 5 MAX(MPH)
MISC ----> 36 260 43 250
================================================================================
NOTES:
# LAST OF SEVERAL OCCURRENCES
COLUMN 17 PEAK WIND IN M.P.H.
PRELIMINARY LOCAL CLIMATOLOGICAL DATA (WS FORM: F-6) , PAGE 2
STATION: HONOLULU HI
MONTH: FEBRUARY
YEAR: 2021
LATITUDE: 21 21 N
LONGITUDE: 157 56 W
[TEMPERATURE DATA] [PRECIPITATION DATA] SYMBOLS USED IN COLUMN 16
AVERAGE MONTHLY: 74.3 TOTAL FOR MONTH: 1.54 1 = FOG OR MIST
DPTR FM NORMAL: 1.2 DPTR FM NORMAL: -0.45 2 = FOG REDUCING VISIBILITY
HIGHEST: 86 ON 2 GRTST 24HR 0.55 ON 3- 3 TO 1/4 MILE OR LESS
LOWEST: 60 ON 10, 7 3 = THUNDER
SNOW, ICE PELLETS, HAIL 4 = ICE PELLETS
TOTAL MONTH: M 5 = HAIL
GRTST 24HR M ON M 6 = FREEZING RAIN OR DRIZZLE
GRTST DEPTH: M ON M 7 = DUSTSTORM OR SANDSTORM:
VSBY 1/2 MILE OR LESS
8 = SMOKE OR HAZE
[NO. OF DAYS WITH] [WEATHER - DAYS WITH] 9 = BLOWING SNOW
X = TORNADO
MAX 32 OR BELOW: 0 0.01 INCH OR MORE: 10
MAX 90 OR ABOVE: 0 0.10 INCH OR MORE: 3
MIN 32 OR BELOW: 0 0.50 INCH OR MORE: 1
MIN 0 OR BELOW: 0 1.00 INCH OR MORE: 0
[HDD (BASE 65) ]
TOTAL THIS MO. 0 CLEAR (SCALE 0-3) 4
DPTR FM NORMAL 0 PTCLDY (SCALE 4-7) 24
TOTAL FM JUL 1 0 CLOUDY (SCALE 8-10) 0
DPTR FM NORMAL 0
[CDD (BASE 65) ]
TOTAL THIS MO. 269
DPTR FM NORMAL 41 [PRESSURE DATA]
TOTAL FM JAN 1 638 HIGHEST SLP 30.19 ON 28
DPTR FM NORMAL 160 LOWEST SLP 29.77 ON 3
[REMARKS]
#FINAL-02-21#