000
CXHW50 PHFO 011250
CF6HNL
PRELIMINARY LOCAL CLIMATOLOGICAL DATA (WS FORM: F-6)
STATION: HONOLULU HI
MONTH: AUGUST
YEAR: 2023
LATITUDE: 21 21 N
LONGITUDE: 157 56 W
TEMPERATURE IN F: :PCPN: SNOW: WIND :SUNSHINE: SKY :PK WND
================================================================================
1 2 3 4 5 6A 6B 7 8 9 10 11 12 13 14 15 16 17 18
12Z AVG MX 2MIN
DY MAX MIN AVG DEP HDD CDD WTR SNW DPTH SPD SPD DIR MIN PSBL S-S WX SPD DR
================================================================================
1 89 77 83 1 0 18 T M M 14.8 26 70 M M 3 34 20
2 89 77 83 1 0 18 0.00 M M 13.5 25 60 M M 3 32 30
3 89 76 83 1 0 18 T M M 12.8 26 30 M M 4 40 10
4 88 75 82 0 0 17 T M M 10.4 21 80 M M 5 30 30
5 88 75 82 0 0 17 T M M 9.6 21 30 M M 4 29 10
6 90 76 83 1 0 18 0.00 M M 13.3 24 70 M M 4 30 60
7 89 78 84 2 0 19 T M M 18.9 32 60 M M 4 8 44 50
8 89 79 84 2 0 19 0.00 M M 23.8 37 60 M M 3 8 49 80
9 89 79 84 2 0 19 T M M 18.7 30 70 M M 5 42 70
10 89 77 83 1 0 18 0.00 M M 14.6 25 70 M M 3 31 40
11 90 77 84 2 0 19 0.00 M M 13.6 23 60 M M 3 29 20
12 89 77 83 1 0 18 0.00 M M 11.4 21 70 M M 2 28 40
13 89 76 83 1 0 18 0.00 M M 12.7 22 40 M M 3 31 10
14 90 75 83 1 0 18 T M M 12.9 22 60 M M 4 34 40
15 91 77 84 2 0 19 0.00 M M 13.8 24 70 M M 3 8 35 20
16 90 76 83 1 0 18 T M M 13.9 25 70 M M 4 33 40
17 91 76 84 2 0 19 0.00 M M 11.5 23 70 M M 3 31 30
18 89 75 82 0 0 17 0.00 M M 9.2 20 60 M M 3 31 30
19 89 75 82 0 0 17 T M M 8.3 17 50 M M 3 30 10
20 90 76 83 1 0 18 T M M 10.9 22 40 M M 3 31 20
21 91 74 83 1 0 18 0.00 M M 13.5 26 70 M M 5 33 80
22 90 79 85 3 0 20 0.00 M M 15.6 25 70 M M 4 32 70
23 89 77 83 1 0 18 0.00 M M 14.0 23 70 M M 3 30 40
24 89 71 80 -2 0 15 T M M 13.6 23 70 M M 4 32 70
25 90 70 80 -2 0 15 0.08 M M 12.0 21 40 M M 6 1 29 10
26 89 75 82 0 0 17 0.02 M M 12.3 25 70 M M 4 30 70
27 89 73 81 -1 0 16 0.01 M M 11.9 21 60 M M 7 31 10
28 89 74 82 0 0 17 T M M 10.9 23 80 M M 5 27 60
29 89 76 83 1 0 18 T M M 12.9 24 50 M M 5 30 60
30 90 77 84 2 0 19 0.00 M M 15.6 28 70 M M 5 37 70
31 87 78 83 1 0 18 T M M 16.5 26 80 M M 5 35 80
================================================================================
SM 2769 2353 0 553 0.11 M 417.4 M 122
================================================================================
AV 89.3 75.9 13.5 FASTST M M 4 MAX(MPH)
MISC ----> 37 60 49 80
================================================================================
NOTES:
# LAST OF SEVERAL OCCURRENCES
COLUMN 17 PEAK WIND IN M.P.H.
PRELIMINARY LOCAL CLIMATOLOGICAL DATA (WS FORM: F-6) , PAGE 2
STATION: HONOLULU HI
MONTH: AUGUST
YEAR: 2023
LATITUDE: 21 21 N
LONGITUDE: 157 56 W
[TEMPERATURE DATA] [PRECIPITATION DATA] SYMBOLS USED IN COLUMN 16
AVERAGE MONTHLY: 82.6 TOTAL FOR MONTH: 0.11 1 = FOG OR MIST
DPTR FM NORMAL: 0.4 DPTR FM NORMAL: -0.73 2 = FOG REDUCING VISIBILITY
HIGHEST: 91 ON 21,17 GRTST 24HR 0.08 ON 25-25 TO 1/4 MILE OR LESS
LOWEST: 70 ON 25 3 = THUNDER
SNOW, ICE PELLETS, HAIL 4 = ICE PELLETS
TOTAL MONTH: M 5 = HAIL
GRTST 24HR M ON M 6 = FREEZING RAIN OR DRIZZLE
GRTST DEPTH: M ON M 7 = DUSTSTORM OR SANDSTORM:
VSBY 1/2 MILE OR LESS
8 = SMOKE OR HAZE
[NO. OF DAYS WITH] [WEATHER - DAYS WITH] 9 = BLOWING SNOW
X = TORNADO
MAX 32 OR BELOW: 0 0.01 INCH OR MORE: 3
MAX 90 OR ABOVE: 11 0.10 INCH OR MORE: 0
MIN 32 OR BELOW: 0 0.50 INCH OR MORE: 0
MIN 0 OR BELOW: 0 1.00 INCH OR MORE: 0
[HDD (BASE 65) ]
TOTAL THIS MO. 0 CLEAR (SCALE 0-3) 7
DPTR FM NORMAL 0 PTCLDY (SCALE 4-7) 24
TOTAL FM JUL 1 0 CLOUDY (SCALE 8-10) 0
DPTR FM NORMAL 0
[CDD (BASE 65) ]
TOTAL THIS MO. 553
DPTR FM NORMAL 20 [PRESSURE DATA]
TOTAL FM JAN 1 3299 HIGHEST SLP 30.16 ON 8
DPTR FM NORMAL 222 LOWEST SLP 29.89 ON 27
[REMARKS]
#FINAL-08-23#