000
CXUS53 KFSD 011813
CF6HON
PRELIMINARY LOCAL CLIMATOLOGICAL DATA (WS FORM: F-6)
STATION: HURON
MONTH: APRIL
YEAR: 2021
LATITUDE: 44 22 N
LONGITUDE: 98 13 W
TEMPERATURE IN F: :PCPN: SNOW: WIND :SUNSHINE: SKY :PK WND
================================================================================
1 2 3 4 5 6A 6B 7 8 9 10 11 12 13 14 15 16 17 18
12Z AVG MX 2MIN
DY MAX MIN AVG DEP HDD CDD WTR SNW DPTH SPD SPD DIR MIN PSBL S-S WX SPD DR
================================================================================
1 61 19 40 0 25 0 0.00 0.0 0 14.3 26 160 M M 0 39 180
2 80 37 59 19 6 0 0.00 0.0 0 15.0 24 170 M M 0 37 160
3 76 29 53 12 12 0 0.00 0.0 0 9.3 20 170 M M 0 29 160
4 83 35 59 18 6 0 0.00 0.0 0 6.8 15 170 M M 0 20 170
5 88 37 63 21 2 0 0.00 0.0 0 9.5 25 320 M M 0 40 310
6 51 41 46 4 19 0 0.17 0.0 0 16.8 29 40 M M 6 13 37 20
7 45 40 43 0 22 0 0.90 0.0 0 19.2 31 360 M M 10 1 41 360
8 48 41 45 2 20 0 0.02 0.0 0 14.6 25 350 M M 9 33 350
9 61 36 49 5 16 0 0.00 0.0 0 14.7 28 340 M M 4 38 360
10 62 26 44 0 21 0 0.00 0.0 0 6.9 16 350 M M 0 22 340
11 63 29 46 2 19 0 0.01 0.0 0 13.2 36 290 M M 3 46 290
12 43 35 39 -6 26 0 T 0.0 0 21.9 33 290 M M 8 1 46 310
13 39 28 34 -11 31 0 T T 0 20.0 32 310 M M 9 1 43 310
14 44 27 36 -10 29 0 0.00 0.0 0 12.7 20 320 M M 9 26 320
15 49 31 40 -6 25 0 T T 0 8.8 15 360 M M 8 1 21 350
16 46 37 42 -5 23 0 T 0.0 0 11.2 18 360 M M 10 24 350
17 58 38 48 1 17 0 T 0.0 0 9.4 18 350 M M 7 24 350
18 70 30 50 2 15 0 0.00 0.0 0 14.5 35 360 M M 4 47 330
19 44 20 32 -16 33 0 0.00 0.0 0 15.0 29 350 M M 6 35 10
20 45 17 31 -18 34 0 T T 0 7.7 26 290 M M 3 1 33 300
21 53 18 36 -13 29 0 0.00 0.0 T 8.9 20 300 M M 2 31 310
22 60 26 43 -6 22 0 0.07 0.0 0 12.7 26 210 M M 5 1 38 210
23 55 33 44 -6 21 0 0.00 0.0 0 13.8 25 350 M M 7 1 32 350
24 50 23 37 -13 28 0 0.00 0.0 0 7.8 17 350 M M 2 24 360
25 60 35 48 -3 17 0 0.07 0.0 0 16.9 29 140 M M 7 42 130
26 68 46 57 6 8 0 T 0.0 0 10.3 15 40 M M 2 22 130
27 63 45 54 2 11 0 T 0.0 0 11.2 21 10 M M 7 1 26 350
28 71 37 54 2 11 0 0.00 0.0 0 5.9 16 20 M M 4 1 23 50
29 72 39 56 4 9 0 0.00 0.0 0 9.2 21 290 M M 2 29 360
30 73 41 57 4 8 0 0.00 0.0 0 11.4 18 150 M M 0 28 160
================================================================================
SM 1781 976 565 0 1.24 T 369.6 M 134
================================================================================
AV 59.4 32.5 12.3 FASTST M M 4 MAX(MPH)
MISC ----> 36 290 47 330
================================================================================
NOTES:
# LAST OF SEVERAL OCCURRENCES
- COLUMN 17 PEAK WIND IN M.P.H.
- PRECIPITATION AMOUNTS IN COLUMNS 7,8, AND 9 ARE THE OFFICIAL PRECIPITATION
AMOUNTS FOR HURON, SD.
-SNOW DEPTH IN COLUMN 9 IS RECORDED AT 6 AM CST (12Z).
PRELIMINARY LOCAL CLIMATOLOGICAL DATA (WS FORM: F-6) , PAGE 2
STATION: HURON
MONTH: APRIL
YEAR: 2021
LATITUDE: 44 22 N
LONGITUDE: 98 13 W
[TEMPERATURE DATA] [PRECIPITATION DATA] SYMBOLS USED IN COLUMN 16
AVERAGE MONTHLY: 45.9 TOTAL FOR MONTH: 1.24 1 = FOG OR MIST
DPTR FM NORMAL: -0.6 DPTR FM NORMAL: -1.07 2 = FOG REDUCING VISIBILITY
HIGHEST: 88 ON 5 GRTST 24HR 1.05 ON 6- 7 TO 1/4 MILE OR LESS
LOWEST: 17 ON 20 3 = THUNDER
SNOW, ICE PELLETS, HAIL 4 = ICE PELLETS
TOTAL MONTH: T 5 = HAIL
GRTST 24HR T ON 13,15,20 6 = FREEZING RAIN OR DRIZZLE
GRTST DEPTH: T 7 = DUSTSTORM OR SANDSTORM:
VSBY 1/2 MILE OR LESS
8 = SMOKE OR HAZE
[NO. OF DAYS WITH] [WEATHER - DAYS WITH] 9 = BLOWING SNOW
X = TORNADO
MAX 32 OR BELOW: 0 0.01 INCH OR MORE: 6
MAX 90 OR ABOVE: 0 0.10 INCH OR MORE: 2
MIN 32 OR BELOW: 13 0.50 INCH OR MORE: 1
MIN 0 OR BELOW: 0 1.00 INCH OR MORE: 0
[HDD (BASE 65) ]
TOTAL THIS MO. 565 CLEAR (SCALE 0-3) 12
DPTR FM NORMAL 6 PTCLDY (SCALE 4-7) 13
TOTAL FM JUL 1 6843 CLOUDY (SCALE 8-10) 5
DPTR FM NORMAL -535
[CDD (BASE 65) ]
TOTAL THIS MO. 0
DPTR FM NORMAL -4 [PRESSURE DATA]
TOTAL FM JAN 1 0 HIGHEST SLP 30.54 ON 1
DPTR FM NORMAL -4 LOWEST SLP 29.47 ON 5
[REMARKS]
RECORD DAILY MAXIMUM TEMPERATURE WAS TIED ON THE 4TH WITH A HIGH OF
83 DEGREES. THIS MATCHED THE PREVIOUS RECORD FROM 1929.
RECORD DAILY MAXIMUM TEMPERATURE WAS ESTABLISHED ON THE 5TH WITH A HIGH OF
85 DEGREES. THE PREVIOUS RECORD WAS 85 BACK IN 1992.
#FINAL-04-21#