000
CXUS55 KSEW 010930
CF6HQM
PRELIMINARY LOCAL CLIMATOLOGICAL DATA (WS FORM: F-6)
STATION: HOQUIAM WA AIRPORT
MONTH: APRIL
YEAR: 2023
LATITUDE: 46 58 N
LONGITUDE: 123 56 W
TEMPERATURE IN F: :PCPN: SNOW: WIND :SUNSHINE: SKY :PK WND
================================================================================
1 2 3 4 5 6A 6B 7 8 9 10 11 12 13 14 15 16 17 18
12Z AVG MX 2MIN
DY MAX MIN AVG DEP HDD CDD WTR SNW DPTH SPD SPD DIR MIN PSBL S-S WX SPD DR
================================================================================
1 50 40 45 -2 20 0 M M M 11.7 26 290 M M 7 1 39 240
2 47 38 43 -4 22 0 0.18 M M 7.8 18 270 M M 7 1 24 270
3 51 32 42 -5 23 0 0.04 M M 7.5 21 290 M M 5 1 29 310
4 50 37 44 -3 21 0 0.11 M M 5.2 14 270 M M 4 1 17 260
5 49 36 43 -5 22 0 0.06 M M 9.1 14 140 M M 6 19 80
6 53 46 50 2 15 0 0.68 M M 14.2 30 180 M M 10 1 56 170
7 52 46 49 1 16 0 0.10 M M 8.5 17 250 M M 10 18 22 250
8 51 46 49 1 16 0 T M M 14.7 26 180 M M 10 18 48 170
9 53 47 50 2 15 0 0.53 M M 12.2 35 190 M M 9 1 59 180
10 50 45 48 0 17 0 T M M 6.6 16 210 M M 9 20 210
11 51 42 47 -1 18 0 M M M 12.4 22 290 M M 6 1 31 260
12 53 40 47 -1 18 0 M M M 8.6 24 300 M M 5 1 37 300
13 49 38 44 -4 21 0 0.18 M M 4.2 17 270 M M 8 1 23 250
14 55 37 46 -2 19 0 0.00 M M 6.5 16 250 M M 3 1 19 240
15 53 45 49 0 16 0 0.01 M M 9.0 18 180 M M 10 23 180
16 50 41 46 -3 19 0 M M M 12.7 28 230 M M 9 1 35 230
17 49 39 44 -5 21 0 M M M 15.5 33 200 M M 8 1 59 170
18 48 40 44 -5 21 0 M M M M 33 250 M M 9 18 52 250
19 50 39 45 -4 20 0 M M M M 23 240 M M 6 1 33 250
20 49 37 43 -6 22 0 0.29 M M 13.4 29 200 M M 9 18 39 200
21 52 47 50 1 15 0 0.01 M M 8.9 17 240 M M 10 22 240
22 57 47 52 2 13 0 0.46 M M 5.2 10 80 M M 10 1 14 80
23 52 46 49 -1 16 0 0.38 M M 13.0 21 230 M M 10 18 29 240
24 54 47 51 1 14 0 T M M 9.3 18 290 M M 6 24 260
25 57 46 52 2 13 0 0.00 M M 7.1 18 260 M M 4 24 250
26 63 42 53 3 12 0 0.00 M M 6.9 18 260 M M 0 22 260
27 69 48 59 9 6 0 0.00 M M 5.1 14 280 M M 3 18 280
28 86 50 68 18 0 3 0.00 M M 8.5 18 220 M M 0 27 110
29 59 51 55 4 10 0 0.00 M M 10.7 22 250 M M 7 26 270
30 60 50 55 4 10 0 0.04 M M 8.7 20 230 M M 9 1 23 230
================================================================================
SM 1622 1285 491 3 3.07 M 263.2 M 209
================================================================================
AV 54.1 42.8 9.4 FASTST M M 7 MAX(MPH)
MISC ----> 35 190 # 59 180
================================================================================
NOTES:
# LAST OF SEVERAL OCCURRENCES
COLUMN 17 PEAK WIND IN M.P.H.
PRELIMINARY LOCAL CLIMATOLOGICAL DATA (WS FORM: F-6) , PAGE 2
STATION: HOQUIAM WA AIRPORT
MONTH: APRIL
YEAR: 2023
LATITUDE: 46 58 N
LONGITUDE: 123 56 W
[TEMPERATURE DATA] [PRECIPITATION DATA] SYMBOLS USED IN COLUMN 16
AVERAGE MONTHLY: 48.4 TOTAL FOR MONTH: 3.07 1 = FOG OR MIST
DPTR FM NORMAL: -0.3 DPTR FM NORMAL: -2.28 2 = FOG REDUCING VISIBILITY
HIGHEST: 86 ON 28 GRTST 24HR 0.72 ON 6- 7 TO 1/4 MILE OR LESS
LOWEST: 32 ON 3 3 = THUNDER
SNOW, ICE PELLETS, HAIL 4 = ICE PELLETS
TOTAL MONTH: M 5 = HAIL
GRTST 24HR M ON M 6 = FREEZING RAIN OR DRIZZLE
GRTST DEPTH: M ON M 7 = DUSTSTORM OR SANDSTORM:
VSBY 1/2 MILE OR LESS
8 = SMOKE OR HAZE
[NO. OF DAYS WITH] [WEATHER - DAYS WITH] 9 = BLOWING SNOW
X = TORNADO
MAX 32 OR BELOW: 0 0.01 INCH OR MORE: 14
MAX 90 OR ABOVE: 0 0.10 INCH OR MORE: 9
MIN 32 OR BELOW: 1 0.50 INCH OR MORE: 2
MIN 0 OR BELOW: 0 1.00 INCH OR MORE: 0
[HDD (BASE 65) ]
TOTAL THIS MO. 491 CLEAR (SCALE 0-3) 2
DPTR FM NORMAL 3 PTCLDY (SCALE 4-7) 13
TOTAL FM JUL 1 3874 CLOUDY (SCALE 8-10) 15
DPTR FM NORMAL -639
[CDD (BASE 65) ]
TOTAL THIS MO. 3
DPTR FM NORMAL 3 [PRESSURE DATA]
TOTAL FM JAN 1 3 HIGHEST SLP M ON M
DPTR FM NORMAL 3 LOWEST SLP 29.59 ON 17
[REMARKS]
#FINAL-04-23#