000
CXUS54 KBRO 011007
CLMHRL
CLIMATE REPORT
NATIONAL WEATHER SERVICE BROWNSVILLE, TX
507 AM CDT SAT APR 01 2023
...................................
...THE HARLINGEN CLIMATE SUMMARY FOR THE MONTH OF MARCH 2023...
CLIMATE NORMAL PERIOD 1991 TO 2020
CLIMATE RECORD PERIOD 1912 TO 2023
WEATHER OBSERVED NORMAL DEPART LAST YEAR`S
VALUE DATE(S) VALUE FROM VALUE DATE(S)
NORMAL
................................................................
TEMPERATURE (F)
HIGHEST 100 03/12 93 7 96 03/30
03/24
LOWEST 45 03/19 42 3 38 03/01
AVG. MAXIMUM 84.7 81.0 3.7 80.6
AVG. MINIMUM 63.9 59.4 4.5 52.9
MEAN 74.3 70.2 4.1 66.8
DAYS MAX >= 90 14 3.2 10.8 2
DAYS MAX <= 32 0 0.0 0.0 0
DAYS MIN <= 32 0 0.0 0.0 0
DAYS MIN <= 0 0 0.0 0.0 0
PRECIPITATION (INCHES)
TOTALS 2.06 1.31 0.75 0.20
DAILY AVG. 0.07 0.04 0.03 0.01
DAYS >= .01 8 5.9 2.1 2
DAYS >= .10 2 2.1 -0.1
DAYS >= .50 2 0.8 1.2
DAYS >= 1.00 0 0.5 -0.5
GREATEST
24 HR. TOTAL 1.68 03/28 TO 03/29
STORM TOTAL 0.97
(MM/DD(HH))
SNOWFALL (INCHES)
TOTALS 0.0 MM MM 0.0
SINCE 7/1 0.0 MM MM MM
DEGREE DAYS
HEATING TOTAL 28 40 -12 75
SINCE 7/1 524 563 -39 MM
COOLING TOTAL 325 201 124 136
SINCE 1/1 639 361 278 MM
................................................................
WIND (MPH)
AVERAGE WIND SPEED 14.2
HIGHEST WIND SPEED/DIRECTION 39/170 DATE 03/16
39/190 03/24
HIGHEST GUST SPEED/DIRECTION 51/010 DATE 03/17
51/180 03/24
SKY COVER
POSSIBLE SUNSHINE (PERCENT) MM
AVERAGE SKY COVER 0.57
NUMBER OF DAYS FAIR 8
NUMBER OF DAYS PC 13
NUMBER OF DAYS CLOUDY 10
AVERAGE RH (PERCENT) 71
WEATHER CONDITIONS. NUMBER OF DAYS WITH
THUNDERSTORM 3 MIXED PRECIP 0
HEAVY RAIN 2 RAIN 4
LIGHT RAIN 8 FREEZING RAIN 0
LT FREEZING RAIN 0 HAIL 0
HEAVY SNOW 0 SNOW 0
LIGHT SNOW 0 SLEET 0
FOG 17 FOG W/VIS <= 1/4 MILE 3
HAZE 3
- INDICATES NEGATIVE NUMBERS.
R INDICATES RECORD WAS SET OR TIED.
MM INDICATES DATA IS MISSING.
T INDICATES TRACE AMOUNT.
$$