000
CXUS54 KHUN 010810
CF6HSV
PRELIMINARY LOCAL CLIMATOLOGICAL DATA (WS FORM: F-6)
STATION: HUNTSVILLE
MONTH: OCTOBER
YEAR: 2022
LATITUDE: 34 39 N
LONGITUDE: 86 46 W
TEMPERATURE IN F: :PCPN: SNOW: WIND :SUNSHINE: SKY :PK WND
================================================================================
1 2 3 4 5 6A 6B 7 8 9 10 11 12 13 14 15 16 17 18
12Z AVG MX 2MIN
DY MAX MIN AVG DEP HDD CDD WTR SNW DPTH SPD SPD DIR MIN PSBL S-S WX SPD DR
================================================================================
1 81 46 64 -6 1 0 0.00 0.0 0 7.2 16 10 M M 0 24 360
2 81 47 64 -6 1 0 0.00 0.0 0 8.2 18 30 M M 0 27 20
3 77 52 65 -4 0 0 0.00 0.0 0 6.0 15 20 M M 1 21 360
4 79 45 62 -7 3 0 0.00 0.0 0 3.1 10 40 M M 0 18 16 330
5 81 43 62 -6 3 0 0.00 0.0 0 2.6 14 50 M M 0 20 30
6 83 45 64 -4 1 0 0.00 0.0 0 2.2 10 240 M M 1 16 270
7 84 50 67 -1 0 2 0.00 0.0 0 5.3 17 20 M M 3 26 10
8 71 43 57 -10 8 0 0.00 0.0 0 7.7 16 20 M M 1 22 20
9 73 35 54 -13 11 0 0.00 0.0 0 3.2 14 340 M M 1 8 20 290
10 77 40 59 -7 6 0 0.00 0.0 0 3.5 12 30 M M 0 17 360
11 80 43 62 -4 3 0 0.00 0.0 0 6.9 14 100 M M 2 21 130
12 73 63 68 2 0 3 1.44 0.0 0 8.7 24 320 M M 7 138 36 310
13 73 47 60 -5 5 0 0.03 0.0 0 6.2 16 320 M M 4 13 24 310
14 76 43 60 -5 5 0 0.00 0.0 0 5.5 16 240 M M 0 24 230
15 83 50 67 3 0 2 T 0.0 0 5.8 18 230 M M 4 28 260
16 78 55 67 3 0 2 0.05 0.0 0 3.8 12 240 M M 7 1 17 300
17 68 43 56 -8 9 0 0.00 0.0 0 9.2 17 360 M M 3 1 26 360
18 55 34 45 -18 20 0 0.00 0.0 0 8.2 18 350 M M 1 27 350
19 59 31 45 -18 20 0 0.00 0.0 0 4.7 13 310 M M 0 17 260
20 64 31 48 -14 17 0 0.00 0.0 0 3.2 15 260 M M 1 31 260
21 75 36 56 -6 9 0 0.00 0.0 0 6.2 14 160 M M 1 18 220
22 77 49 63 1 2 0 0.00 0.0 0 7.0 14 170 M M 3 20 150
23 78 50 64 3 1 0 0.00 0.0 0 6.3 14 210 M M 3 20 170
24 80 47 64 3 1 0 0.00 0.0 0 7.5 16 160 M M 2 23 160
25 77 56 67 7 0 2 0.26 0.0 0 11.7 30 150 M M 6 13 44 140
26 59 44 52 -8 13 0 T 0.0 0 8.2 21 260 M M 7 31 260
27 71 42 57 -2 8 0 0.00 0.0 0 6.3 14 30 M M 1 19 30
28 74 49 62 3 3 0 0.00 0.0 0 7.4 17 130 M M 3 25 150
29 75 53 64 5 1 0 0.19 0.0 0 12.2 20 110 M M 5 1 28 120
30 65 59 62 4 3 0 0.40 0.0 0 9.5 20 120 M M 10 1 27 130
31 68 54 61 3 4 0 0.00 0.0 0 4.7 13 240 M M 9 12 17 250
================================================================================
SM 2295 1425 158 11 2.37 0.0 198.2 M 86
================================================================================
AV 74.0 46.0 6.4 FASTST M M 3 MAX(MPH)
MISC ----> 30 150 44 140
================================================================================
NOTES:
# LAST OF SEVERAL OCCURRENCES
COLUMN 17 PEAK WIND IN M.P.H.
PRELIMINARY LOCAL CLIMATOLOGICAL DATA (WS FORM: F-6) , PAGE 2
STATION: HUNTSVILLE
MONTH: OCTOBER
YEAR: 2022
LATITUDE: 34 39 N
LONGITUDE: 86 46 W
[TEMPERATURE DATA] [PRECIPITATION DATA] SYMBOLS USED IN COLUMN 16
AVERAGE MONTHLY: 60.0 TOTAL FOR MONTH: 2.37 1 = FOG OR MIST
DPTR FM NORMAL: -3.9 DPTR FM NORMAL: -1.19 2 = FOG REDUCING VISIBILITY
HIGHEST: 84 ON 7 GRTST 24HR 1.47 ON 12-13 TO 1/4 MILE OR LESS
LOWEST: 31 ON 20,19 3 = THUNDER
SNOW, ICE PELLETS, HAIL 4 = ICE PELLETS
TOTAL MONTH: 0.0 INCH 5 = HAIL
GRTST 24HR 0.0 6 = FREEZING RAIN OR DRIZZLE
GRTST DEPTH: 0 7 = DUSTSTORM OR SANDSTORM:
VSBY 1/2 MILE OR LESS
8 = SMOKE OR HAZE
[NO. OF DAYS WITH] [WEATHER - DAYS WITH] 9 = BLOWING SNOW
X = TORNADO
MAX 32 OR BELOW: 0 0.01 INCH OR MORE: 6
MAX 90 OR ABOVE: 0 0.10 INCH OR MORE: 4
MIN 32 OR BELOW: 2 0.50 INCH OR MORE: 1
MIN 0 OR BELOW: 0 1.00 INCH OR MORE: 1
[HDD (BASE 65) ]
TOTAL THIS MO. 158 CLEAR (SCALE 0-3) 21
DPTR FM NORMAL 36 PTCLDY (SCALE 4-7) 8
TOTAL FM JUL 1 169 CLOUDY (SCALE 8-10) 2
DPTR FM NORMAL 40
[CDD (BASE 65) ]
TOTAL THIS MO. 11
DPTR FM NORMAL -77 [PRESSURE DATA]
TOTAL FM JAN 1 2127 HIGHEST SLP M ON M
DPTR FM NORMAL 33 LOWEST SLP 29.64 ON 25
[REMARKS]
#FINAL-10-22#