000
CXUS53 KAPX 081616
CF6HTL
PRELIMINARY LOCAL CLIMATOLOGICAL DATA (WS FORM: F-6)
STATION: HOUGHTON LAKE MI
MONTH: JULY
YEAR: 2020
LATITUDE: 44 22 N
LONGITUDE: 84 41 W
TEMPERATURE IN F: :PCPN: SNOW: WIND :SUNSHINE: SKY :PK WND
================================================================================
1 2 3 4 5 6A 6B 7 8 9 10 11 12 13 14 15 16 17 18
12Z AVG MX 2MIN
DY MAX MIN AVG DEP HDD CDD WTR SNW DPTH SPD SPD DIR MIN PSBL S-S WX SPD DR
================================================================================
1 88 53 71 5 0 6 0.00 0.0 0 3.7 13 230 M M 0 1 18 240
2 91 56 74 8 0 9 0.00 0.0 0 4.7 15 340 M M 0 1 22 350
3 93 66 80 13 0 15 0.00 0.0 0 6.0 16 350 M M 2 1 24 330
4 89 62 76 9 0 11 0.00 0.0 0 3.7 10 330 M M 0 1 14 160
5 91 56 74 7 0 9 0.00 0.0 0 3.4 17 40 M M 0 26 50
6 93 58 76 9 0 11 0.00 0.0 0 3.5 9 230 M M 0 13 230
7 91 65 78 11 0 13 0.00 0.0 0 5.1 15 280 M M 1 21 280
8 91 60 76 9 0 11 0.00 0.0 0 3.8 9 180 M M 1 12 13 180
9 93 63 78 11 0 13 0.03 0.0 0 4.3 17 320 M M 1 123 24 180
10 82 66 74 7 0 9 T 0.0 0 8.0 18 320 M M 6 1 28 300
11 84 59 72 5 0 7 0.00 0.0 0 10.7 22 290 M M 1 33 320
12 77 57 67 0 0 2 0.00 0.0 0 9.6 18 310 M M 3 26 320
13 82 55 69 2 0 4 0.00 0.0 0 5.8 16 330 M M 2 30 350
14 83 49 66 -1 0 1 0.00 0.0 0 4.6 10 160 M M 1 1 17 170
15 84 67 76 9 0 11 0.30 0.0 0 7.3 15 350 M M 5 1 21 360
16 82 59 71 4 0 6 0.01 0.0 0 4.5 10 240 M M 6 1 16 270
17 88 56 72 5 0 7 0.00 0.0 0 7.4 15 270 M M 1 1 22 250
18 91 66 79 12 0 14 0.00 0.0 0 9.9 22 220 M M 2 35 210
19 83 66 75 8 0 10 1.03 0.0 0 11.8 32 330 M M 5 13 44 330
20 74 50 62 -5 3 0 0.00 0.0 0 8.6 16 280 M M 2 27 270
21 77 47 62 -5 3 0 0.00 0.0 0 3.2 9 130 M M 2 1 14 280
22 82 61 72 5 0 7 0.18 0.0 0 6.5 21 30 M M 6 1 26 20
23 80 56 68 1 0 3 0.00 0.0 0 4.6 13 100 M M 7 1 18 80
24 83 49 66 -1 0 1 0.00 0.0 0 4.4 10 170 M M 0 1 15 290
25 87 53 70 3 0 5 0.00 0.0 0 6.1 13 240 M M 0 20 250
26 89 71 80 13 0 15 0.03 0.0 0 9.0 28 240 M M 2 3 42 240
27 81 69 75 8 0 10 0.00 0.0 0 10.6 18 290 M M 6 26 300
28 82 63 73 6 0 8 0.00 0.0 0 9.8 16 280 M M 2 25 280
29 82 60 71 4 0 6 0.03 0.0 0 7.7 17 320 M M 4 25 310
30 81 51 66 -1 0 1 0.00 0.0 0 4.4 12 20 M M 3 12 21 20
31 83 51 67 0 0 2 0.00 0.0 0 3.5 10 360 M M 5 16 360
================================================================================
SM 2637 1820 6 227 1.61 0.0 196.2 M 76
================================================================================
AV 85.1 58.7 6.3 FASTST M M 2 MAX(MPH)
MISC ----> # 32 330 # 44 330
================================================================================
NOTES:
# LAST OF SEVERAL OCCURRENCES
COLUMN 17 PEAK WIND IN M.P.H.
PRELIMINARY LOCAL CLIMATOLOGICAL DATA (WS FORM: F-6) , PAGE 2
STATION: HOUGHTON LAKE MI
MONTH: JULY
YEAR: 2020
LATITUDE: 44 22 N
LONGITUDE: 84 41 W
[TEMPERATURE DATA] [PRECIPITATION DATA] SYMBOLS USED IN COLUMN 16
AVERAGE MONTHLY: 71.9 TOTAL FOR MONTH: 1.61 1 = FOG OR MIST
DPTR FM NORMAL: 4.8 DPTR FM NORMAL: -1.15 2 = FOG REDUCING VISIBILITY
HIGHEST: 93 ON 9, 6 GRTST 24HR 1.03 ON 19-19 TO 1/4 MILE OR LESS
LOWEST: 47 ON 21 3 = THUNDER
SNOW, ICE PELLETS, HAIL 4 = ICE PELLETS
TOTAL MONTH: 0.0 INCH 5 = HAIL
GRTST 24HR 0.0 6 = FREEZING RAIN OR DRIZZLE
GRTST DEPTH: 0 7 = DUSTSTORM OR SANDSTORM:
VSBY 1/2 MILE OR LESS
8 = SMOKE OR HAZE
[NO. OF DAYS WITH] [WEATHER - DAYS WITH] 9 = BLOWING SNOW
X = TORNADO
MAX 32 OR BELOW: 0 0.01 INCH OR MORE: 7
MAX 90 OR ABOVE: 8 0.10 INCH OR MORE: 3
MIN 32 OR BELOW: 0 0.50 INCH OR MORE: 1
MIN 0 OR BELOW: 0 1.00 INCH OR MORE: 1
[HDD (BASE 65) ]
TOTAL THIS MO. 6 CLEAR (SCALE 0-3) 22
DPTR FM NORMAL -41 PTCLDY (SCALE 4-7) 9
TOTAL FM JUL 1 6 CLOUDY (SCALE 8-10) 0
DPTR FM NORMAL -41
[CDD (BASE 65) ]
TOTAL THIS MO. 227
DPTR FM NORMAL 115 [PRESSURE DATA]
TOTAL FM JAN 1 356 HIGHEST SLP M ON M
DPTR FM NORMAL 169 LOWEST SLP 29.59 ON 19
[REMARKS]
#FINAL-07-20#