000
CXUS51 KRLX 031954
CF6HTS
PRELIMINARY LOCAL CLIMATOLOGICAL DATA (WS FORM: F-6)
STATION: HUNTINGTON WV
MONTH: JULY
YEAR: 2021
LATITUDE: 38 22 N
LONGITUDE: 82 33 W
TEMPERATURE IN F: :PCPN: SNOW: WIND :SUNSHINE: SKY :PK WND
================================================================================
1 2 3 4 5 6A 6B 7 8 9 10 11 12 13 14 15 16 17 18
12Z AVG MX 2MIN
DY MAX MIN AVG DEP HDD CDD WTR SNW DPTH SPD SPD DIR MIN PSBL S-S WX SPD DR
================================================================================
1 73 69 71 -5 0 6 1.53 0.0 0 3.2 15 310 M M 9 13 23 310
2 77 63 70 -6 0 5 0.00 0.0 0 6.9 16 350 M M 4 22 360
3 77 57 67 -9 0 2 0.00 0.0 0 4.6 13 20 M M 2 16 30
4 86 60 73 -3 0 8 0.00 0.0 0 3.7 10 240 M M 4 18 15 290
5 88 66 77 1 0 12 0.00 0.0 0 2.2 8 120 M M 1 18 12 240
6 90 68 79 3 0 14 T 0.0 0 1.9 12 210 M M 2 138 17 220
7 91 70 81 5 0 16 0.86 0.0 0 4.0 36 110 M M 2 138 47 110
8 83 69 76 0 0 11 0.15 0.0 0 3.7 12 210 M M 6 138 16 210
9 83 66 75 -1 0 10 0.00 0.0 0 6.1 14 250 M M 5 20 260
10 79 61 70 -6 0 5 0.79 0.0 0 3.3 24 250 M M 3 1238 42 250
11 84 69 77 0 0 12 1.84 0.0 0 5.3 21 260 M M 5 1238 32 190
12 86 69 78 1 0 13 T 0.0 0 5.3 12 250 M M 5 17 260
13 81 69 75 -2 0 10 0.12 0.0 0 6.0 15 200 M M 2 1 22 180
14 85 69 77 0 0 12 0.22 0.0 0 4.6 14 290 M M 4 20 310
15 87 69 78 1 0 13 0.21 0.0 0 5.2 17 260 M M 3 13 26 260
16 87 68 78 1 0 13 0.05 0.0 0 3.8 15 250 M M 1 3 23 260
17 80 70 75 -2 0 10 1.26 0.0 0 6.5 16 240 M M 5 1238 22 260
18 80 64 72 -5 0 7 0.00 0.0 0 4.6 13 80 M M 2 17 50
19 84 65 75 -1 0 10 0.00 0.0 0 4.3 12 360 M M 0 12 17 60
20 86 64 75 -1 0 10 0.00 0.0 0 1.3 7 320 M M 3 128 9 330
21 84 65 75 -1 0 10 0.00 0.0 0 5.3 14 320 M M 2 28 20 320
22 80 62 71 -5 0 6 0.00 0.0 0 2.4 9 20 M M 1 1 13 20
23 83 60 72 -4 0 7 0.00 0.0 0 2.3 9 50 M M 1 12 12 10
24 87 61 74 -2 0 9 0.00 0.0 0 3.3 12 250 M M 1 12 16 240
25 88 69 79 3 0 14 1.15 0.0 0 4.2 21 200 M M 4 138 24 200
26 90 71 81 5 0 16 T 0.0 0 2.8 14 190 M M 2 13 16 180
27 89 66 78 2 0 13 0.00 0.0 0 3.3 12 30 M M 0 18 15 10
28 89 63 76 0 0 11 T 0.0 0 1.1 8 360 M M 0 18 12 270
29 88 68 78 2 0 13 0.98 0.0 0 5.5 26 350 M M 1 138 33 350
30 84 67 76 0 0 11 0.00 0.0 0 4.9 14 20 M M 4 17 20
31 79 65 72 -4 0 7 0.34 0.0 0 2.0 8 200 M M 4 18 11 210
================================================================================
SM 2608 2042 0 316 9.50 0.0 123.6 M 88
================================================================================
AV 84.1 65.9 4.0 FASTST M M 3 MAX(MPH)
MISC ----> 36 110 47 110
================================================================================
NOTES:
# LAST OF SEVERAL OCCURRENCES
COLUMN 17 PEAK WIND IN M.P.H.
PRELIMINARY LOCAL CLIMATOLOGICAL DATA (WS FORM: F-6) , PAGE 2
STATION: HUNTINGTON WV
MONTH: JULY
YEAR: 2021
LATITUDE: 38 22 N
LONGITUDE: 82 33 W
[TEMPERATURE DATA] [PRECIPITATION DATA] SYMBOLS USED IN COLUMN 16
AVERAGE MONTHLY: 75.0 TOTAL FOR MONTH: 9.50 1 = FOG OR MIST
DPTR FM NORMAL: -1.4 DPTR FM NORMAL: 4.42 2 = FOG REDUCING VISIBILITY
HIGHEST: 91 ON 7 GRTST 24HR 2.57 ON 30- 1 TO 1/4 MILE OR LESS
LOWEST: 57 ON 3 3 = THUNDER
SNOW, ICE PELLETS, HAIL 4 = ICE PELLETS
TOTAL MONTH: 0.0 INCH 5 = HAIL
GRTST 24HR 0.0 6 = FREEZING RAIN OR DRIZZLE
GRTST DEPTH: 0 7 = DUSTSTORM OR SANDSTORM:
VSBY 1/2 MILE OR LESS
8 = SMOKE OR HAZE
[NO. OF DAYS WITH] [WEATHER - DAYS WITH] 9 = BLOWING SNOW
X = TORNADO
MAX 32 OR BELOW: 0 0.01 INCH OR MORE: 13
MAX 90 OR ABOVE: 3 0.10 INCH OR MORE: 12
MIN 32 OR BELOW: 0 0.50 INCH OR MORE: 7
MIN 0 OR BELOW: 0 1.00 INCH OR MORE: 4
[HDD (BASE 65) ]
TOTAL THIS MO. 0 CLEAR (SCALE 0-3) 18
DPTR FM NORMAL 0 PTCLDY (SCALE 4-7) 12
TOTAL FM JUL 1 0 CLOUDY (SCALE 8-10) 1
DPTR FM NORMAL 0
[CDD (BASE 65) ]
TOTAL THIS MO. 316
DPTR FM NORMAL -38 [PRESSURE DATA]
TOTAL FM JAN 1 681 HIGHEST SLP 30.23 ON 14
DPTR FM NORMAL -57 LOWEST SLP 29.85 ON 8
[REMARKS]
#FINAL-07-21#