000
CXUS56 KTFX 040532
CF6HVR
PRELIMINARY LOCAL CLIMATOLOGICAL DATA (WS FORM: F-6)
STATION: HAVRE MT
MONTH: JUNE
YEAR: 2022
LATITUDE: 48 32 N
LONGITUDE: 109 46 W
TEMPERATURE IN F: :PCPN: SNOW: WIND :SUNSHINE: SKY :PK WND
================================================================================
1 2 3 4 5 6A 6B 7 8 9 10 11 12 13 14 15 16 17 18
12Z AVG MX 2MIN
DY MAX MIN AVG DEP HDD CDD WTR SNW DPTH SPD SPD DIR MIN PSBL S-S WX SPD DR
================================================================================
1 75 37 56 -3 9 0 0.00 0.0 0 5.9 16 280 M M 2 23 290
2 75 32 54 -5 11 0 0.00 0.0 0 5.1 16 20 M M 1 24 40
3 77 50 64 5 1 0 0.00 0.0 0 12.5 26 170 M M 5 32 170
4 80 57 69 9 0 4 0.56 0.0 0 11.7 25 190 M M 8 1 33 210
5 69 56 63 3 2 0 0.33 0.0 0 7.6 18 80 M M 9 1 22 120
6 57 49 53 -7 12 0 0.68 0.0 0 10.7 20 70 M M 9 1 24 80
7 63 47 55 -5 10 0 0.40 0.0 0 5.9 16 70 M M 9 1 21 20
8 75 44 60 0 5 0 0.00 0.0 0 5.4 17 260 M M 4 23 250
9 81 50 66 5 0 1 T 0.0 0 10.0 23 260 M M 2 31 290
10 84 59 72 11 0 7 0.00 0.0 0 15.8 36 280 M M 2 47 280
11 80 53 67 6 0 2 0.00 0.0 0 12.5 28 280 M M 3 34 280
12 74 50 62 1 3 0 0.01 0.0 0 7.5 18 240 M M 3 26 240
13 69 48 59 -3 6 0 0.24 0.0 0 10.5 28 270 M M 8 1 40 260
14 57 46 52 -10 13 0 0.36 0.0 0 24.3 40 230 M M 7 1 54 220
15 65 47 56 -6 9 0 0.29 0.0 0 26.5 45 280 M M 9 1 63 280
16 77 46 62 0 3 0 0.00 0.0 0 14.1 25 90 M M 0 37 90
17 93 57 75 13 0 10 0.00 0.0 0 13.9 30 90 M M 0 46 270
18 84 59 72 10 0 7 T 0.0 0 11.6 33 280 M M 1 3 48 280
19 66 57 62 -1 3 0 0.04 0.0 0 8.3 26 300 M M 7 35 300
20 68 51 60 -3 5 0 0.01 0.0 0 16.1 29 200 M M 7 37 200
21 80 53 67 4 0 2 0.04 0.0 0 11.3 25 270 M M 5 1 32 270
22 85 48 67 3 0 2 0.00 0.0 0 11.0 24 290 M M 0 32 260
23 88 50 69 5 0 4 0.00 0.0 0 11.4 31 300 M M 1 41 240
24 70 39 55 -9 10 0 0.02 0.0 0 13.0 29 310 M M 2 39 300
25 73 44 59 -5 6 0 T 0.0 0 11.6 24 50 M M 4 35 20
26 81 40 61 -3 4 0 0.00 0.0 0 4.6 14 120 M M 0 26 160
27 86 39 63 -2 2 0 0.00 0.0 0 6.3 12 120 M M 0 19 90
28 90 52 71 6 0 6 0.01 0.0 0 14.4 40 290 M M 1 3 61 290
29 82 51 67 2 0 2 0.00 0.0 0 16.8 36 280 M M 1 3 47 270
30 78 46 62 -4 3 0 0.00 0.0 0 8.7 20 300 M M 2 25 310
================================================================================
SM 2282 1457 117 47 2.99 0.0 345.0 M 112
================================================================================
AV 76.1 48.6 11.5 FASTST M M 4 MAX(MPH)
MISC ----> 45 280 63 280
================================================================================
NOTES:
# LAST OF SEVERAL OCCURRENCES
COLUMN 17 PEAK WIND IN M.P.H.
PRELIMINARY LOCAL CLIMATOLOGICAL DATA (WS FORM: F-6) , PAGE 2
STATION: HAVRE MT
MONTH: JUNE
YEAR: 2022
LATITUDE: 48 32 N
LONGITUDE: 109 46 W
[TEMPERATURE DATA] [PRECIPITATION DATA] SYMBOLS USED IN COLUMN 16
AVERAGE MONTHLY: 62.3 TOTAL FOR MONTH: 2.99 1 = FOG OR MIST
DPTR FM NORMAL: 0.2 DPTR FM NORMAL: 0.50 2 = FOG REDUCING VISIBILITY
HIGHEST: 93 ON 17 GRTST 24HR 0.87 ON 6- 7 TO 1/4 MILE OR LESS
LOWEST: 32 ON 2 3 = THUNDER
SNOW, ICE PELLETS, HAIL 4 = ICE PELLETS
TOTAL MONTH: 0.0 INCH 5 = HAIL
GRTST 24HR 0.0 6 = FREEZING RAIN OR DRIZZLE
GRTST DEPTH: 0 7 = DUSTSTORM OR SANDSTORM:
VSBY 1/2 MILE OR LESS
8 = SMOKE OR HAZE
[NO. OF DAYS WITH] [WEATHER - DAYS WITH] 9 = BLOWING SNOW
X = TORNADO
MAX 32 OR BELOW: 0 0.01 INCH OR MORE: 13
MAX 90 OR ABOVE: 2 0.10 INCH OR MORE: 7
MIN 32 OR BELOW: 1 0.50 INCH OR MORE: 2
MIN 0 OR BELOW: 0 1.00 INCH OR MORE: 0
[HDD (BASE 65) ]
TOTAL THIS MO. 117 CLEAR (SCALE 0-3) 17
DPTR FM NORMAL -13 PTCLDY (SCALE 4-7) 8
TOTAL FM JUL 1 7861 CLOUDY (SCALE 8-10) 5
DPTR FM NORMAL -314
[CDD (BASE 65) ]
TOTAL THIS MO. 47
DPTR FM NORMAL 5 [PRESSURE DATA]
TOTAL FM JAN 1 49 HIGHEST SLP 30.39 ON 26
DPTR FM NORMAL -1 LOWEST SLP 29.43 ON 17
[REMARKS]
#FINAL-06-22#