000
CXUS53 KUNR 010930
CF6ICR
PRELIMINARY LOCAL CLIMATOLOGICAL DATA (WS FORM: F-6)
STATION: WINNER REGIONAL AIRPORT SD
MONTH: OCTOBER
YEAR: 2021
LATITUDE: 43 23 N
LONGITUDE: 99 50 W
TEMPERATURE IN F: :PCPN: SNOW: WIND :SUNSHINE: SKY :PK WND
================================================================================
1 2 3 4 5 6A 6B 7 8 9 10 11 12 13 14 15 16 17 18
12Z AVG MX 2MIN
DY MAX MIN AVG DEP HDD CDD WTR SNW DPTH SPD SPD DIR MIN PSBL S-S WX SPD DR
================================================================================
1 66 58 62 3 3 0 0.06 M M 8.3 14 340 M M 10 1 18 330
2 75 52 64 5 1 0 0.00 M M 7.9 15 330 M M 4 21 350
3 83 48 66 8 0 1 0.00 M M 5.3 12 150 M M 0 13 170
4 84 50 67 9 0 2 0.00 M M 6.1 14 160 M M 0 19 170
5 82 56 69 12 0 4 0.00 M M 13.0 21 150 M M 0 8 29 160
6 79 54 67 11 0 2 0.00 M M 15.3 25 150 M M 0 37 150
7 80 58 69 13 0 4 0.00 M M 14.5 28 180 M M 1 37 180
8 83 54 69 13 0 4 0.00 M M 6.9 16 200 M M 1 23 200
9 75 55 65 10 0 0 T M M 9.7 35 310 M M 3 45 320
10 69 49 59 5 6 0 T M M 14.9 26 290 M M 5 18 38 280
11 70 43 57 3 8 0 0.00 M M 7.2 16 340 M M 0 20 340
12 66 37 52 -1 13 0 0.17 M M 12.4 23 80 M M 4 3 33 70
13 56 40 48 -5 17 0 0.19 M M 27.8 51 260 M M 8 1 66 260
14 59 33 46 -6 19 0 0.00 M M 12.2 25 280 M M 0 38 280
15 59 35 47 -5 18 0 0.00 M M 14.5 26 290 M M 1 38 290
16 68 37 53 2 12 0 0.00 M M 9.9 21 290 M M 0 36 300
17 80 42 61 10 4 0 0.00 M M 10.7 20 190 M M 0 27 180
18 78 51 65 15 0 0 0.00 M M 14.4 26 180 M M 0 38 170
19 67 41 54 4 11 0 0.25 M M 13.4 26 10 M M 3 13 34 10
20 43 36 40 -10 25 0 0.25 M M 16.1 25 310 M M 10 3 35 300
21 51 28 40 -9 25 0 0.00 M M 7.0 13 290 M M 1 18 270
22 61 34 48 0 17 0 0.00 M M 9.1 16 110 M M 1 22 110
23 54 35 45 -3 20 0 0.00 M M 14.2 26 120 M M 4 18 36 130
24 48 41 45 -3 20 0 0.00 M M 8.6 14 110 M M 8 18 18 110
25 50 41 46 -1 19 0 0.00 M M 17.2 31 150 M M 10 44 140
26 53 46 50 3 15 0 0.25 M M 14.3 28 170 M M 10 138 42 150
27 55 41 48 2 17 0 0.11 M M 13.3 24 300 M M 5 1 32 290
28 60 36 48 2 17 0 0.00 M M 18.1 37 330 M M 0 50 320
29 65 34 50 5 15 0 0.00 M M 9.0 17 170 M M 0 23 170
30 57 36 47 2 18 0 0.00 M M 17.0 32 340 M M 3 43 310
31 47 28 38 -6 27 0 0.00 M M 9.6 21 320 M M 5 28 330
================================================================================
SM 2023 1329 347 17 1.28 M 377.9 M 97
================================================================================
AV 65.3 42.9 12.2 FASTST M M 3 MAX(MPH)
MISC ----> 51 260 66 260
================================================================================
NOTES:
# LAST OF SEVERAL OCCURRENCES
COLUMN 17 PEAK WIND IN M.P.H.
PRELIMINARY LOCAL CLIMATOLOGICAL DATA (WS FORM: F-6) , PAGE 2
STATION: WINNER REGIONAL AIRPORT SD
MONTH: OCTOBER
YEAR: 2021
LATITUDE: 43 23 N
LONGITUDE: 99 50 W
[TEMPERATURE DATA] [PRECIPITATION DATA] SYMBOLS USED IN COLUMN 16
AVERAGE MONTHLY: 54.1 TOTAL FOR MONTH: 1.28 1 = FOG OR MIST
DPTR FM NORMAL: 2.6 DPTR FM NORMAL: -0.20 2 = FOG REDUCING VISIBILITY
HIGHEST: 84 ON 4 GRTST 24HR 0.77 ON 30- 1 TO 1/4 MILE OR LESS
LOWEST: 28 ON 31,21 3 = THUNDER
SNOW, ICE PELLETS, HAIL 4 = ICE PELLETS
TOTAL MONTH: M 5 = HAIL
GRTST 24HR M ON M 6 = FREEZING RAIN OR DRIZZLE
GRTST DEPTH: M ON M 7 = DUSTSTORM OR SANDSTORM:
VSBY 1/2 MILE OR LESS
8 = SMOKE OR HAZE
[NO. OF DAYS WITH] [WEATHER - DAYS WITH] 9 = BLOWING SNOW
X = TORNADO
MAX 32 OR BELOW: 0 0.01 INCH OR MORE: 7
MAX 90 OR ABOVE: 0 0.10 INCH OR MORE: 6
MIN 32 OR BELOW: 2 0.50 INCH OR MORE: 0
MIN 0 OR BELOW: 0 1.00 INCH OR MORE: 0
[HDD (BASE 65) ]
TOTAL THIS MO. 347 CLEAR (SCALE 0-3) 18
DPTR FM NORMAL -85 PTCLDY (SCALE 4-7) 9
TOTAL FM JUL 1 380 CLOUDY (SCALE 8-10) 4
DPTR FM NORMAL -160
[CDD (BASE 65) ]
TOTAL THIS MO. 17
DPTR FM NORMAL 2 [PRESSURE DATA]
TOTAL FM JAN 1 1305 HIGHEST SLP 30.42 ON 31
DPTR FM NORMAL 244 LOWEST SLP 29.21 ON 13
[REMARKS]
#FINAL-10-21#