000
CXUS53 KUNR 290930
CF6ICR
PRELIMINARY LOCAL CLIMATOLOGICAL DATA (WS FORM: F-6)
STATION: WINNER REGIONAL AIRPORT SD
MONTH: MARCH
YEAR: 2024
LATITUDE: 43 23 N
LONGITUDE: 99 50 W
TEMPERATURE IN F: :PCPN: SNOW: WIND :SUNSHINE: SKY :PK WND
================================================================================
1 2 3 4 5 6A 6B 7 8 9 10 11 12 13 14 15 16 17 18
12Z AVG MX 2MIN
DY MAX MIN AVG DEP HDD CDD WTR SNW DPTH SPD SPD DIR MIN PSBL S-S WX SPD DR
================================================================================
1 75 40 58 26 7 0 0.00 M M 12.0 23 260 M M 0 31 240
2 56 23 40 7 25 0 T M M 6.5 17 110 M M 0 21 320
3 57 31 44 11 21 0 T M M 13.8 36 300 M M 3 128 49 290
4 44 26 35 1 30 0 0.00 M M 8.2 16 120 M M 3 23 120
5 53 29 41 7 24 0 0.00 M M 14.4 29 170 M M 3 39 170
6 65 29 47 13 18 0 0.01 M M 17.9 37 190 M M 4 49 190
7 33 25 29 -6 36 0 0.09 M M 9.1 15 360 M M 10 18 19 10
8 48 24 36 1 29 0 0.00 M M 7.7 16 330 M M 4 22 330
9 56 20 38 2 27 0 0.00 M M 5.4 14 150 M M 0 20 110
10 71 35 53 17 12 0 0.00 M M 10.4 22 250 M M 0 33 240
11 74 35 55 19 10 0 0.00 M M 10.7 23 260 M M 0 30 300
12 68 35 52 15 13 0 0.00 M M 9.0 17 130 M M 0 24 150
13 64 36 50 13 15 0 0.00 M M 9.5 18 320 M M 3 30 320
14 53 27 40 2 25 0 0.00 M M 14.3 26 330 M M 6 34 310
15 63 27 45 7 20 0 0.00 M M 10.9 22 250 M M 3 30 250
16 52 28 40 2 25 0 0.00 M M 17.2 35 310 M M 0 45 300
17 36 12 24 -15 41 0 0.00 M M 13.2 28 330 M M 4 36 320
18 59 9 34 -5 31 0 0.00 M M 9.1 20 210 M M 0 28 210
19 68 34 51 12 14 0 0.00 M M 10.8 23 50 M M 2 29 50
20 39 21 30 -10 35 0 0.00 M M 10.5 16 90 M M 4 24 100
21 55 22 39 -1 26 0 T M M 14.7 23 130 M M 2 30 170
22 36 25 31 -9 34 0 0.00 M M 9.9 16 350 M M 9 21 360
23 33 24 29 -12 36 0 0.00 M M 17.9 25 110 M M 9 37 120
24 31 26 29 -12 36 0 0.18 M M 16.5 24 360 M M 10 126 34 360
25 26 20 23 -18 42 0 T M M 24.1 32 330 M M 10 18 46 350
26 23 6 15 -27 50 0 0.00 M M 15.6 26 300 M M 1 33 310
27 35 5 20 -22 45 0 0.00 M M 7.4 15 110 M M 1 18 120
28 45 20 33 -9 32 0 0.00 M M 15.2 28 110 M M 1 34 110
================================================================================
SM 1418 694 759 0 0.28 M 341.9 M 92
================================================================================
AV 50.6 24.8 12.2 FASTST M M 3 MAX(MPH)
MISC ----> 37 190 # 49 290
================================================================================
NOTES:
# LAST OF SEVERAL OCCURRENCES
COLUMN 17 PEAK WIND IN M.P.H.
PRELIMINARY LOCAL CLIMATOLOGICAL DATA (WS FORM: F-6) , PAGE 2
STATION: WINNER REGIONAL AIRPORT SD
MONTH: MARCH
YEAR: 2024
LATITUDE: 43 23 N
LONGITUDE: 99 50 W
[TEMPERATURE DATA] [PRECIPITATION DATA] SYMBOLS USED IN COLUMN 16
AVERAGE MONTHLY: 37.7 TOTAL FOR MONTH: 0.28 1 = FOG OR MIST
DPTR FM NORMAL: 0.1 DPTR FM NORMAL: -0.41 2 = FOG REDUCING VISIBILITY
HIGHEST: 75 ON 1 GRTST 24HR 0.18 ON 24-24 TO 1/4 MILE OR LESS
LOWEST: 5 ON 27 3 = THUNDER
SNOW, ICE PELLETS, HAIL 4 = ICE PELLETS
TOTAL MONTH: M 5 = HAIL
GRTST 24HR M ON M 6 = FREEZING RAIN OR DRIZZLE
GRTST DEPTH: M ON M 7 = DUSTSTORM OR SANDSTORM:
VSBY 1/2 MILE OR LESS
8 = SMOKE OR HAZE
[NO. OF DAYS WITH] [WEATHER - DAYS WITH] 9 = BLOWING SNOW
X = TORNADO
MAX 32 OR BELOW: 3 0.01 INCH OR MORE: 3
MAX 90 OR ABOVE: 0 0.10 INCH OR MORE: 1
MIN 32 OR BELOW: 22 0.50 INCH OR MORE: 0
MIN 0 OR BELOW: 0 1.00 INCH OR MORE: 0
[HDD (BASE 65) ]
TOTAL THIS MO. 759 CLEAR (SCALE 0-3) 16
DPTR FM NORMAL -12 PTCLDY (SCALE 4-7) 7
TOTAL FM JUL 1 5078 CLOUDY (SCALE 8-10) 5
DPTR FM NORMAL -500
[CDD (BASE 65) ]
TOTAL THIS MO. 0
DPTR FM NORMAL 0 [PRESSURE DATA]
TOTAL FM JAN 1 0 HIGHEST SLP M ON M
DPTR FM NORMAL 0 LOWEST SLP 29.27 ON 3
[REMARKS]