000
CXUS53 KICT 040645
CF6ICT
PRELIMINARY LOCAL CLIMATOLOGICAL DATA (WS FORM: F-6)
STATION: WICHITA EISENHOWER NATIONAL
MONTH: OCTOBER
YEAR: 2022
LATITUDE: 37 39 N
LONGITUDE: 97 25 W
TEMPERATURE IN F: :PCPN: SNOW: WIND :SUNSHINE: SKY :PK WND
================================================================================
1 2 3 4 5 6A 6B 7 8 9 10 11 12 13 14 15 16 17 18
12Z AVG MX 2MIN
DY MAX MIN AVG DEP HDD CDD WTR SNW DPTH SPD SPD DIR MIN PSBL S-S WX SPD DR
================================================================================
1 84 54 69 3 0 4 0.00 0.0 0 7.1 14 110 M M 5 18 130
2 85 53 69 4 0 4 0.00 0.0 0 6.5 14 120 M M 0 18 130
3 86 47 67 2 0 2 0.00 0.0 0 7.0 17 160 M M 2 24 160
4 87 51 69 5 0 4 0.00 0.0 0 8.2 22 180 M M 5 33 180
5 82 55 69 5 0 4 0.00 0.0 0 5.5 16 340 M M 7 8 21 360
6 85 53 69 6 0 4 T 0.0 0 7.8 23 40 M M 3 32 40
7 66 46 56 -7 9 0 T 0.0 0 14.3 22 10 M M 5 28 10
8 66 46 56 -6 9 0 0.00 0.0 0 5.1 14 360 M M 9 19 360
9 79 48 64 2 1 0 0.00 0.0 0 5.6 17 200 M M 3 21 210
10 83 48 66 4 0 1 T 0.0 0 8.3 22 210 M M 5 138 32 190
11 83 62 73 12 0 8 0.00 0.0 0 19.7 33 190 M M 5 18 44 180
12 78 51 65 4 0 0 0.06 0.0 0 12.7 29 360 M M 2 13 38 360
13 73 44 59 -1 6 0 0.00 0.0 0 10.6 28 330 M M 2 35 340
14 87 39 63 3 2 0 0.00 0.0 0 10.3 29 260 M M 4 40 250
15 82 47 65 6 0 0 0.02 0.0 0 7.7 14 40 M M 5 18 40
16 71 48 60 1 5 0 0.00 0.0 0 10.7 22 340 M M 5 28 360
17 57 37 47 -12 18 0 0.00 0.0 0 10.8 21 340 M M 0 33 340
18 51 30 41 -17 24 0 0.00 0.0 0 9.2 20 20 M M 1 8 26 10
19 67 26 47 -11 18 0 0.00 0.0 0 6.9 17 200 M M 2 8 22 180
20 81 32 57 0 8 0 0.00 0.0 0 4.9 15 310 M M 2 22 270
21 88 43 66 9 0 1 0.00 0.0 0 13.1 24 180 M M 4 31 170
22 87 58 73 17 0 8 0.00 0.0 0 16.8 29 180 M M 1 37 190
23 85 70 78 22 0 13 0.00 0.0 0 27.2 41 180 M M 5 78 57 190
24 75 49 62 6 3 0 0.67 0.0 0 11.8 32 180 M M 9 13 46 170
25 65 39 52 -3 13 0 0.00 0.0 0 11.4 23 330 M M 3 8 30 330
26 68 35 52 -3 13 0 0.00 0.0 0 8.2 20 170 M M 2 18 24 150
27 65 49 57 3 8 0 0.04 0.0 0 14.2 30 160 M M 7 38 160
28 69 45 57 3 8 0 0.00 0.0 0 8.4 21 40 M M 5 27 40
29 70 44 57 4 8 0 0.00 0.0 0 6.9 15 50 M M 5 19 30
30 66 50 58 5 7 0 0.00 0.0 0 6.8 12 10 M M 8 8 17 30
31 73 38 56 4 9 0 T 0.0 0 4.8 9 180 M M 3 12 310
================================================================================
SM 2344 1437 169 53 0.79 0.0 308.5 M 124
================================================================================
AV 75.6 46.4 10.0 FASTST M M 4 MAX(MPH)
MISC ----> 41 180 57 190
================================================================================
NOTES:
# LAST OF SEVERAL OCCURRENCES
COLUMN 17 PEAK WIND IN M.P.H.
PRELIMINARY LOCAL CLIMATOLOGICAL DATA (WS FORM: F-6) , PAGE 2
STATION: WICHITA EISENHOWER NATIONAL
MONTH: OCTOBER
YEAR: 2022
LATITUDE: 37 39 N
LONGITUDE: 97 25 W
[TEMPERATURE DATA] [PRECIPITATION DATA] SYMBOLS USED IN COLUMN 16
AVERAGE MONTHLY: 61.0 TOTAL FOR MONTH: 0.79 1 = FOG OR MIST
DPTR FM NORMAL: 2.0 DPTR FM NORMAL: -2.06 2 = FOG REDUCING VISIBILITY
HIGHEST: 88 ON 21 GRTST 24HR 0.67 ON 24-24 TO 1/4 MILE OR LESS
LOWEST: 26 ON 19 3 = THUNDER
SNOW, ICE PELLETS, HAIL 4 = ICE PELLETS
TOTAL MONTH: 0.0 INCH 5 = HAIL
GRTST 24HR 0.0 6 = FREEZING RAIN OR DRIZZLE
GRTST DEPTH: 0 7 = DUSTSTORM OR SANDSTORM:
VSBY 1/2 MILE OR LESS
8 = SMOKE OR HAZE
[NO. OF DAYS WITH] [WEATHER - DAYS WITH] 9 = BLOWING SNOW
X = TORNADO
MAX 32 OR BELOW: 0 0.01 INCH OR MORE: 4
MAX 90 OR ABOVE: 0 0.10 INCH OR MORE: 1
MIN 32 OR BELOW: 3 0.50 INCH OR MORE: 1
MIN 0 OR BELOW: 0 1.00 INCH OR MORE: 0
[HDD (BASE 65) ]
TOTAL THIS MO. 169 CLEAR (SCALE 0-3) 12
DPTR FM NORMAL -62 PTCLDY (SCALE 4-7) 17
TOTAL FM JUL 1 177 CLOUDY (SCALE 8-10) 2
DPTR FM NORMAL -85
[CDD (BASE 65) ]
TOTAL THIS MO. 53
DPTR FM NORMAL 8 [PRESSURE DATA]
TOTAL FM JAN 1 2147 HIGHEST SLP 30.50 ON 8
DPTR FM NORMAL 376 LOWEST SLP 29.42 ON 22
[REMARKS]
#FINAL-10-22#