000
CXUS53 KUNR 011030
CF6IEN
PRELIMINARY LOCAL CLIMATOLOGICAL DATA (WS FORM: F-6)
STATION: PINE RIDGE SD
MONTH: NOVEMBER
YEAR: 2021
LATITUDE: 43 1 N
LONGITUDE: 102 31 W
TEMPERATURE IN F: :PCPN: SNOW: WIND :SUNSHINE: SKY :PK WND
================================================================================
1 2 3 4 5 6A 6B 7 8 9 10 11 12 13 14 15 16 17 18
12Z AVG MX 2MIN
DY MAX MIN AVG DEP HDD CDD WTR SNW DPTH SPD SPD DIR MIN PSBL S-S WX SPD DR
================================================================================
1 38 22 30 -10 35 0 0.01 M M 3.5 8 80 M M 9 16 11 60
2 43 18 31 -9 34 0 0.00 M M 5.4 16 200 M M 3 21 210
3 60 25 43 4 22 0 0.00 M M 4.2 13 250 M M 0 1 16 240
4 66 23 45 6 20 0 0.00 M M 4.8 15 250 M M 0 20 240
5 68 29 49 10 16 0 0.00 M M 8.4 22 270 M M 0 31 270
6 77 25 51 13 14 0 0.00 M M 4.6 21 210 M M 0 30 200
7 73 30 52 14 13 0 0.00 M M 7.5 21 300 M M 1 31 310
8 53 35 44 7 21 0 0.00 M M 5.4 16 30 M M 3 21 30
9 58 34 46 9 19 0 0.04 M M 11.2 28 190 M M 3 38 190
10 54 26 40 3 25 0 0.03 M M 8.7 23 180 M M 7 32 350
11 47 27 37 1 28 0 0.00 M M 14.5 33 300 M M 0 48 290
12 43 21 32 -4 33 0 0.00 M M 8.1 26 340 M M 0 39 350
13 68 28 48 13 17 0 0.01 M M 9.6 30 360 M M 5 45 350
14 57 37 47 12 18 0 T M M 5.5 14 230 M M 8 17 230
15 71 39 55 20 10 0 0.00 M M 7.2 15 270 M M 0 21 300
16 68 30 49 15 16 0 0.00 M M 15.5 28 10 M M 3 40 270
17 41 15 28 -6 37 0 0.00 M M 12.3 30 300 M M 1 43 280
18 51 8 30 -4 35 0 0.00 M M 11.6 31 190 M M 0 44 200
19 57 28 43 10 22 0 0.00 M M 3.6 17 200 M M 4 22 190
20 51 28 40 7 25 0 0.01 M M 3.2 10 270 M M 8 14 320
21 48 20 34 2 31 0 0.00 M M 2.1 15 280 M M 1 21 290
22 62 21 42 10 23 0 0.00 M M 4.7 14 300 M M 0 20 300
23 65 23 44 12 21 0 0.00 M M 6.5 18 240 M M 0 24 240
24 34 9 22 -9 43 0 T M M 6.5 22 20 M M 3 1 32 350
25 47 5 26 -5 39 0 0.00 M M 4.2 18 250 M M 2 24 260
26 64 29 47 17 18 0 0.00 M M 7.4 21 270 M M 0 28 270
27 55 17 36 6 29 0 0.00 M M 5.1 18 330 M M 3 25 300
28 58 16 37 7 28 0 0.00 M M 4.8 17 240 M M 0 22 240
29 65 27 46 17 19 0 0.00 M M 4.5 10 80 M M 0 13 80
30 57 31 44 15 21 0 T M M 6.9 25 200 M M 4 34 210
================================================================================
SM 1699 726 732 0 0.10 M 207.5 M 68
================================================================================
AV 56.6 24.2 6.9 FASTST M M 2 MAX(MPH)
MISC ----> 33 300 48 290
================================================================================
NOTES:
# LAST OF SEVERAL OCCURRENCES
COLUMN 17 PEAK WIND IN M.P.H.
PRELIMINARY LOCAL CLIMATOLOGICAL DATA (WS FORM: F-6) , PAGE 2
STATION: PINE RIDGE SD
MONTH: NOVEMBER
YEAR: 2021
LATITUDE: 43 1 N
LONGITUDE: 102 31 W
[TEMPERATURE DATA] [PRECIPITATION DATA] SYMBOLS USED IN COLUMN 16
AVERAGE MONTHLY: 40.4 TOTAL FOR MONTH: 0.10 1 = FOG OR MIST
DPTR FM NORMAL: 5.9 DPTR FM NORMAL: -0.50 2 = FOG REDUCING VISIBILITY
HIGHEST: 77 ON 6 GRTST 24HR 0.04 ON 9- 9 TO 1/4 MILE OR LESS
LOWEST: 5 ON 25 3 = THUNDER
SNOW, ICE PELLETS, HAIL 4 = ICE PELLETS
TOTAL MONTH: M 5 = HAIL
GRTST 24HR M ON M 6 = FREEZING RAIN OR DRIZZLE
GRTST DEPTH: M ON M 7 = DUSTSTORM OR SANDSTORM:
VSBY 1/2 MILE OR LESS
8 = SMOKE OR HAZE
[NO. OF DAYS WITH] [WEATHER - DAYS WITH] 9 = BLOWING SNOW
X = TORNADO
MAX 32 OR BELOW: 0 0.01 INCH OR MORE: 5
MAX 90 OR ABOVE: 0 0.10 INCH OR MORE: 0
MIN 32 OR BELOW: 26 0.50 INCH OR MORE: 0
MIN 0 OR BELOW: 0 1.00 INCH OR MORE: 0
[HDD (BASE 65) ]
TOTAL THIS MO. 732 CLEAR (SCALE 0-3) 21
DPTR FM NORMAL -183 PTCLDY (SCALE 4-7) 8
TOTAL FM JUL 1 1253 CLOUDY (SCALE 8-10) 1
DPTR FM NORMAL -390
[CDD (BASE 65) ]
TOTAL THIS MO. 0
DPTR FM NORMAL 0 [PRESSURE DATA]
TOTAL FM JAN 1 1050 HIGHEST SLP 30.57 ON 25
DPTR FM NORMAL 265 LOWEST SLP 29.49 ON 16
[REMARKS]
#FINAL-11-21#