000
CXUS54 KFWD 010830
CF6ILE
PRELIMINARY LOCAL CLIMATOLOGICAL DATA (WS FORM: F-6)
STATION: KILLEEN SKYLARK
MONTH: DECEMBER
YEAR: 2021
LATITUDE: 31 4 N
LONGITUDE: 97 41 W
TEMPERATURE IN F: :PCPN: SNOW: WIND :SUNSHINE: SKY :PK WND
================================================================================
1 2 3 4 5 6A 6B 7 8 9 10 11 12 13 14 15 16 17 18
12Z AVG MX 2MIN
DY MAX MIN AVG DEP HDD CDD WTR SNW DPTH SPD SPD DIR MIN PSBL S-S WX SPD DR
================================================================================
1 75 51 63 11 2 0 0.00 M M 5.4 10 240 M M 1 12 M M
2 79 50 65 14 0 0 0.00 M M 5.2 10 180 M M 0 12 M M
3 78 59 69 18 0 4 0.00 M M 7.8 16 170 M M 2 1 M M
4 76 61 69 18 0 4 0.00 M M 6.5 10 170 M M 5 1 M M
5 77 64 71 21 0 6 0.00 M M 10.1 20 190 M M 7 24 190
6 68 40 54 4 11 0 0.01 M M 10.7 20 20 M M 3 1 33 360
7 69 36 53 3 12 0 0.00 M M 5.2 10 160 M M 0 M M
8 72 40 56 6 9 0 0.00 M M 5.3 15 160 M M 0 M M
9 82 61 72 23 0 7 0.00 M M 10.8 15 190 M M 3 22 190
10 84 66 75 26 0 10 0.00 M M 12.9 23 190 M M 5 1 31 190
11 69 32 51 2 14 0 0.00 M M 9.6 20 350 M M 2 37 340
12 61 25 43 -6 22 0 0.00 M M 5.1 10 130 M M 0 M M
13 69 42 56 8 9 0 0.00 M M 6.5 14 150 M M 6 1 M M
14 77 57 67 19 0 2 0.00 M M 7.1 17 190 M M 8 1 23 190
15 81 68 75 27 0 10 0.00 M M 16.2 24 160 M M 8 36 190
16 76 67 72 24 0 7 0.00 M M 8.5 17 190 M M 8 1 26 190
17 78 68 73 25 0 8 0.00 M M 13.2 23 190 M M 7 32 180
18 70 42 56 8 9 0 0.02 M M 12.0 20 360 M M 5 13 32 10
19 54 37 46 -2 19 0 0.00 M M 7.8 14 360 M M 5 M M
20 59 38 49 2 16 0 T M M 3.7 8 130 M M 4 M M
21 68 32 50 3 15 0 0.00 M M 5.5 13 200 M M 0 M M
22 72 42 57 10 8 0 0.00 M M 6.3 13 170 M M 0 1 M M
23 74 53 64 17 1 0 0.00 M M 13.5 20 160 M M 3 23 180
24 79 62 71 24 0 6 0.00 M M 16.1 23 180 M M 4 31 200
25 81 61 71 24 0 6 0.00 M M 7.4 15 200 M M 4 8 21 190
26 77 58 68 21 0 3 0.00 M M 10.1 20 170 M M 3 12 25 170
27 76 63 70 23 0 5 0.00 M M 10.0 18 180 M M 7 23 180
28 80 58 69 22 0 4 0.00 M M 9.3 22 180 M M 5 1 24 190
29 79 55 67 20 0 2 0.00 M M 5.6 14 180 M M 4 1 M M
30 81 49 65 18 0 0 0.00 M M 5.1 13 190 M M 0 1 M M
31 78 62 70 23 0 5 0.00 M M 10.8 16 180 M M 6 1 22 180
================================================================================
SM 2299 1599 147 89 0.03 M 269.3 M 115
================================================================================
AV 74.2 51.6 8.7 FASTST M M 4 MAX(MPH)
MISC ----> 24 160 37 340
================================================================================
NOTES:
# LAST OF SEVERAL OCCURRENCES
COLUMN 17 PEAK WIND IN M.P.H.
PRELIMINARY LOCAL CLIMATOLOGICAL DATA (WS FORM: F-6) , PAGE 2
STATION: KILLEEN SKYLARK
MONTH: DECEMBER
YEAR: 2021
LATITUDE: 31 4 N
LONGITUDE: 97 41 W
[TEMPERATURE DATA] [PRECIPITATION DATA] SYMBOLS USED IN COLUMN 16
AVERAGE MONTHLY: 62.9 TOTAL FOR MONTH: 0.03 1 = FOG OR MIST
DPTR FM NORMAL: 14.5 DPTR FM NORMAL: -2.50 2 = FOG REDUCING VISIBILITY
HIGHEST: 84 ON 10 GRTST 24HR 0.02 ON 18-18 TO 1/4 MILE OR LESS
LOWEST: 25 ON 12 3 = THUNDER
SNOW, ICE PELLETS, HAIL 4 = ICE PELLETS
TOTAL MONTH: M 5 = HAIL
GRTST 24HR M ON M 6 = FREEZING RAIN OR DRIZZLE
GRTST DEPTH: M ON M 7 = DUSTSTORM OR SANDSTORM:
VSBY 1/2 MILE OR LESS
8 = SMOKE OR HAZE
[NO. OF DAYS WITH] [WEATHER - DAYS WITH] 9 = BLOWING SNOW
X = TORNADO
MAX 32 OR BELOW: 0 0.01 INCH OR MORE: 2
MAX 90 OR ABOVE: 0 0.10 INCH OR MORE: 0
MIN 32 OR BELOW: 3 0.50 INCH OR MORE: 0
MIN 0 OR BELOW: 0 1.00 INCH OR MORE: 0
[HDD (BASE 65) ]
TOTAL THIS MO. 147 CLEAR (SCALE 0-3) 11
DPTR FM NORMAL -372 PTCLDY (SCALE 4-7) 17
TOTAL FM JUL 1 398 CLOUDY (SCALE 8-10) 3
DPTR FM NORMAL -452
[CDD (BASE 65) ]
TOTAL THIS MO. 89
DPTR FM NORMAL 84 [PRESSURE DATA]
TOTAL FM JAN 1 2736 HIGHEST SLP M ON M
DPTR FM NORMAL 188 LOWEST SLP M ON M
[REMARKS]
#FINAL-12-21#