000
CXUS54 KFWD 010731
CF6ILE
PRELIMINARY LOCAL CLIMATOLOGICAL DATA (WS FORM: F-6)
STATION: KILLEEN SKYLARK
MONTH: OCTOBER
YEAR: 2023
LATITUDE: 31 4 N
LONGITUDE: 97 41 W
TEMPERATURE IN F: :PCPN: SNOW: WIND :SUNSHINE: SKY :PK WND
================================================================================
1 2 3 4 5 6A 6B 7 8 9 10 11 12 13 14 15 16 17 18
12Z AVG MX 2MIN
DY MAX MIN AVG DEP HDD CDD WTR SNW DPTH SPD SPD DIR MIN PSBL S-S WX SPD DR
================================================================================
1 92 64 78 6 0 13 0.00 M M 5.8 12 110 M M 1 16 110
2 92 65 79 7 0 14 0.00 M M 5.9 13 120 M M 1 20 120
3 93 66 80 8 0 15 0.00 M M 6.9 17 110 M M 3 25 110
4 97 69 83 12 0 18 0.41 M M 10.4 18 150 M M 4 40 20
5 80 68 74 3 0 9 0.71 M M 7.7 26 40 M M 6 13 35 350
6 84 65 75 4 0 10 0.00 M M 6.3 15 10 M M 0 17 40
7 73 55 64 -6 1 0 0.00 M M 10.3 16 30 M M 0 21 20
8 81 48 65 -5 0 0 0.00 M M 5.2 10 160 M M 0 M M
9 86 56 71 1 0 6 0.00 M M 8.5 16 190 M M 0 23 210
10 82 64 73 3 0 8 0.00 M M 9.8 17 150 M M 5 20 160
11 73 65 69 0 0 4 0.00 M M 9.1 16 160 M M 7 23 140
12 83 65 74 5 0 9 0.00 M M 12.6 20 180 M M 7 1 28 180
13 86 62 74 5 0 9 0.00 M M 9.9 17 330 M M 4 8 21 180
14 75 54 65 -3 0 0 0.00 M M 7.7 14 360 M M 0 20 350
15 72 48 60 -8 5 0 0.00 M M 9.4 18 350 M M 0 25 340
16 71 44 58 -10 7 0 0.00 M M 7.6 17 10 M M 0 24 360
17 78 39 59 -9 6 0 0.00 M M 4.2 10 170 M M 0 1 M M
18 83 52 68 1 0 3 0.00 M M 10.3 20 170 M M 0 27 200
19 85 58 72 5 0 7 0.00 M M 7.3 15 20 M M 0 23 360
20 95 57 76 9 0 11 0.00 M M 5.2 13 300 M M 0 8 21 300
21 95 55 75 9 0 10 0.00 M M 3.2 7 150 M M 0 M M
22 88 67 78 12 0 13 0.00 M M 8.8 17 170 M M 1 21 160
23 82 69 76 10 0 11 0.86 M M 10.4 17 190 M M 6 1 24 210
24 79 70 75 9 0 10 0.08 M M 12.9 20 160 M M 10 26 160
25 84 72 78 13 0 13 0.04 M M 12.5 17 160 M M 8 8 24 160
26 83 65 74 9 0 9 1.07 M M 9.3 16 180 M M 7 1 23 180
27 87 74 81 17 0 16 0.06 M M 8.4 16 160 M M 8 17 60
28 83 72 78 14 0 13 0.00 M M 7.9 13 170 M M 6 17 190
29 75 40 58 -6 7 0 0.06 M M 12.9 20 340 M M 9 1 32 360
30 50 37 44 -20 21 0 0.76 M M 13.7 20 350 M M 9 1 29 340
31 59 37 48 -15 17 0 0.00 M M 9.1 17 10 M M 3 20 10
================================================================================
SM 2526 1822 64 231 4.05 M 269.2 M 105
================================================================================
AV 81.5 58.8 8.7 FASTST M M 3 MAX(MPH)
MISC ----> 26 40 40 20
================================================================================
NOTES:
# LAST OF SEVERAL OCCURRENCES
COLUMN 17 PEAK WIND IN M.P.H.
PRELIMINARY LOCAL CLIMATOLOGICAL DATA (WS FORM: F-6) , PAGE 2
STATION: KILLEEN SKYLARK
MONTH: OCTOBER
YEAR: 2023
LATITUDE: 31 4 N
LONGITUDE: 97 41 W
[TEMPERATURE DATA] [PRECIPITATION DATA] SYMBOLS USED IN COLUMN 16
AVERAGE MONTHLY: 70.1 TOTAL FOR MONTH: 4.05 1 = FOG OR MIST
DPTR FM NORMAL: 2.3 DPTR FM NORMAL: 0.57 2 = FOG REDUCING VISIBILITY
HIGHEST: 97 ON 4 GRTST 24HR 1.12 ON 4- 5 TO 1/4 MILE OR LESS
LOWEST: 37 ON 31,30 3 = THUNDER
SNOW, ICE PELLETS, HAIL 4 = ICE PELLETS
TOTAL MONTH: M 5 = HAIL
GRTST 24HR M ON M 6 = FREEZING RAIN OR DRIZZLE
GRTST DEPTH: M ON M 7 = DUSTSTORM OR SANDSTORM:
VSBY 1/2 MILE OR LESS
8 = SMOKE OR HAZE
[NO. OF DAYS WITH] [WEATHER - DAYS WITH] 9 = BLOWING SNOW
X = TORNADO
MAX 32 OR BELOW: 0 0.01 INCH OR MORE: 9
MAX 90 OR ABOVE: 6 0.10 INCH OR MORE: 5
MIN 32 OR BELOW: 0 0.50 INCH OR MORE: 4
MIN 0 OR BELOW: 0 1.00 INCH OR MORE: 1
[HDD (BASE 65) ]
TOTAL THIS MO. 64 CLEAR (SCALE 0-3) 17
DPTR FM NORMAL 0 PTCLDY (SCALE 4-7) 10
TOTAL FM JUL 1 64 CLOUDY (SCALE 8-10) 4
DPTR FM NORMAL -4
[CDD (BASE 65) ]
TOTAL THIS MO. 231
DPTR FM NORMAL 80 [PRESSURE DATA]
TOTAL FM JAN 1 3453 HIGHEST SLP 30.41 ON 30
DPTR FM NORMAL 943 LOWEST SLP 29.60 ON 12
[REMARKS]
#FINAL-10-23#