997
CXUS52 KILM 011903
CF6ILM
PRELIMINARY LOCAL CLIMATOLOGICAL DATA (WS FORM: F-6)
STATION: WILMINGTON NORTH CAROLINA
MONTH: APRIL
YEAR: 2020
LATITUDE: 34 16 N
LONGITUDE: 77 55 W
TEMPERATURE IN F: :PCPN: SNOW: WIND :SUNSHINE: SKY :PK WND
================================================================================
1 2 3 4 5 6A 6B 7 8 9 10 11 12 13 14 15 16 17 18
12Z AVG MX 2MIN
DY MAX MIN AVG DEP HDD CDD WTR SNW DPTH SPD SPD DIR MIN PSBL S-S WX SPD DR
================================================================================
1 57 42 50 -9 15 0 T 0.0 0 11.0 23 320 M M 7 32 330
2 68 41 55 -5 10 0 0.00 0.0 0 8.6 23 280 M M 1 1 29 280
3 74 48 61 1 4 0 0.00 0.0 0 9.6 23 290 M M 0 29 270
4 73 42 58 -2 7 0 0.00 0.0 0 7.1 16 320 M M 0 20 340
5 72 47 60 0 5 0 0.00 0.0 0 4.3 12 140 M M 0 15 140
6 83 51 67 6 0 2 0.11 0.0 0 7.7 23 230 M M 1 1 28 230
7 86 60 73 12 0 8 T 0.0 0 8.7 16 240 M M 1 20 260
8 88 64 76 15 0 11 0.30 0.0 0 10.5 25 30 M M 1 1 30 10
9 86 63 75 14 0 10 0.01 0.0 0 11.4 29 320 M M 1 39 320
10 72 44 58 -4 7 0 0.00 0.0 0 10.4 29 320 M M 1 36 310
11 67 38 53 -9 12 0 0.00 0.0 0 4.5 15 200 M M 0 23 60
12 75 48 62 0 3 0 T 0.0 0 11.5 23 180 M M 3 31 160
13 77 65 71 9 0 6 1.21 0.0 0 17.2 36 240 M M 5 123 50 170
14 73 58 66 3 0 1 0.00 0.0 0 7.1 16 90 M M 3 1 24 100
15 70 43 57 -6 8 0 0.24 0.0 0 10.6 10 23 M M M 30 31
16 71 42 57 -6 8 0 0.00 0.0 0 4.7 17 10 M M 0 23 20
17 73 46 60 -3 5 0 0.00 0.0 0 7.7 23 190 M M 0 30 200
18 82 52 67 3 0 2 T 0.0 0 12.7 35 260 M M 0 46 270
19 75 46 61 -3 4 0 0.96 0.0 0 5.9 22 180 M M 3 13 29 180
20 66 49 58 -6 7 0 0.47 0.0 0 6.0 26 330 M M 7 1 32 340
21 76 47 62 -2 3 0 0.00 0.0 0 8.9 28 220 M M 2 1 36 220
22 72 51 62 -2 3 0 0.00 0.0 0 6.5 16 340 M M 0 21 10
23 73 49 61 -4 4 0 0.52 0.0 0 10.5 39 170 M M 6 13 53 170
24 79 62 71 6 0 6 0.01 0.0 0 9.9 21 230 M M 7 1 26 260
25 67 61 64 -1 1 0 0.00 0.0 0 8.5 16 70 M M 9 1 19 70
26 78 63 71 6 0 6 0.79 0.0 0 12.9 25 270 M M 2 13 33 270
27 73 51 62 -4 3 0 0.00 0.0 0 9.8 23 330 M M 0 30 340
28 78 47 63 -3 2 0 0.00 0.0 0 7.4 20 240 M M 0 27 200
29 80 60 70 4 0 5 0.00 0.0 0 12.9 28 180 M M 3 36 180
30 73 58 66 0 0 1 0.95 0.0 0 10.8 32 170 M M 7 13 44 190
================================================================================
SM 2237 1538 111 58 5.57 0.0 275.3 M 70
================================================================================
AV 74.6 51.3 9.2 FASTST M M 2 MAX(MPH)
MISC ----> # 39 170 # 53 170
================================================================================
NOTES:
# LAST OF SEVERAL OCCURRENCES
COLUMN 17 PEAK WIND IN M.P.H.
PRELIMINARY LOCAL CLIMATOLOGICAL DATA (WS FORM: F-6) , PAGE 2
STATION: WILMINGTON NORTH CAROLINA
MONTH: APRIL
YEAR: 2020
LATITUDE: 34 16 N
LONGITUDE: 77 55 W
[TEMPERATURE DATA] [PRECIPITATION DATA] SYMBOLS USED IN COLUMN 16
AVERAGE MONTHLY: 62.9 TOTAL FOR MONTH: 5.57 1 = FOG OR MIST
DPTR FM NORMAL: 0.0 DPTR FM NORMAL: 2.75 2 = FOG REDUCING VISIBILITY
HIGHEST: 88 ON 8 GRTST 24HR 1.21 ON 13-13 TO 1/4 MILE OR LESS
LOWEST: 38 ON 11 3 = THUNDER
SNOW, ICE PELLETS, HAIL 4 = ICE PELLETS
TOTAL MONTH: 0.0 INCH 5 = HAIL
GRTST 24HR 0.0 6 = FREEZING RAIN OR DRIZZLE
GRTST DEPTH: 0 7 = DUSTSTORM OR SANDSTORM:
VSBY 1/2 MILE OR LESS
8 = SMOKE OR HAZE
[NO. OF DAYS WITH] [WEATHER - DAYS WITH] 9 = BLOWING SNOW
X = TORNADO
MAX 32 OR BELOW: 0 0.01 INCH OR MORE: 11
MAX 90 OR ABOVE: 0 0.10 INCH OR MORE: 9
MIN 32 OR BELOW: 0 0.50 INCH OR MORE: 5
MIN 0 OR BELOW: 0 1.00 INCH OR MORE: 1
[HDD (BASE 65) ]
TOTAL THIS MO. 111 CLEAR (SCALE 0-3) 20
DPTR FM NORMAL -19 PTCLDY (SCALE 4-7) 8
TOTAL FM JUL 1 1806 CLOUDY (SCALE 8-10) 1
DPTR FM NORMAL -576
[CDD (BASE 65) ]
TOTAL THIS MO. 58
DPTR FM NORMAL -9 [PRESSURE DATA]
TOTAL FM JAN 1 170 HIGHEST SLP 30.33 ON 17
DPTR FM NORMAL 82 LOWEST SLP 29.47 ON 9
[REMARKS]
CORRECTED THUNDERSTORM OCCURRENCE ON APRIL 19, 24, AND 25
#FINAL-04-20#