000
CXUS52 KILM 031154
CF6ILM
PRELIMINARY LOCAL CLIMATOLOGICAL DATA (WS FORM: F-6)
STATION: WILMINGTON NORTH CAROLINA
MONTH: DECEMBER
YEAR: 2023
LATITUDE: 34 16 N
LONGITUDE: 77 55 W
TEMPERATURE IN F: :PCPN: SNOW: WIND :SUNSHINE: SKY :PK WND
================================================================================
1 2 3 4 5 6A 6B 7 8 9 10 11 12 13 14 15 16 17 18
12Z AVG MX 2MIN
DY MAX MIN AVG DEP HDD CDD WTR SNW DPTH SPD SPD DIR MIN PSBL S-S WX SPD DR
================================================================================
1 72 38 55 3 10 0 0.01 0.0 0 4.8 18 180 M M 5 1 26 180
2 73 64 69 17 0 4 0.02 0.0 0 4.1 15 180 M M 7 1 23 180
3 77 64 71 19 0 6 0.00 0.0 0 9.0 22 240 M M 2 1 33 240
4 70 47 59 7 6 0 0.00 0.0 0 6.7 21 240 M M 0 29 250
5 66 42 54 2 11 0 0.00 0.0 0 3.7 10 30 M M 0 14 30
6 56 35 46 -5 19 0 0.00 0.0 0 8.2 26 330 M M 3 1 36 310
7 55 29 42 -9 23 0 0.00 0.0 0 4.3 13 280 M M 0 20 310
8 63 37 50 -1 15 0 0.00 0.0 0 4.0 12 220 M M 0 15 220
9 73 46 60 9 5 0 0.00 0.0 0 3.4 10 130 M M 4 14 100
10 71 63 67 16 0 2 1.28 0.0 0 8.3 20 200 M M 8 13 31 210
11 67 35 51 1 14 0 0.42 0.0 0 11.1 40 310 M M 6 1 58 350
12 56 32 44 -6 21 0 0.00 0.0 0 2.5 10 30 M M 0 13 30
13 62 31 47 -3 18 0 0.00 0.0 0 3.7 13 360 M M 0 17 340
14 54 31 43 -7 22 0 0.00 0.0 0 8.7 20 40 M M 0 26 30
15 60 29 45 -5 20 0 0.00 0.0 0 3.3 13 30 M M 0 17 40
16 63 32 48 -2 17 0 0.00 0.0 0 7.3 15 70 M M 1 20 80
17 69 52 61 12 4 0 3.23 0.0 0 13.7 29 130 M M 9 138 47 130
18 65 47 56 7 9 0 0.01 0.0 0 16.1 30 330 M M 3 1 44 340
19 48 30 39 -10 26 0 0.00 0.0 0 9.6 25 330 M M 0 37 330
20 50 28 39 -10 26 0 0.00 0.0 0 4.8 15 330 M M 0 19 330
21 59 27 43 -6 22 0 0.00 0.0 0 2.3 10 30 M M 0 8 14 30
22 60 31 46 -3 19 0 0.00 0.0 0 2.2 9 70 M M 0 14 110
23 65 37 51 3 14 0 0.00 0.0 0 2.5 10 100 M M 0 13 120
24 70 38 54 6 11 0 0.00 0.0 0 4.0 13 90 M M 0 1 17 100
25 68 45 57 9 8 0 0.04 0.0 0 6.7 15 70 M M 2 1 22 60
26 69 63 66 18 0 1 0.15 0.0 0 10.2 16 110 M M 6 1 26 90
27 70 59 65 17 0 0 3.02 0.0 0 9.2 17 260 M M 8 1 25 160
28 59 47 53 5 12 0 0.00 0.0 0 7.8 13 260 M M 0 17 260
29 61 39 50 2 15 0 0.00 0.0 0 9.4 23 270 M M 1 1 34 270
30 52 37 45 -3 20 0 0.00 0.0 0 10.2 23 270 M M 3 30 260
31 59 32 46 -2 19 0 0.00 0.0 0 6.9 20 240 M M 0 27 220
================================================================================
SM 1962 1267 406 13 8.18 0.0 208.7 M 68
================================================================================
AV 63.3 40.9 6.7 FASTST M M 2 MAX(MPH)
MISC ----> 40 310 58 350
================================================================================
NOTES:
# LAST OF SEVERAL OCCURRENCES
COLUMN 17 PEAK WIND IN M.P.H.
PRELIMINARY LOCAL CLIMATOLOGICAL DATA (WS FORM: F-6) , PAGE 2
STATION: WILMINGTON NORTH CAROLINA
MONTH: DECEMBER
YEAR: 2023
LATITUDE: 34 16 N
LONGITUDE: 77 55 W
[TEMPERATURE DATA] [PRECIPITATION DATA] SYMBOLS USED IN COLUMN 16
AVERAGE MONTHLY: 52.1 TOTAL FOR MONTH: 8.18 1 = FOG OR MIST
DPTR FM NORMAL: 2.4 DPTR FM NORMAL: 4.49 2 = FOG REDUCING VISIBILITY
HIGHEST: 77 ON 3 GRTST 24HR 3.24 ON 17-18 TO 1/4 MILE OR LESS
LOWEST: 27 ON 21 3 = THUNDER
SNOW, ICE PELLETS, HAIL 4 = ICE PELLETS
TOTAL MONTH: 0.0 INCH 5 = HAIL
GRTST 24HR 0.0 6 = FREEZING RAIN OR DRIZZLE
GRTST DEPTH: 0 7 = DUSTSTORM OR SANDSTORM:
VSBY 1/2 MILE OR LESS
8 = SMOKE OR HAZE
[NO. OF DAYS WITH] [WEATHER - DAYS WITH] 9 = BLOWING SNOW
X = TORNADO
MAX 32 OR BELOW: 0 0.01 INCH OR MORE: 9
MAX 90 OR ABOVE: 0 0.10 INCH OR MORE: 5
MIN 32 OR BELOW: 11 0.50 INCH OR MORE: 3
MIN 0 OR BELOW: 0 1.00 INCH OR MORE: 3
[HDD (BASE 65) ]
TOTAL THIS MO. 406 CLEAR (SCALE 0-3) 22
DPTR FM NORMAL -75 PTCLDY (SCALE 4-7) 7
TOTAL FM JUL 1 753 CLOUDY (SCALE 8-10) 2
DPTR FM NORMAL -101
[CDD (BASE 65) ]
TOTAL THIS MO. 13
DPTR FM NORMAL 6 [PRESSURE DATA]
TOTAL FM JAN 1 2265 HIGHEST SLP 30.72 ON 14
DPTR FM NORMAL 131 LOWEST SLP 29.10 ON 18
[REMARKS]
#FINAL-12-23#