000
CXUS53 KILX 011306
CLMILX
CLIMATE REPORT
NATIONAL WEATHER SERVICE LINCOLN IL
806 AM CDT WED NOV 01 2023
...................................
...THE LINCOLN IL CLIMATE SUMMARY FOR THE MONTH OF OCTOBER 2023...
CLIMATE NORMAL PERIOD 1991 TO 2020
CLIMATE RECORD PERIOD 1905 TO 2023
WEATHER OBSERVED NORMAL DEPART LAST YEAR`S
VALUE DATE(S) VALUE FROM VALUE
NORMAL
..............................................................
TEMPERATURE (F)
RECORD
HIGH 95 10/03/1954
10/02/1953
LOW 7 10/30/1925
HIGHEST 87 10/03 MM MM 80
LOWEST 26 10/31 MM MM 27
AVG. MAXIMUM 66.2 66.3 -0.1 66.0
AVG. MINIMUM 44.6 41.8 2.8 38.2
MEAN 55.4 54.1 1.3 52.1
DAYS MAX >= 90 0 0.1 -0.1 0
DAYS MAX <= 32 0 0.0 0.0 0
DAYS MIN <= 32 2 5.7 -3.7 8
DAYS MIN <= 0 0 0.0 0.0 0
PRECIPITATION (INCHES)
RECORD
MAXIMUM 11.07 1941
MINIMUM 0.24 1964
TOTALS 3.82 3.42 0.40 3.36
DAILY AVG. 0.12 0.11 0.01 0.11
DAYS >= .01 10 9.7 0.3 8
DAYS >= .10 8 6.4 1.6 7
DAYS >= .50 3 2.3 0.7 3
DAYS >= 1.00 2 0.7 1.3 1
GREATEST
24 HR. TOTAL 1.07 10/05 TO 10/05 1.23
SNOWFALL (INCHES)
RECORDS
TOTAL 2.8 1929
TOTALS 0.0 0.1 -0.1 T
SINCE 7/1 0.0 0.1 -0.1 MM
DAYS >= 1.0 0 0.0 0.0 0
GREATEST
SNOW DEPTH 0 0
24 HR TOTAL MM T
DEGREE DAYS
HEATING TOTAL 316 357 -41 401
SINCE 7/1 349 443 -94 MM
COOLING TOTAL 26 17 9 6
SINCE 1/1 897 1013 -116 MM
..............................................................
WIND (MPH)
AVERAGE WIND SPEED MM
HIGHEST WIND SPEED/DIRECTION MM DATE MM
HIGHEST GUST SPEED/DIRECTION MM DATE MM
AVERAGE RH (PERCENT) MM
WEATHER CONDITIONS. NUMBER OF DAYS WITH
THUNDERSTORM 2 MIXED PRECIP 0
HEAVY RAIN 5 RAIN 9
LIGHT RAIN 16 FREEZING RAIN 0
LT FREEZING RAIN 0 HAIL 0
HEAVY SNOW 0 SNOW 0
LIGHT SNOW 0 SLEET 0
FOG 5 FOG W/VIS <= 1/4 MILE 1
HAZE 0
- INDICATES NEGATIVE NUMBERS.
R INDICATES RECORD WAS SET OR TIED.
MM INDICATES DATA IS MISSING.
T INDICATES TRACE AMOUNT.
$$