000
CXUS55 KLBF 011410
CF6IML
PRELIMINARY LOCAL CLIMATOLOGICAL DATA (WS FORM: F-6)
STATION: IMPERIAL
MONTH: JUNE
YEAR: 2021
LATITUDE: 40 31 N
LONGITUDE: 101 37 W
TEMPERATURE IN F: :PCPN: SNOW: WIND :SUNSHINE: SKY :PK WND
================================================================================
1 2 3 4 5 6A 6B 7 8 9 10 11 12 13 14 15 16 17 18
12Z AVG MX 2MIN
DY MAX MIN AVG DEP HDD CDD WTR SNW DPTH SPD SPD DIR MIN PSBL S-S WX SPD DR
================================================================================
1 74 43 59 -7 6 0 0.00 M M 3.4 12 180 M M 2 12 17 160
2 80 48 64 -3 1 0 0.00 M M 4.2 12 180 M M 1 17 120
3 87 51 69 2 0 4 0.00 M M 6.2 20 200 M M 0 24 190
4 90 55 73 6 0 8 0.00 M M 8.8 14 190 M M 0 24 190
5 92 58 75 7 0 10 0.00 M M 11.5 22 170 M M 0 35 150
6 93 62 78 10 0 13 0.00 M M 10.1 21 200 M M 0 32 210
7 94 62 78 10 0 13 0.00 M M 12.1 22 150 M M 0 35 150
8 91 66 79 10 0 14 0.00 M M 16.4 32 140 M M 0 46 150
9 89 67 78 9 0 13 0.00 M M 10.3 20 170 M M 6 26 150
10 97 67 82 12 0 17 0.00 M M 15.3 31 160 M M 3 12 43 150
11 85 56 71 1 0 6 0.00 M M 13.6 41 350 M M 1 8 56 350
12 88 51 70 0 0 5 0.00 M M 12.4 24 150 M M 0 40 150
13 96 59 78 8 0 13 0.00 M M 12.7 20 150 M M 1 40 140
14 99 68 84 13 0 19 0.00 M M 11.8 24 30 M M 0 40 60
15 100 66 83 12 0 18 0.00 M M 11.5 24 160 M M 0 36 150
16 106 69 88 17 0 23 0.12 M M 13.7 38 270 M M 0 38 57 230
17 104 62 83 11 0 18 0.00 M M 8.1 15 360 M M 0 21 350
18 91 64 78 6 0 13 0.00 M M 8.4 18 10 M M 0 26 350
19 89 62 76 4 0 11 0.44 M M 10.4 33 270 M M 1 3 52 260
20 84 60 72 0 0 7 0.04 M M 15.1 30 360 M M 1 41 10
21 79 57 68 -5 0 3 0.11 M M 8.6 13 320 M M 3 23 290
22 93 58 76 3 0 11 0.00 M M 7.5 17 210 M M 0 24 210
23 99 61 80 7 0 15 0.00 M M 7.6 22 190 M M 0 29 200
24 87 66 77 4 0 12 T M M 11.1 18 20 M M 1 22 40
25 81 65 73 -1 0 8 0.13 M M 9.6 20 40 M M 6 13 25 10
26 81 60 71 -3 0 6 0.04 M M 10.9 20 330 M M 5 29 300
27 82 59 71 -3 0 6 T M M 8.4 26 330 M M 5 36 320
28 82 54 68 -6 0 3 0.00 M M 8.2 20 350 M M 3 3 25 350
29 83 52 68 -6 0 3 0.00 M M 6.3 13 120 M M 0 20 110
30 78 62 70 -5 0 5 0.22 M M 7.0 18 190 M M 7 1 26 180
================================================================================
SM 2674 1790 7 297 1.10 M 301.2 M 46
================================================================================
AV 89.1 59.7 10.0 FASTST M M 2 MAX(MPH)
MISC ----> 41 350 57 230
================================================================================
NOTES:
# LAST OF SEVERAL OCCURRENCES
COLUMN 17 PEAK WIND IN M.P.H.
PRELIMINARY LOCAL CLIMATOLOGICAL DATA (WS FORM: F-6) , PAGE 2
STATION: IMPERIAL
MONTH: JUNE
YEAR: 2021
LATITUDE: 40 31 N
LONGITUDE: 101 37 W
[TEMPERATURE DATA] [PRECIPITATION DATA] SYMBOLS USED IN COLUMN 16
AVERAGE MONTHLY: 74.4 TOTAL FOR MONTH: 1.10 1 = FOG OR MIST
DPTR FM NORMAL: 3.5 DPTR FM NORMAL: -1.95 2 = FOG REDUCING VISIBILITY
HIGHEST: 106 ON 16 GRTST 24HR 0.44 ON 19-19 TO 1/4 MILE OR LESS
LOWEST: 43 ON 1 3 = THUNDER
SNOW, ICE PELLETS, HAIL 4 = ICE PELLETS
TOTAL MONTH: M 5 = HAIL
GRTST 24HR M ON M 6 = FREEZING RAIN OR DRIZZLE
GRTST DEPTH: M ON M 7 = DUSTSTORM OR SANDSTORM:
VSBY 1/2 MILE OR LESS
8 = SMOKE OR HAZE
[NO. OF DAYS WITH] [WEATHER - DAYS WITH] 9 = BLOWING SNOW
X = TORNADO
MAX 32 OR BELOW: 0 0.01 INCH OR MORE: 7
MAX 90 OR ABOVE: 14 0.10 INCH OR MORE: 5
MIN 32 OR BELOW: 0 0.50 INCH OR MORE: 0
MIN 0 OR BELOW: 0 1.00 INCH OR MORE: 0
[HDD (BASE 65) ]
TOTAL THIS MO. 7 CLEAR (SCALE 0-3) 24
DPTR FM NORMAL -20 PTCLDY (SCALE 4-7) 6
TOTAL FM JUL 1 6014 CLOUDY (SCALE 8-10) 0
DPTR FM NORMAL 55
[CDD (BASE 65) ]
TOTAL THIS MO. 297
DPTR FM NORMAL 93 [PRESSURE DATA]
TOTAL FM JAN 1 328 HIGHEST SLP 30.21 ON 29
DPTR FM NORMAL 77 LOWEST SLP 29.58 ON 20
[REMARKS]
#FINAL-06-21#