000
CXUS55 KLBF 011410
CF6IML
PRELIMINARY LOCAL CLIMATOLOGICAL DATA (WS FORM: F-6)
STATION: IMPERIAL
MONTH: APRIL
YEAR: 2021
LATITUDE: 40 31 N
LONGITUDE: 101 37 W
TEMPERATURE IN F: :PCPN: SNOW: WIND :SUNSHINE: SKY :PK WND
================================================================================
1 2 3 4 5 6A 6B 7 8 9 10 11 12 13 14 15 16 17 18
12Z AVG MX 2MIN
DY MAX MIN AVG DEP HDD CDD WTR SNW DPTH SPD SPD DIR MIN PSBL S-S WX SPD DR
================================================================================
1 67 24 46 2 19 0 0.00 M M 10.3 18 190 M M 0 35 170
2 82 23 53 9 12 0 0.00 M M 5.0 21 280 M M 0 35 270
3 84 34 59 14 6 0 0.00 M M 8.2 20 150 M M 0 35 140
4 86 36 61 16 4 0 0.00 M M 7.4 15 130 M M 0 22 130
5 87 40 64 19 1 0 0.00 M M 8.8 17 140 M M 0 22 170
6 63 35 49 3 16 0 0.00 M M 21.1 36 340 M M 7 51 360
7 53 35 44 -2 21 0 0.09 M M 23.8 41 350 M M 7 1 60 340
8 72 32 52 6 13 0 0.00 M M 11.4 25 320 M M 0 36 310
9 55 30 43 -3 22 0 0.00 M M 20.1 36 340 M M 4 50 340
10 67 25 46 -1 19 0 0.00 M M 7.5 13 280 M M 0 20 260
11 61 32 47 0 18 0 0.00 M M 20.2 37 340 M M 0 49 340
12 55 34 45 -2 20 0 0.00 M M 11.8 20 320 M M 6 36 320
13 54 30 42 -6 23 0 0.00 M M 11.4 21 340 M M 6 27 300
14 49 24 37 -11 28 0 0.00 M M 9.5 17 70 M M 6 31 110
15 44 33 39 -9 26 0 0.21 M M 10.9 18 120 M M 10 1 30 140
16 41 32 37 -11 28 0 0.19 M M 13.7 24 340 M M 10 1 32 360
17 49 31 40 -9 25 0 T M M 10.8 17 360 M M 7 21 340
18 67 29 48 -1 17 0 0.00 M M 9.9 21 350 M M 1 29 340
19 42 24 33 -16 32 0 0.09 M M 14.0 25 20 M M 8 1 38 30
20 42 18 30 -20 35 0 T M M 14.0 31 330 M M 3 44 330
21 46 22 34 -16 31 0 T M M 6.3 15 200 M M 3 20 360
22 65 31 48 -2 17 0 0.00 M M 14.1 35 160 M M 3 50 160
23 67 30 49 -2 16 0 T M M 9.6 18 50 M M 3 34 70
24 59 30 45 -6 20 0 0.00 M M 9.8 21 130 M M 3 35 130
25 81 36 59 7 6 0 0.00 M M 10.7 28 160 M M 0 38 150
26 86 42 64 12 1 0 0.00 M M 9.5 26 10 M M 0 35 20
27 71 43 57 5 8 0 0.72 M M 18.2 32 50 M M 7 13 55 40
28 61 45 53 0 12 0 0.20 M M 10.5 22 30 M M 7 1 36 50
29 73 41 57 4 8 0 0.00 M M 9.8 20 10 M M 0 24 20
30 83 46 65 11 0 0 0.00 M M 9.9 18 190 M M 0 31 250
================================================================================
SM 1912 967 504 0 1.50 M 358.2 M 101
================================================================================
AV 63.7 32.2 11.9 FASTST M M 3 MAX(MPH)
MISC ----> 41 350 60 340
================================================================================
NOTES:
# LAST OF SEVERAL OCCURRENCES
COLUMN 17 PEAK WIND IN M.P.H.
PRELIMINARY LOCAL CLIMATOLOGICAL DATA (WS FORM: F-6) , PAGE 2
STATION: IMPERIAL
MONTH: APRIL
YEAR: 2021
LATITUDE: 40 31 N
LONGITUDE: 101 37 W
[TEMPERATURE DATA] [PRECIPITATION DATA] SYMBOLS USED IN COLUMN 16
AVERAGE MONTHLY: 48.0 TOTAL FOR MONTH: 1.50 1 = FOG OR MIST
DPTR FM NORMAL: -0.5 DPTR FM NORMAL: -0.47 2 = FOG REDUCING VISIBILITY
HIGHEST: 87 ON 5 GRTST 24HR 0.92 ON 27-28 TO 1/4 MILE OR LESS
LOWEST: 18 ON 20 3 = THUNDER
SNOW, ICE PELLETS, HAIL 4 = ICE PELLETS
TOTAL MONTH: M 5 = HAIL
GRTST 24HR M ON M 6 = FREEZING RAIN OR DRIZZLE
GRTST DEPTH: M ON M 7 = DUSTSTORM OR SANDSTORM:
VSBY 1/2 MILE OR LESS
8 = SMOKE OR HAZE
[NO. OF DAYS WITH] [WEATHER - DAYS WITH] 9 = BLOWING SNOW
X = TORNADO
MAX 32 OR BELOW: 0 0.01 INCH OR MORE: 6
MAX 90 OR ABOVE: 0 0.10 INCH OR MORE: 4
MIN 32 OR BELOW: 17 0.50 INCH OR MORE: 1
MIN 0 OR BELOW: 0 1.00 INCH OR MORE: 0
[HDD (BASE 65) ]
TOTAL THIS MO. 504 CLEAR (SCALE 0-3) 16
DPTR FM NORMAL 8 PTCLDY (SCALE 4-7) 11
TOTAL FM JUL 1 5809 CLOUDY (SCALE 8-10) 3
DPTR FM NORMAL -58
[CDD (BASE 65) ]
TOTAL THIS MO. 0
DPTR FM NORMAL -1 [PRESSURE DATA]
TOTAL FM JAN 1 0 HIGHEST SLP 30.52 ON 1
DPTR FM NORMAL -1 LOWEST SLP 29.35 ON 26
[REMARKS]
#FINAL-04-21#