000
CXUS53 KIND 010600
CF6IND
PRELIMINARY LOCAL CLIMATOLOGICAL DATA (WS FORM: F-6)
STATION: INDIANAPOLIS IN
MONTH: JUNE
YEAR: 2021
LATITUDE: 39 43 N
LONGITUDE: 86 17 W
TEMPERATURE IN F: :PCPN: SNOW: WIND :SUNSHINE: SKY :PK WND
================================================================================
1 2 3 4 5 6A 6B 7 8 9 10 11 12 13 14 15 16 17 18
12Z AVG MX 2MIN
DY MAX MIN AVG DEP HDD CDD WTR SNW DPTH SPD SPD DIR MIN PSBL S-S WX SPD DR
================================================================================
1 75 58 67 -1 0 2 T 0.0 0 5.8 15 170 M M 9 20 160
2 70 59 65 -4 0 0 0.55 0.0 0 7.2 13 160 M M 9 13 19 150
3 75 63 69 0 0 4 0.64 0.0 0 6.6 20 160 M M 8 138 29 160
4 86 60 73 3 0 8 0.00 0.0 0 9.1 17 260 M M 3 1 23 250
5 85 62 74 4 0 9 0.00 0.0 0 8.0 17 220 M M 2 23 220
6 83 65 74 4 0 9 0.03 0.0 0 8.7 21 190 M M 7 27 180
7 82 69 76 6 0 11 0.01 0.0 0 7.9 16 140 M M 8 3 20 140
8 81 70 76 5 0 11 0.32 0.0 0 7.6 16 170 M M 8 13 20 190
9 82 70 76 5 0 11 0.29 0.0 0 7.4 13 80 M M 9 1 17 100
10 83 71 77 6 0 12 0.06 0.0 0 4.5 13 120 M M 8 14 170
11 91 68 80 8 0 15 T 0.0 0 6.5 21 260 M M 6 3 25 270
12 93 68 81 9 0 16 0.03 0.0 0 4.3 22 340 M M 5 3 31 320
13 88 68 78 6 0 13 0.00 0.0 0 9.8 20 350 M M 3 24 330
14 87 59 73 1 0 8 0.00 0.0 0 13.1 26 280 M M 3 35 290
15 81 57 69 -4 0 4 0.00 0.0 0 9.8 20 340 M M 3 26 330
16 82 57 70 -3 0 5 0.00 0.0 0 5.2 10 120 M M 2 15 120
17 85 57 71 -2 0 6 0.00 0.0 0 5.3 14 170 M M 3 17 200
18 93 68 81 8 0 16 0.67 0.0 0 13.5 26 210 M M 7 13 36 220
19 83 67 75 1 0 10 2.16 0.0 M 10.5 26 210 M M 9 13 34 210
20 87 72 80 6 0 15 0.03 0.0 0 11.0 18 200 M M 7 3 25 200
21 79 62 71 -3 0 6 0.05 0.0 0 14.2 26 230 M M 9 3 38 220
22 72 53 63 -11 2 0 0.00 0.0 0 7.7 16 10 M M 4 21 280
23 77 58 68 -6 0 3 0.00 0.0 0 10.1 20 170 M M 6 26 150
24 80 61 71 -3 0 6 0.29 0.0 0 10.6 20 200 M M 6 13 24 190
25 80 70 75 0 0 10 0.24 0.0 0 13.0 18 180 M M 9 1 33 160
26 85 74 80 5 0 15 0.00 0.0 0 17.6 26 180 M M 7 37 180
27 88 72 80 5 0 15 0.64 0.0 0 10.6 41 210 M M 6 13 59 230
28 90 71 81 6 0 16 0.07 0.0 0 5.7 31 200 M M 5 3 38 200
29 92 73 83 8 0 18 0.00 0.0 0 5.8 17 320 M M 7 21 320
30 79 70 75 0 0 10 1.43 0.0 0 6.1 22 260 M M 9 13 29 260
================================================================================
SM 2494 1952 2 284 7.51 0.0 263.2 M 187
================================================================================
AV 83.1 65.1 8.8 FASTST M M 6 MAX(MPH)
MISC ----> 41 210 59 230
================================================================================
NOTES:
# LAST OF SEVERAL OCCURRENCES
COLUMN 17 PEAK WIND IN M.P.H.
PRELIMINARY LOCAL CLIMATOLOGICAL DATA (WS FORM: F-6) , PAGE 2
STATION: INDIANAPOLIS IN
MONTH: JUNE
YEAR: 2021
LATITUDE: 39 43 N
LONGITUDE: 86 17 W
[TEMPERATURE DATA] [PRECIPITATION DATA] SYMBOLS USED IN COLUMN 16
AVERAGE MONTHLY: 74.1 TOTAL FOR MONTH: 7.51 1 = FOG OR MIST
DPTR FM NORMAL: 1.6 DPTR FM NORMAL: 2.56 2 = FOG REDUCING VISIBILITY
HIGHEST: 93 ON 18,12 GRTST 24HR 2.83 ON 18-19 TO 1/4 MILE OR LESS
LOWEST: 53 ON 22 3 = THUNDER
SNOW, ICE PELLETS, HAIL 4 = ICE PELLETS
TOTAL MONTH: 0.0 INCH 5 = HAIL
GRTST 24HR 0.0 6 = FREEZING RAIN OR DRIZZLE
GRTST DEPTH: 0 7 = DUSTSTORM OR SANDSTORM:
VSBY 1/2 MILE OR LESS
8 = SMOKE OR HAZE
[NO. OF DAYS WITH] [WEATHER - DAYS WITH] 9 = BLOWING SNOW
X = TORNADO
MAX 32 OR BELOW: 0 0.01 INCH OR MORE: 17
MAX 90 OR ABOVE: 5 0.10 INCH OR MORE: 10
MIN 32 OR BELOW: 0 0.50 INCH OR MORE: 6
MIN 0 OR BELOW: 0 1.00 INCH OR MORE: 2
[HDD (BASE 65) ]
TOTAL THIS MO. 2 CLEAR (SCALE 0-3) 6
DPTR FM NORMAL -12 PTCLDY (SCALE 4-7) 14
TOTAL FM JUL 1 5056 CLOUDY (SCALE 8-10) 10
DPTR FM NORMAL -191
[CDD (BASE 65) ]
TOTAL THIS MO. 284
DPTR FM NORMAL 47 [PRESSURE DATA]
TOTAL FM JAN 1 376 HIGHEST SLP M ON M
DPTR FM NORMAL 37 LOWEST SLP 29.56 ON 21
[REMARKS]
#FINAL-06-21#