000
CXUS54 KFWD 010730
CF6INJ
PRELIMINARY LOCAL CLIMATOLOGICAL DATA (WS FORM: F-6)
STATION: HILLSBORO
MONTH: MARCH
YEAR: 2020
LATITUDE: 32 0 N
LONGITUDE: 97 6 W
TEMPERATURE IN F: :PCPN: SNOW: WIND :SUNSHINE: SKY :PK WND
================================================================================
1 2 3 4 5 6A 6B 7 8 9 10 11 12 13 14 15 16 17 18
12Z AVG MX 2MIN
DY MAX MIN AVG DEP HDD CDD WTR SNW DPTH SPD SPD DIR MIN PSBL S-S WX SPD DR
================================================================================
1 71 55 63 9 2 0 0.00 0.0 0 16.3 25 180 M M 4 32 180
2 70 60 65 11 0 0 0.00 0.0 0 7.1 13 180 M M 7 M M
3 73 59 66 12 0 1 M 0.0 0 4.3 15 30 M M 4 1 M M
4 63 50 57 3 8 0 1.01 0.0 0 17.3 29 50 M M 10 3 40 50
5 71 42 57 2 8 0 0.00 0.0 0 8.1 15 340 M M 2 20 340
6 65 39 52 -3 13 0 0.00 0.0 0 7.7 14 50 M M 0 20 40
7 61 47 54 -1 11 0 0.00 0.0 0 11.0 16 140 M M 1 18 120
8 71 46 59 3 6 0 M 0.0 0 14.3 22 160 M M 6 29 160
9 70 60 65 9 0 0 0.03 0.0 0 14.7 22 150 M M 8 1 30 150
10 76 57 67 11 0 2 0.00 0.0 0 5.8 15 170 M M 6 12 M M
11 82 65 74 18 0 9 0.00 0.0 0 12.0 16 180 M M 4 25 180
12 83 66 75 18 0 10 0.00 0.0 0 13.4 18 170 M M 3 24 180
13 78 65 72 15 0 7 0.53 0.0 0 7.3 15 130 M M 7 13 18 150
14 75 56 66 9 0 1 0.01 0.0 0 12.1 21 140 M M 9 1 31 140
15 62 53 58 1 7 0 0.01 0.0 0 10.2 14 360 M M 10 13 20 360
16 69 53 61 3 4 0 0.14 0.0 0 8.0 18 90 M M 7 1 24 90
17 77 62 70 12 0 5 0.10 0.0 0 9.3 15 120 M M 10 12 M M
18 77 68 73 15 0 8 0.00 0.0 0 13.2 18 150 M M 8 3 24 150
19 80 67 74 16 0 9 0.85 0.0 0 15.7 24 140 M M 7 3 32 140
20 69 43 56 -3 9 0 0.61 0.0 0 11.1 21 350 M M 8 3 29 340
21 54 41 48 -11 17 0 0.83 0.0 0 7.1 15 90 M M 8 3 31 90
22 60 53 57 -2 8 0 0.08 0.0 0 2.5 6 140 M M 10 12 M M
23 71 60 66 6 0 1 0.01 0.0 0 5.5 13 100 M M 10 12 M M
24 83 57 70 10 0 5 0.00 0.0 0 8.4 16 210 M M 3 18 210
25 85 52 69 9 0 4 0.00 0.0 0 7.1 17 150 M M 0 M M
26 79 64 72 12 0 7 0.00 0.0 0 13.9 21 170 M M 2 1 28 170
27 83 66 75 14 0 10 0.00 0.0 0 13.1 21 190 M M 5 28 170
28 74 52 63 2 2 0 0.00 0.0 0 10.3 28 290 M M 2 35 290
29 70 47 59 -2 6 0 0.00 0.0 0 5.7 15 60 M M 3 8 18 80
30 64 56 60 -1 5 0 0.35 0.0 0 9.0 17 80 M M 10 138 27 80
31 67 53 60 -2 5 0 0.00 0.0 0 10.1 21 340 M M 6 1 25 330
================================================================================
SM 2233 1714 111 79 4.56 0.0 311.6 M 180
================================================================================
AV 72.0 55.3 10.1 FASTST M M 6 MAX(MPH)
MISC ----> # 29 50 # 40 50
================================================================================
NOTES:
# LAST OF SEVERAL OCCURRENCES
COLUMN 17 PEAK WIND IN M.P.H.
PRELIMINARY LOCAL CLIMATOLOGICAL DATA (WS FORM: F-6) , PAGE 2
STATION: HILLSBORO
MONTH: MARCH
YEAR: 2020
LATITUDE: 32 0 N
LONGITUDE: 97 6 W
[TEMPERATURE DATA] [PRECIPITATION DATA] SYMBOLS USED IN COLUMN 16
AVERAGE MONTHLY: 63.7 TOTAL FOR MONTH: 4.56 1 = FOG OR MIST
DPTR FM NORMAL: 6.0 DPTR FM NORMAL: 0.78 2 = FOG REDUCING VISIBILITY
HIGHEST: 85 ON 25 GRTST 24HR 1.01 ON 4- 4 TO 1/4 MILE OR LESS
LOWEST: 39 ON 6 3 = THUNDER
SNOW, ICE PELLETS, HAIL 4 = ICE PELLETS
TOTAL MONTH: 0.0 INCH 5 = HAIL
GRTST 24HR 0.0 6 = FREEZING RAIN OR DRIZZLE
GRTST DEPTH: 0 7 = DUSTSTORM OR SANDSTORM:
VSBY 1/2 MILE OR LESS
8 = SMOKE OR HAZE
[NO. OF DAYS WITH] [WEATHER - DAYS WITH] 9 = BLOWING SNOW
X = TORNADO
MAX 32 OR BELOW: 0 0.01 INCH OR MORE: 13
MAX 90 OR ABOVE: 0 0.10 INCH OR MORE: 8
MIN 32 OR BELOW: 0 0.50 INCH OR MORE: 5
MIN 0 OR BELOW: 0 1.00 INCH OR MORE: 1
[HDD (BASE 65) ]
TOTAL THIS MO. 111 CLEAR (SCALE 0-3) 8
DPTR FM NORMAL -146 PTCLDY (SCALE 4-7) 16
TOTAL FM JUL 1 1881 CLOUDY (SCALE 8-10) 7
DPTR FM NORMAL -236
[CDD (BASE 65) ]
TOTAL THIS MO. 79
DPTR FM NORMAL 50 [PRESSURE DATA]
TOTAL FM JAN 1 89 HIGHEST SLP M ON M
DPTR FM NORMAL 52 LOWEST SLP M ON M
[REMARKS]
#FINAL-03-20#