000
CXUS56 KFGZ 010900
CF6INW
PRELIMINARY LOCAL CLIMATOLOGICAL DATA (WS FORM: F-6)
STATION: WINSLOW AZ AIRPORT
MONTH: JULY
YEAR: 2020
LATITUDE: 35 1 N
LONGITUDE: 110 44 W
TEMPERATURE IN F: :PCPN: SNOW: WIND :SUNSHINE: SKY :PK WND
================================================================================
1 2 3 4 5 6A 6B 7 8 9 10 11 12 13 14 15 16 17 18
12Z AVG MX 2MIN
DY MAX MIN AVG DEP HDD CDD WTR SNW DPTH SPD SPD DIR MIN PSBL S-S WX SPD DR
================================================================================
1 91 51 71 -6 0 6 0.00 M M 12.3 26 220 M M 0 36 230
2 93 57 75 -2 0 10 0.00 M M 6.3 20 200 M M 2 24 190
3 91 63 77 0 0 12 T M M 6.0 28 330 M M 5 3 35 330
4 96 54 75 -3 0 10 0.07 M M 6.2 25 320 M M 1 44 330
5 99 59 79 1 0 14 0.00 M M 7.8 21 260 M M 0 25 270
6 102 59 81 3 0 16 0.00 M M 9.2 24 220 M M 0 34 200
7 99 57 78 0 0 13 0.00 M M 12.1 30 250 M M 0 40 250
8 100 67 84 6 0 19 0.00 M M 13.1 30 260 M M 0 37 260
9 101 65 83 5 0 18 0.00 M M 13.5 26 250 M M 0 34 230
10 102 62 82 4 0 17 T M M 7.0 30 250 M M 0 3 39 30
11 105 68 87 9 0 22 0.00 M M 8.8 35 230 M M 0 42 230
12 105 65 85 7 0 20 0.00 M M 6.9 36 240 M M 0 42 240
13 102 71 87 9 0 22 0.00 M M 14.6 31 230 M M 0 40 260
14 101 70 86 7 0 21 0.00 M M 13.9 26 250 M M 0 33 240
15 101 65 83 4 0 18 0.03 M M 7.5 24 120 M M 0 3 30 110
16 93 65 79 0 0 14 0.00 M M 9.1 33 240 M M 2 39 240
17 91 68 80 1 0 15 0.00 M M 8.7 31 150 M M 3 36 170
18 100 63 82 3 0 17 0.00 M M 7.7 25 280 M M 1 32 280
19 103 66 85 6 0 20 0.00 M M 6.2 15 230 M M 0 20 230
20 98 71 85 6 0 20 0.00 0.0 0 9.9 28 180 M M 1 35 160
21 94 71 83 4 0 18 T M M 11.4 33 220 M M 1 40 250
22 93 67 80 2 0 15 0.01 M M 8.4 21 200 M M 3 25 200
23 90 65 78 0 0 13 T 0.0 0 6.1 29 160 M M 1 34 160
24 88 63 76 -2 0 11 0.09 M M 6.6 24 250 M M 7 29 250
25 90 63 77 -1 0 12 0.01 M M 5.2 18 220 M M 3 23 240
26 95 60 78 0 0 13 T M M 8.4 26 270 M M 2 3 34 270
27 96 65 81 3 0 16 0.10 M M 7.9 28 170 M M 2 3 35 170
28 99 60 80 2 0 15 0.00 M M 4.9 15 320 M M 1 19 260
29 103 63 83 5 0 18 0.00 M M 5.7 16 320 M M 1 21 80
30 105 60 83 5 0 18 0.00 M M 5.0 17 340 M M 0 22 350
31 105 57 81 3 0 16 0.00 M M 5.8 20 240 M M 0 24 250
================================================================================
SM 3031 1960 0 489 0.31 0.0 262.2 M 36
================================================================================
AV 97.8 63.2 8.5 FASTST M M 1 MAX(MPH)
MISC ----> # 36 240 # 44 330
================================================================================
NOTES:
# LAST OF SEVERAL OCCURRENCES
COLUMN 17 PEAK WIND IN M.P.H.
PRELIMINARY LOCAL CLIMATOLOGICAL DATA (WS FORM: F-6) , PAGE 2
STATION: WINSLOW AZ AIRPORT
MONTH: JULY
YEAR: 2020
LATITUDE: 35 1 N
LONGITUDE: 110 44 W
[TEMPERATURE DATA] [PRECIPITATION DATA] SYMBOLS USED IN COLUMN 16
AVERAGE MONTHLY: 80.5 TOTAL FOR MONTH: 0.31 1 = FOG OR MIST
DPTR FM NORMAL: 2.3 DPTR FM NORMAL: -0.73 2 = FOG REDUCING VISIBILITY
HIGHEST: 105 ON 31,30 GRTST 24HR 0.10 ON 27-27 TO 1/4 MILE OR LESS
LOWEST: 51 ON 1 3 = THUNDER
SNOW, ICE PELLETS, HAIL 4 = ICE PELLETS
TOTAL MONTH: 0.0 INCH 5 = HAIL
GRTST 24HR 0.0 6 = FREEZING RAIN OR DRIZZLE
GRTST DEPTH: 0 7 = DUSTSTORM OR SANDSTORM:
VSBY 1/2 MILE OR LESS
8 = SMOKE OR HAZE
[NO. OF DAYS WITH] [WEATHER - DAYS WITH] 9 = BLOWING SNOW
X = TORNADO
MAX 32 OR BELOW: 0 0.01 INCH OR MORE: 6
MAX 90 OR ABOVE: 30 0.10 INCH OR MORE: 1
MIN 32 OR BELOW: 0 0.50 INCH OR MORE: 0
MIN 0 OR BELOW: 0 1.00 INCH OR MORE: 0
[HDD (BASE 65) ]
TOTAL THIS MO. 0 CLEAR (SCALE 0-3) 29
DPTR FM NORMAL 0 PTCLDY (SCALE 4-7) 2
TOTAL FM JUL 1 0 CLOUDY (SCALE 8-10) 0
DPTR FM NORMAL 0
[CDD (BASE 65) ]
TOTAL THIS MO. 489
DPTR FM NORMAL 80 [PRESSURE DATA]
TOTAL FM JAN 1 906 HIGHEST SLP M ON M
DPTR FM NORMAL 189 LOWEST SLP 29.81 ON 21
[REMARKS]
#FINAL-07-20#