000
CXUS53 KDVN 011624
CLSIOW
CLIMATE REPORT
NATIONAL WEATHER SERVICE QUAD CITIES IA IL
1030 AM CST TUE MAR 01 2022
...................................
...THE IOWA CITY IA CLIMATE SUMMARY FOR THE SEASON, FROM
12/1/2021 TO 2/28/2022...
CLIMATE NORMAL PERIOD 1991 TO 2020
CLIMATE RECORD PERIOD 9999 TO 9999
WEATHER OBSERVED NORMAL DEPART LAST YEAR`S
VALUE DATE(S) VALUE FROM VALUE
NORMAL
..............................................................
TEMPERATURE (F)
HIGHEST 75 12/15 40 35
LOWEST -9 01/21 14 -23
01/26
AVG. MAXIMUM 35.4 34.2 1.2
AVG. MINIMUM 14.2 17.7 -3.5
MEAN 24.8 26.0 -1.2
DAYS MAX >= 90 0
DAYS MAX <= 32 39
DAYS MIN <= 32 88
DAYS MIN <= 0 10
PRECIPITATION (INCHES)
TOTALS 2.07 3.70 -1.63
DAILY AVG. 0.02 0.04 -0.02
DAYS >= .01 15
DAYS >= .10 6
DAYS >= .50 1
DAYS >= 1.00 0
GREATEST
24 HR. TOTAL 0.56 12/28 TO 12/28
DEGREE DAYS
HEATING TOTAL 3588 3514 74
SINCE 7/1 4606 4745 -139
COOLING TOTAL 0 0 0
SINCE 1/1 0 0 0
..............................................................
WIND (MPH)
AVERAGE WIND SPEED 9.5
HIGHEST WIND SPEED/DIRECTION 40/220 DATE 12/15
40/260 12/16
HIGHEST GUST SPEED/DIRECTION 70/220 DATE 12/15
SKY COVER
POSSIBLE SUNSHINE (PERCENT) MM
AVERAGE SKY COVER 0.35
NUMBER OF DAYS FAIR 49
NUMBER OF DAYS PC 30
NUMBER OF DAYS CLOUDY 11
AVERAGE RH (PERCENT) 65
WEATHER CONDITIONS. NUMBER OF DAYS WITH
THUNDERSTORM 4 HAIL 0
SLEET 0 FOG 18
FOG W/VIS <= 1/4 MILE 2 HAZE 19
- INDICATES NEGATIVE NUMBERS.
R INDICATES RECORD WAS SET OR TIED.
MM INDICATES DATA IS MISSING.
T INDICATES TRACE AMOUNT.
$$
NOTE: SUPPLEMENTAL CLIMATE DATA WAS USED FROM A NEARBY
CLIMATOLOGICALLY REPRESENTATIVE STATION.