000
CXUS53 KDVN 011016
CLSIOW
CLIMATE REPORT
NATIONAL WEATHER SERVICE QUAD CITIES IA IL
516 AM CDT THU SEP 01 2022
...................................
...THE IOWA CITY IA CLIMATE SUMMARY FOR THE SEASON, FROM
6/1/2022 TO 8/31/2022...
CLIMATE NORMAL PERIOD 1991 TO 2020
CLIMATE RECORD PERIOD 9999 TO 9999
WEATHER OBSERVED NORMAL DEPART LAST YEAR`S
VALUE DATE(S) VALUE FROM VALUE
NORMAL
..............................................................
TEMPERATURE (F)
HIGHEST 98 06/14 85 13
06/21
07/23
LOWEST 54 06/02 57 -3
06/03
AVG. MAXIMUM 85.3 84.1 1.2
AVG. MINIMUM 63.9 63.8 0.1
MEAN 74.6 73.9 0.7
DAYS MAX >= 90 19
DAYS MAX <= 32 0
DAYS MIN <= 32 0
DAYS MIN <= 0 0
PRECIPITATION (INCHES)
TOTALS 9.96 13.14 -3.18
DAILY AVG. 0.11 0.14 -0.03
DAYS >= .01 28
DAYS >= .10 19
DAYS >= .50 7
DAYS >= 1.00 2
GREATEST
24 HR. TOTAL 2.14 06/25 TO 06/25
DEGREE DAYS
HEATING TOTAL 0 18 -18
SINCE 7/1 0 2 -2
COOLING TOTAL 908 838 70
SINCE 1/1 1044 919 125
..............................................................
WIND (MPH)
AVERAGE WIND SPEED 6.8
HIGHEST WIND SPEED/DIRECTION 38/270 DATE 06/21
HIGHEST GUST SPEED/DIRECTION 51/300 DATE 08/02
SKY COVER
POSSIBLE SUNSHINE (PERCENT) MM
AVERAGE SKY COVER 0.25
NUMBER OF DAYS FAIR 64
NUMBER OF DAYS PC 22
NUMBER OF DAYS CLOUDY 6
AVERAGE RH (PERCENT) 65
WEATHER CONDITIONS. NUMBER OF DAYS WITH
THUNDERSTORM 20 HAIL 0
SLEET 0 FOG 22
FOG W/VIS <= 1/4 MILE 3 HAZE 9
- INDICATES NEGATIVE NUMBERS.
R INDICATES RECORD WAS SET OR TIED.
MM INDICATES DATA IS MISSING.
T INDICATES TRACE AMOUNT.
$$