000
CXUS51 KCTP 010800
CF6IPT
PRELIMINARY LOCAL CLIMATOLOGICAL DATA (WS FORM: F-6)
STATION: WILLIAMSPORT PA
MONTH: MAY
YEAR: 2022
LATITUDE: 41 15 N
LONGITUDE: 76 55 W
TEMPERATURE IN F: :PCPN: SNOW: WIND :SUNSHINE: SKY :PK WND
================================================================================
1 2 3 4 5 6A 6B 7 8 9 10 11 12 13 14 15 16 17 18
12Z AVG MX 2MIN
DY MAX MIN AVG DEP HDD CDD WTR SNW DPTH SPD SPD DIR MIN PSBL S-S WX SPD DR
================================================================================
1 65 34 50 -6 15 0 0.17 0.0 0 5.7 16 220 M M 6 1 24 190
2 69 47 58 2 7 0 0.03 0.0 0 5.4 17 260 M M 6 1 23 260
3 70 43 57 0 8 0 0.38 0.0 0 5.6 25 170 M M 2 34 160
4 65 53 59 2 6 0 0.12 0.0 0 6.5 21 160 M M 10 1 29 180
5 73 47 60 2 5 0 0.00 0.0 0 3.0 9 100 M M 2 12 320
6 58 50 54 -4 11 0 1.14 0.0 0 4.4 13 100 M M 10 1 16 100
7 52 46 49 -9 16 0 0.61 0.0 0 2.8 13 90 M M 10 1 16 90
8 69 38 54 -4 11 0 0.00 0.0 0 4.5 15 60 M M 3 12 20 60
9 75 36 56 -3 9 0 0.00 0.0 0 3.3 13 60 M M 0 16 90
10 78 37 58 -1 7 0 0.00 0.0 0 2.3 12 80 M M 0 14 120
11 81 42 62 3 3 0 0.00 0.0 0 2.4 9 170 M M 0 12 120
12 82 45 64 4 1 0 0.00 0.0 0 4.4 13 160 M M 0 19 150
13 80 57 69 9 0 4 T 0.0 0 4.9 17 140 M M 6 23 120
14 79 64 72 12 0 7 0.24 0.0 0 4.9 18 130 M M 9 13 23 130
15 78 63 71 11 0 6 0.01 0.0 0 3.6 15 170 M M 6 3 22 180
16 74 52 63 2 2 0 0.34 0.0 0 7.0 26 290 M M 7 1238 33 270
17 75 47 61 0 4 0 0.00 0.0 0 8.8 24 290 M M 3 12 31 290
18 69 43 56 -5 9 0 0.11 0.0 0 5.1 13 140 M M 3 18 140
19 79 54 67 5 0 2 0.07 0.0 0 6.2 18 290 M M 7 25 310
20 79 50 65 3 0 0 0.04 0.0 0 5.5 20 240 M M 4 28 200
21 93 60 77 15 0 12 0.00 0.0 0 5.2 18 190 M M 4 12 28 190
22 88 57 73 11 0 8 0.10 0.0 0 6.8 33 280 M M 3 138 46 290
23 69 49 59 -4 6 0 0.00 0.0 0 4.2 14 20 M M 3 19 20
24 66 51 59 -4 6 0 0.00 0.0 0 2.4 12 140 M M 9 16 120
25 74 52 63 0 2 0 0.00 0.0 0 5.6 18 130 M M 2 26 140
26 69 60 65 1 0 0 0.00 0.0 0 7.9 20 210 M M 8 27 140
27 73 65 69 5 0 4 0.44 0.0 0 6.7 20 280 M M 8 138 26 110
28 78 57 68 4 0 3 0.07 0.0 0 7.5 18 290 M M 8 1 22 290
29 80 53 67 3 0 2 0.00 0.0 0 3.6 9 170 M M 2 15 200
30 90 55 73 8 0 8 0.00 0.0 0 2.5 12 270 M M 0 16 280
31 92 62 77 12 0 12 0.00 0.0 0 4.6 14 260 M M 1 20 310
================================================================================
SM 2322 1569 128 68 3.87 0.0 153.3 M 142
================================================================================
AV 74.9 50.6 4.9 FASTST M M 5 MAX(MPH)
MISC ----> 33 280 46 290
================================================================================
NOTES:
# LAST OF SEVERAL OCCURRENCES
COLUMN 17 PEAK WIND IN M.P.H.
PRELIMINARY LOCAL CLIMATOLOGICAL DATA (WS FORM: F-6) , PAGE 2
STATION: WILLIAMSPORT PA
MONTH: MAY
YEAR: 2022
LATITUDE: 41 15 N
LONGITUDE: 76 55 W
[TEMPERATURE DATA] [PRECIPITATION DATA] SYMBOLS USED IN COLUMN 16
AVERAGE MONTHLY: 62.8 TOTAL FOR MONTH: 3.87 1 = FOG OR MIST
DPTR FM NORMAL: 2.0 DPTR FM NORMAL: 0.01 2 = FOG REDUCING VISIBILITY
HIGHEST: 93 ON 21 GRTST 24HR 1.39 ON 6- 7 TO 1/4 MILE OR LESS
LOWEST: 34 ON 1 3 = THUNDER
SNOW, ICE PELLETS, HAIL 4 = ICE PELLETS
TOTAL MONTH: 0.0 INCH 5 = HAIL
GRTST 24HR 0.0 6 = FREEZING RAIN OR DRIZZLE
GRTST DEPTH: 0 7 = DUSTSTORM OR SANDSTORM:
VSBY 1/2 MILE OR LESS
8 = SMOKE OR HAZE
[NO. OF DAYS WITH] [WEATHER - DAYS WITH] 9 = BLOWING SNOW
X = TORNADO
MAX 32 OR BELOW: 0 0.01 INCH OR MORE: 15
MAX 90 OR ABOVE: 3 0.10 INCH OR MORE: 10
MIN 32 OR BELOW: 0 0.50 INCH OR MORE: 2
MIN 0 OR BELOW: 0 1.00 INCH OR MORE: 1
[HDD (BASE 65) ]
TOTAL THIS MO. 128 CLEAR (SCALE 0-3) 13
DPTR FM NORMAL -52 PTCLDY (SCALE 4-7) 13
TOTAL FM JUL 1 5318 CLOUDY (SCALE 8-10) 5
DPTR FM NORMAL -427
[CDD (BASE 65) ]
TOTAL THIS MO. 68
DPTR FM NORMAL 20 [PRESSURE DATA]
TOTAL FM JAN 1 68 HIGHEST SLP 30.42 ON 10
DPTR FM NORMAL 14 LOWEST SLP 29.56 ON 16
[REMARKS]
#FINAL-05-22#