000
CXUS51 KCTP 011239
CF6IPT
PRELIMINARY LOCAL CLIMATOLOGICAL DATA (WS FORM: F-6)
STATION: WILLIAMSPORT PA
MONTH: MAY
YEAR: 2021
LATITUDE: 41 15 N
LONGITUDE: 76 55 W
TEMPERATURE IN F: :PCPN: SNOW: WIND :SUNSHINE: SKY :PK WND
================================================================================
1 2 3 4 5 6A 6B 7 8 9 10 11 12 13 14 15 16 17 18
12Z AVG MX 2MIN
DY MAX MIN AVG DEP HDD CDD WTR SNW DPTH SPD SPD DIR MIN PSBL S-S WX SPD DR
================================================================================
1 67 40 54 -2 11 0 0.00 0.0 0 9.7 21 290 M M 2 29 310
2 84 46 65 9 0 0 0.00 0.0 0 7.7 23 260 M M 2 30 270
3 70 55 63 6 2 0 0.11 0.0 0 4.7 13 80 M M 7 18 20 130
4 80 57 69 12 0 4 0.43 0.0 0 2.9 30 310 M M 9 138 41 310
5 64 50 57 -1 8 0 0.32 0.0 0 6.9 20 300 M M 10 1 27 280
6 64 43 54 -4 11 0 T 0.0 0 7.5 15 350 M M 4 20 360
7 59 37 48 -10 17 0 0.32 0.0 0 4.7 15 170 M M 7 1 21 130
8 57 43 50 -8 15 0 0.02 0.0 0 8.2 22 290 M M 9 28 290
9 51 37 44 -15 21 0 0.81 0.0 0 4.6 12 90 M M 6 1 16 130
10 64 43 54 -5 11 0 0.03 0.0 0 6.6 20 290 M M 7 1 27 290
11 63 39 51 -8 14 0 0.00 0.0 0 7.3 21 310 M M 4 28 300
12 67 37 52 -8 13 0 0.00 0.0 0 7.3 17 340 M M 3 23 360
13 70 36 53 -7 12 0 0.00 0.0 0 4.0 16 260 M M 2 21 280
14 74 37 56 -4 9 0 0.00 0.0 0 2.5 9 250 M M 1 12 230
15 73 42 58 -2 7 0 0.00 0.0 0 2.1 10 310 M M 3 13 320
16 70 45 58 -3 7 0 0.00 0.0 0 3.5 15 270 M M 3 20 260
17 74 42 58 -3 7 0 0.00 0.0 0 3.3 15 150 M M 0 1 23 150
18 83 45 64 3 1 0 0.00 0.0 0 3.1 12 180 M M 1 15 160
19 87 48 68 6 0 3 0.00 0.0 0 3.4 9 180 M M 0 12 190
20 89 54 72 10 0 7 0.00 0.0 0 5.7 18 170 M M 0 24 170
21 89 57 73 11 0 8 0.00 0.0 0 5.6 14 160 M M 0 20 170
22 89 60 75 13 0 10 0.00 0.0 0 5.8 17 290 M M 2 24 300
23 91 63 77 14 0 12 0.00 0.0 0 9.6 20 280 M M 4 27 280
24 67 54 61 -2 4 0 0.00 0.0 0 4.5 14 180 M M 8 8 21 150
25 74 57 66 3 0 1 0.00 0.0 0 4.3 16 150 M M 7 22 150
26 88 58 73 9 0 8 0.08 0.0 0 6.2 23 290 M M 4 138 28 290
27 81 58 70 6 0 5 0.00 0.0 0 7.9 21 300 M M 0 30 290
28 63 50 57 -7 8 0 0.82 0.0 0 4.4 15 70 M M 6 1 20 90
29 52 46 49 -15 16 0 0.47 0.0 0 4.1 13 40 M M 10 18 17 50
30 53 48 51 -14 14 0 0.07 0.0 0 3.2 10 80 M M 10 1 13 70
31 76 50 63 -2 2 0 0.05 0.0 0 6.4 14 270 M M 1 17 330
================================================================================
SM 2233 1477 210 58 3.53 0.0 167.7 M 132
================================================================================
AV 72.0 47.6 5.4 FASTST M M 4 MAX(MPH)
MISC ----> 30 310 41 310
================================================================================
NOTES:
# LAST OF SEVERAL OCCURRENCES
COLUMN 17 PEAK WIND IN M.P.H.
PRELIMINARY LOCAL CLIMATOLOGICAL DATA (WS FORM: F-6) , PAGE 2
STATION: WILLIAMSPORT PA
MONTH: MAY
YEAR: 2021
LATITUDE: 41 15 N
LONGITUDE: 76 55 W
[TEMPERATURE DATA] [PRECIPITATION DATA] SYMBOLS USED IN COLUMN 16
AVERAGE MONTHLY: 59.8 TOTAL FOR MONTH: 3.53 1 = FOG OR MIST
DPTR FM NORMAL: -1.0 DPTR FM NORMAL: -0.33 2 = FOG REDUCING VISIBILITY
HIGHEST: 91 ON 23 GRTST 24HR 1.29 ON 28-29 TO 1/4 MILE OR LESS
LOWEST: 36 ON 13 3 = THUNDER
SNOW, ICE PELLETS, HAIL 4 = ICE PELLETS
TOTAL MONTH: 0.0 INCH 5 = HAIL
GRTST 24HR 0.0 6 = FREEZING RAIN OR DRIZZLE
GRTST DEPTH: 0 7 = DUSTSTORM OR SANDSTORM:
VSBY 1/2 MILE OR LESS
8 = SMOKE OR HAZE
[NO. OF DAYS WITH] [WEATHER - DAYS WITH] 9 = BLOWING SNOW
X = TORNADO
MAX 32 OR BELOW: 0 0.01 INCH OR MORE: 12
MAX 90 OR ABOVE: 1 0.10 INCH OR MORE: 7
MIN 32 OR BELOW: 0 0.50 INCH OR MORE: 2
MIN 0 OR BELOW: 0 1.00 INCH OR MORE: 0
[HDD (BASE 65) ]
TOTAL THIS MO. 210 CLEAR (SCALE 0-3) 15
DPTR FM NORMAL 30 PTCLDY (SCALE 4-7) 11
TOTAL FM JUL 1 5354 CLOUDY (SCALE 8-10) 5
DPTR FM NORMAL -391
[CDD (BASE 65) ]
TOTAL THIS MO. 58
DPTR FM NORMAL 10 [PRESSURE DATA]
TOTAL FM JAN 1 59 HIGHEST SLP M ON M
DPTR FM NORMAL 5 LOWEST SLP 29.60 ON 4
[REMARKS]
#FINAL-05-21#
CORRECTED MISSING/INCORRECT SNOWFALL DATA.